57.141.6.39 - - [07/Mar/2026:06:40:41 -0600] "GET /shop/?filter_color=style-b-3pcs,style-f-1pc,style-d-1pc,style-e-2pcs,style-c-2pcs,style-a-1pc,style-b-2pcs,style-c-3pcs HTTP/1.1" 200 166685 "-" "meta-externalagent/1.1 (+https://developers.facebook.com/docs/sharing/webmasters/crawler)" cozeellc.com 162.144.4.212
57.141.6.39 - - [07/Mar/2026:06:40:41 -0600] "GET /shop/?filter_color=style-b-3pcs,style-f-1pc,style-d-1pc,style-e-2pcs,style-c-2pcs,style-a-1pc,style-b-2pcs,style-c-3pcs HTTP/2.0" 200 166685 "-" "meta-externalagent/1.1 (+https://developers.facebook.com/docs/sharing/webmasters/crawler)" cozeellc.com 162.144.4.212
57.141.6.36 - - [07/Mar/2026:06:40:41 -0600] "GET /shop/?orderby=date&filter_color=zyq-1103%2Czyq-1100&filter_size=xxxl,xxl,xl,4xl,s,l HTTP/1.1" 200 162592 "-" "meta-externalagent/1.1 (+https://developers.facebook.com/docs/sharing/webmasters/crawler)" cozeellc.com 162.144.4.212
57.141.6.36 - - [07/Mar/2026:06:40:41 -0600] "GET /shop/?orderby=date&filter_color=zyq-1103%2Czyq-1100&filter_size=xxxl,xxl,xl,4xl,s,l HTTP/2.0" 200 162592 "-" "meta-externalagent/1.1 (+https://developers.facebook.com/docs/sharing/webmasters/crawler)" cozeellc.com 162.144.4.212
93.180.224.117 - - [07/Mar/2026:06:40:42 -0600] "GET /product-category/health-beauty/?filter_color=style-a-3pcs%2Cstyle-b-3pcs%2Cstyle-b-2pcs%2Cstyle-a-1pc%2Cstyle-b-1pc%2Cstyle-c-3pcs%2Cstyle-c-1pc%2Cstyle-d-2pcs&orderby=price HTTP/1.1" 200 33864 "-" "Mozilla/5.0 (Linux; Android 5.0; SM-G900P Build/LRX21T) AppleWebKit/537.36 (KHTML, like Gecko) Chrome/60.0.1999.1367 Mobile Safari/537.36" cozeellc.com 162.144.4.212
93.180.224.117 - - [07/Mar/2026:06:40:42 -0600] "GET /product-category/health-beauty/?filter_color=style-a-3pcs%2Cstyle-b-3pcs%2Cstyle-b-2pcs%2Cstyle-a-1pc%2Cstyle-b-1pc%2Cstyle-c-3pcs%2Cstyle-c-1pc%2Cstyle-d-2pcs&orderby=price HTTP/2.0" 200 33864 "-" "Mozilla/5.0 (Linux; Android 5.0; SM-G900P Build/LRX21T) AppleWebKit/537.36 (KHTML, like Gecko) Chrome/60.0.1999.1367 Mobile Safari/537.36" cozeellc.com 162.144.4.212
216.73.216.122 - - [07/Mar/2026:06:40:44 -0600] "GET /product-category/health-beauty/page/1/?add_to_compare=4968 HTTP/2.0" 301 - "-" "Mozilla/5.0 AppleWebKit/537.36 (KHTML, like Gecko; compatible; ClaudeBot/1.0; +claudebot@anthropic.com)" cozeellc.com 162.144.4.212
216.73.216.122 - - [07/Mar/2026:06:40:44 -0600] "GET /product-category/health-beauty/page/1/?add_to_compare=4968 HTTP/1.1" 301 - "-" "Mozilla/5.0 AppleWebKit/537.36 (KHTML, like Gecko; compatible; ClaudeBot/1.0; +claudebot@anthropic.com)" cozeellc.com 162.144.4.212
57.141.6.5 - - [07/Mar/2026:06:40:43 -0600] "GET /shop/?orderby=price&filter_color=style-c-1pc,style-d-1pc,style-c-3pcs,style-a-3pcs,style-f-2pcs HTTP/1.1" 200 165332 "-" "meta-externalagent/1.1 (+https://developers.facebook.com/docs/sharing/webmasters/crawler)" cozeellc.com 162.144.4.212
57.141.6.5 - - [07/Mar/2026:06:40:43 -0600] "GET /shop/?orderby=price&filter_color=style-c-1pc,style-d-1pc,style-c-3pcs,style-a-3pcs,style-f-2pcs HTTP/2.0" 200 165332 "-" "meta-externalagent/1.1 (+https://developers.facebook.com/docs/sharing/webmasters/crawler)" cozeellc.com 162.144.4.212
216.73.216.122 - - [07/Mar/2026:06:40:44 -0600] "GET /product-category/health-beauty/?add_to_compare=4968 HTTP/1.1" 200 90969 "https://cozeellc.com/product-category/health-beauty/page/1/?add_to_compare=4968" "Mozilla/5.0 AppleWebKit/537.36 (KHTML, like Gecko; compatible; ClaudeBot/1.0; +claudebot@anthropic.com)" cozeellc.com 162.144.4.212
216.73.216.122 - - [07/Mar/2026:06:40:44 -0600] "GET /product-category/health-beauty/?add_to_compare=4968 HTTP/2.0" 200 90969 "https://cozeellc.com/product-category/health-beauty/page/1/?add_to_compare=4968" "Mozilla/5.0 AppleWebKit/537.36 (KHTML, like Gecko; compatible; ClaudeBot/1.0; +claudebot@anthropic.com)" cozeellc.com 162.144.4.212
57.141.6.46 - - [07/Mar/2026:06:40:46 -0600] "GET /shop/?orderby=rating&filter_color=black%2Cwhite%2Cgray%2Cnavy-blue&filter_size=xl,xxl,l,m HTTP/1.1" 200 161158 "-" "meta-externalagent/1.1 (+https://developers.facebook.com/docs/sharing/webmasters/crawler)" cozeellc.com 162.144.4.212
57.141.6.46 - - [07/Mar/2026:06:40:46 -0600] "GET /shop/?orderby=rating&filter_color=black%2Cwhite%2Cgray%2Cnavy-blue&filter_size=xl,xxl,l,m HTTP/2.0" 200 161158 "-" "meta-externalagent/1.1 (+https://developers.facebook.com/docs/sharing/webmasters/crawler)" cozeellc.com 162.144.4.212
216.73.216.122 - - [07/Mar/2026:06:40:49 -0600] "GET /product-category/health-beauty/page/1/?add_to_compare=4977 HTTP/1.1" 301 - "-" "Mozilla/5.0 AppleWebKit/537.36 (KHTML, like Gecko; compatible; ClaudeBot/1.0; +claudebot@anthropic.com)" cozeellc.com 162.144.4.212
216.73.216.122 - - [07/Mar/2026:06:40:49 -0600] "GET /product-category/health-beauty/page/1/?add_to_compare=4977 HTTP/2.0" 301 - "-" "Mozilla/5.0 AppleWebKit/537.36 (KHTML, like Gecko; compatible; ClaudeBot/1.0; +claudebot@anthropic.com)" cozeellc.com 162.144.4.212
57.141.6.16 - - [07/Mar/2026:06:40:47 -0600] "GET /shop/?orderby=popularity&filter_color=style-d-2pcs,style-d-1pc,style-f-2pcs,style-a-3pcs,style-c-3pcs HTTP/1.1" 500 2653 "-" "meta-externalagent/1.1 (+https://developers.facebook.com/docs/sharing/webmasters/crawler)" cozeellc.com 162.144.4.212
57.141.6.16 - - [07/Mar/2026:06:40:47 -0600] "GET /shop/?orderby=popularity&filter_color=style-d-2pcs,style-d-1pc,style-f-2pcs,style-a-3pcs,style-c-3pcs HTTP/2.0" 500 2653 "-" "meta-externalagent/1.1 (+https://developers.facebook.com/docs/sharing/webmasters/crawler)" cozeellc.com 162.144.4.212
216.73.216.122 - - [07/Mar/2026:06:40:49 -0600] "GET /product-category/health-beauty/?add_to_compare=4977 HTTP/1.1" 200 90970 "https://cozeellc.com/product-category/health-beauty/page/1/?add_to_compare=4977" "Mozilla/5.0 AppleWebKit/537.36 (KHTML, like Gecko; compatible; ClaudeBot/1.0; +claudebot@anthropic.com)" cozeellc.com 162.144.4.212
216.73.216.122 - - [07/Mar/2026:06:40:49 -0600] "GET /product-category/health-beauty/?add_to_compare=4977 HTTP/2.0" 200 90970 "https://cozeellc.com/product-category/health-beauty/page/1/?add_to_compare=4977" "Mozilla/5.0 AppleWebKit/537.36 (KHTML, like Gecko; compatible; ClaudeBot/1.0; +claudebot@anthropic.com)" cozeellc.com 162.144.4.212
57.141.6.17 - - [07/Mar/2026:06:40:50 -0600] "GET /shop/?filter_color=style-b-2pcs,style-d-3pcs,style-d-2pcs,style-f-2pcs,style-f-3pcs,style-c-1pc,style-c-3pcs HTTP/1.1" 200 166090 "-" "meta-externalagent/1.1 (+https://developers.facebook.com/docs/sharing/webmasters/crawler)" cozeellc.com 162.144.4.212
57.141.6.17 - - [07/Mar/2026:06:40:50 -0600] "GET /shop/?filter_color=style-b-2pcs,style-d-3pcs,style-d-2pcs,style-f-2pcs,style-f-3pcs,style-c-1pc,style-c-3pcs HTTP/2.0" 200 166090 "-" "meta-externalagent/1.1 (+https://developers.facebook.com/docs/sharing/webmasters/crawler)" cozeellc.com 162.144.4.212
57.141.6.70 - - [07/Mar/2026:06:40:52 -0600] "GET /shop/?orderby=rating&filter_color=style-f-1pc,style-e-3pcs,style-c-3pcs,style-b-1pc,style-c-1pc,style-a-1pc HTTP/1.1" 200 165918 "-" "meta-externalagent/1.1 (+https://developers.facebook.com/docs/sharing/webmasters/crawler)" cozeellc.com 162.144.4.212
57.141.6.70 - - [07/Mar/2026:06:40:52 -0600] "GET /shop/?orderby=rating&filter_color=style-f-1pc,style-e-3pcs,style-c-3pcs,style-b-1pc,style-c-1pc,style-a-1pc HTTP/2.0" 200 165918 "-" "meta-externalagent/1.1 (+https://developers.facebook.com/docs/sharing/webmasters/crawler)" cozeellc.com 162.144.4.212
57.141.6.54 - - [07/Mar/2026:06:40:52 -0600] "GET /shop/?filter_color=style-b-3pcs,style-a-3pcs,style-f-1pc,style-a-1pc,style-d-1pc,style-c-2pcs,style-e-1pc HTTP/1.1" 500 2653 "-" "meta-externalagent/1.1 (+https://developers.facebook.com/docs/sharing/webmasters/crawler)" cozeellc.com 162.144.4.212
57.141.6.54 - - [07/Mar/2026:06:40:52 -0600] "GET /shop/?filter_color=style-b-3pcs,style-a-3pcs,style-f-1pc,style-a-1pc,style-d-1pc,style-c-2pcs,style-e-1pc HTTP/2.0" 500 2653 "-" "meta-externalagent/1.1 (+https://developers.facebook.com/docs/sharing/webmasters/crawler)" cozeellc.com 162.144.4.212
216.73.216.122 - - [07/Mar/2026:06:40:54 -0600] "GET /product-category/health-beauty/page/2/?add_to_compare=5060 HTTP/1.1" 200 70318 "-" "Mozilla/5.0 AppleWebKit/537.36 (KHTML, like Gecko; compatible; ClaudeBot/1.0; +claudebot@anthropic.com)" cozeellc.com 162.144.4.212
216.73.216.122 - - [07/Mar/2026:06:40:54 -0600] "GET /product-category/health-beauty/page/2/?add_to_compare=5060 HTTP/2.0" 200 70318 "-" "Mozilla/5.0 AppleWebKit/537.36 (KHTML, like Gecko; compatible; ClaudeBot/1.0; +claudebot@anthropic.com)" cozeellc.com 162.144.4.212
57.141.6.71 - - [07/Mar/2026:06:40:54 -0600] "GET /shop/?orderby=price-desc&filter_color=style-f-1pc,style-c-3pcs,style-b-2pcs,style-b-1pc,style-c-2pcs,style-b-3pcs HTTP/1.1" 200 166078 "-" "meta-externalagent/1.1 (+https://developers.facebook.com/docs/sharing/webmasters/crawler)" cozeellc.com 162.144.4.212
57.141.6.71 - - [07/Mar/2026:06:40:54 -0600] "GET /shop/?orderby=price-desc&filter_color=style-f-1pc,style-c-3pcs,style-b-2pcs,style-b-1pc,style-c-2pcs,style-b-3pcs HTTP/2.0" 200 166078 "-" "meta-externalagent/1.1 (+https://developers.facebook.com/docs/sharing/webmasters/crawler)" cozeellc.com 162.144.4.212
57.141.6.62 - - [07/Mar/2026:06:40:57 -0600] "GET /shop/?filter_color=style-c-2pcs,style-c-3pcs,style-f-2pcs,style-a-3pcs,style-d-1pc,style-d-2pcs,style-b-2pcs,style-b-1pc HTTP/1.1" 200 166715 "-" "meta-externalagent/1.1 (+https://developers.facebook.com/docs/sharing/webmasters/crawler)" cozeellc.com 162.144.4.212
57.141.6.62 - - [07/Mar/2026:06:40:57 -0600] "GET /shop/?filter_color=style-c-2pcs,style-c-3pcs,style-f-2pcs,style-a-3pcs,style-d-1pc,style-d-2pcs,style-b-2pcs,style-b-1pc HTTP/2.0" 200 166715 "-" "meta-externalagent/1.1 (+https://developers.facebook.com/docs/sharing/webmasters/crawler)" cozeellc.com 162.144.4.212
57.141.6.39 - - [07/Mar/2026:06:40:57 -0600] "GET /shop/?orderby=price-desc&filter_color=style-d-1pc,style-e-3pcs,style-a-3pcs,style-e-1pc,style-b-3pcs,style-f-1pc HTTP/1.1" 200 166050 "-" "meta-externalagent/1.1 (+https://developers.facebook.com/docs/sharing/webmasters/crawler)" cozeellc.com 162.144.4.212
57.141.6.39 - - [07/Mar/2026:06:40:57 -0600] "GET /shop/?orderby=price-desc&filter_color=style-d-1pc,style-e-3pcs,style-a-3pcs,style-e-1pc,style-b-3pcs,style-f-1pc HTTP/2.0" 200 166050 "-" "meta-externalagent/1.1 (+https://developers.facebook.com/docs/sharing/webmasters/crawler)" cozeellc.com 162.144.4.212
216.73.216.122 - - [07/Mar/2026:06:40:59 -0600] "GET /product-category/health-beauty/?add_to_compare=4992&orderby=popularity HTTP/1.1" 200 91221 "-" "Mozilla/5.0 AppleWebKit/537.36 (KHTML, like Gecko; compatible; ClaudeBot/1.0; +claudebot@anthropic.com)" cozeellc.com 162.144.4.212
216.73.216.122 - - [07/Mar/2026:06:40:59 -0600] "GET /product-category/health-beauty/?add_to_compare=4992&orderby=popularity HTTP/2.0" 200 91221 "-" "Mozilla/5.0 AppleWebKit/537.36 (KHTML, like Gecko; compatible; ClaudeBot/1.0; +claudebot@anthropic.com)" cozeellc.com 162.144.4.212
57.141.6.37 - - [07/Mar/2026:06:40:59 -0600] "GET /shop/?orderby=price-desc&filter_color=zyq-1101,zyq-1103&filter_size=xl,m,5xl,xxl,4xl,s HTTP/1.1" 200 162716 "-" "meta-externalagent/1.1 (+https://developers.facebook.com/docs/sharing/webmasters/crawler)" cozeellc.com 162.144.4.212
57.141.6.37 - - [07/Mar/2026:06:40:59 -0600] "GET /shop/?orderby=price-desc&filter_color=zyq-1101,zyq-1103&filter_size=xl,m,5xl,xxl,4xl,s HTTP/2.0" 200 162716 "-" "meta-externalagent/1.1 (+https://developers.facebook.com/docs/sharing/webmasters/crawler)" cozeellc.com 162.144.4.212
194.135.27.120 - - [07/Mar/2026:06:41:00 -0600] "GET /product-category/health-beauty/?filter_color=style-d-1pc%2Cstyle-b-3pcs%2Cstyle-e-3pcs%2Cstyle-d-2pcs&orderby=price HTTP/1.1" 200 33766 "-" "Mozilla/5.0 (Linux; Android 5.0; SM-G900P Build/LRX21T) AppleWebKit/537.36 (KHTML, like Gecko) Chrome/45.0.7099.1244 Mobile Safari/537.36" cozeellc.com 162.144.4.212
194.135.27.120 - - [07/Mar/2026:06:41:00 -0600] "GET /product-category/health-beauty/?filter_color=style-d-1pc%2Cstyle-b-3pcs%2Cstyle-e-3pcs%2Cstyle-d-2pcs&orderby=price HTTP/2.0" 200 33766 "-" "Mozilla/5.0 (Linux; Android 5.0; SM-G900P Build/LRX21T) AppleWebKit/537.36 (KHTML, like Gecko) Chrome/45.0.7099.1244 Mobile Safari/537.36" cozeellc.com 162.144.4.212
57.141.6.66 - - [07/Mar/2026:06:41:02 -0600] "GET /shop/?filter_color=style-e-3pcs,style-d-2pcs,style-d-1pc,style-b-1pc,style-c-3pcs,style-a-1pc,style-d-3pcs HTTP/1.1" 200 181072 "-" "meta-externalagent/1.1 (+https://developers.facebook.com/docs/sharing/webmasters/crawler)" cozeellc.com 162.144.4.212
57.141.6.66 - - [07/Mar/2026:06:41:02 -0600] "GET /shop/?filter_color=style-e-3pcs,style-d-2pcs,style-d-1pc,style-b-1pc,style-c-3pcs,style-a-1pc,style-d-3pcs HTTP/2.0" 200 181072 "-" "meta-externalagent/1.1 (+https://developers.facebook.com/docs/sharing/webmasters/crawler)" cozeellc.com 162.144.4.212
216.73.216.122 - - [07/Mar/2026:06:41:04 -0600] "GET /product-category/health-beauty/page/2/?add_to_compare=5108 HTTP/1.1" 200 70449 "-" "Mozilla/5.0 AppleWebKit/537.36 (KHTML, like Gecko; compatible; ClaudeBot/1.0; +claudebot@anthropic.com)" cozeellc.com 162.144.4.212
216.73.216.122 - - [07/Mar/2026:06:41:04 -0600] "GET /product-category/health-beauty/page/2/?add_to_compare=5108 HTTP/2.0" 200 70449 "-" "Mozilla/5.0 AppleWebKit/537.36 (KHTML, like Gecko; compatible; ClaudeBot/1.0; +claudebot@anthropic.com)" cozeellc.com 162.144.4.212
57.141.6.7 - - [07/Mar/2026:06:41:04 -0600] "GET /shop/?orderby=rating&filter_color=style-d-3pcs,style-a-1pc,style-a-3pcs,style-a-2pcs,style-f-1pc HTTP/1.1" 500 2653 "-" "meta-externalagent/1.1 (+https://developers.facebook.com/docs/sharing/webmasters/crawler)" cozeellc.com 162.144.4.212
57.141.6.7 - - [07/Mar/2026:06:41:04 -0600] "GET /shop/?orderby=rating&filter_color=style-d-3pcs,style-a-1pc,style-a-3pcs,style-a-2pcs,style-f-1pc HTTP/2.0" 500 2653 "-" "meta-externalagent/1.1 (+https://developers.facebook.com/docs/sharing/webmasters/crawler)" cozeellc.com 162.144.4.212
57.141.6.47 - - [07/Mar/2026:06:41:06 -0600] "GET /shop/?orderby=popularity&filter_color=zyq-1103&filter_size=xl,m,5xl,xxl,l,xxxl HTTP/1.1" 200 162171 "-" "meta-externalagent/1.1 (+https://developers.facebook.com/docs/sharing/webmasters/crawler)" cozeellc.com 162.144.4.212
57.141.6.47 - - [07/Mar/2026:06:41:06 -0600] "GET /shop/?orderby=popularity&filter_color=zyq-1103&filter_size=xl,m,5xl,xxl,l,xxxl HTTP/2.0" 200 162171 "-" "meta-externalagent/1.1 (+https://developers.facebook.com/docs/sharing/webmasters/crawler)" cozeellc.com 162.144.4.212
173.201.185.67 - - [07/Mar/2026:06:41:08 -0600] "HEAD /2026/03/07/get-unlimluck-united-kingdom/ HTTP/1.1" 200 - "https://cozeellc.com/2026/03/07/get-unlimluck-united-kingdom/" "WordPress/5.9.12; https://www.lionsroarcapital.com" cozeellc.com 162.144.4.212
216.73.216.122 - - [07/Mar/2026:06:41:09 -0600] "GET /product-category/health-beauty/page/2/?remove_compare_item=4ae1e2b07ecf6c799b91ed45e95278b8 HTTP/1.1" 200 70349 "-" "Mozilla/5.0 AppleWebKit/537.36 (KHTML, like Gecko; compatible; ClaudeBot/1.0; +claudebot@anthropic.com)" cozeellc.com 162.144.4.212
216.73.216.122 - - [07/Mar/2026:06:41:09 -0600] "GET /product-category/health-beauty/page/2/?remove_compare_item=4ae1e2b07ecf6c799b91ed45e95278b8 HTTP/2.0" 200 70349 "-" "Mozilla/5.0 AppleWebKit/537.36 (KHTML, like Gecko; compatible; ClaudeBot/1.0; +claudebot@anthropic.com)" cozeellc.com 162.144.4.212
57.141.6.45 - - [07/Mar/2026:06:41:08 -0600] "GET /shop/?filter_color=style-f-3pcs,style-b-1pc,style-a-1pc,style-e-2pcs,style-c-1pc,style-a-3pcs,style-b-3pcs,style-c-2pcs HTTP/1.1" 500 2653 "-" "meta-externalagent/1.1 (+https://developers.facebook.com/docs/sharing/webmasters/crawler)" cozeellc.com 162.144.4.212
57.141.6.45 - - [07/Mar/2026:06:41:08 -0600] "GET /shop/?filter_color=style-f-3pcs,style-b-1pc,style-a-1pc,style-e-2pcs,style-c-1pc,style-a-3pcs,style-b-3pcs,style-c-2pcs HTTP/2.0" 500 2653 "-" "meta-externalagent/1.1 (+https://developers.facebook.com/docs/sharing/webmasters/crawler)" cozeellc.com 162.144.4.212
57.141.6.44 - - [07/Mar/2026:06:41:09 -0600] "GET /shop/?orderby=price&filter_color=style-c-1pc,style-e-1pc,style-f-2pcs,style-e-3pcs,style-f-1pc,style-b-3pcs HTTP/1.1" 500 2653 "-" "meta-externalagent/1.1 (+https://developers.facebook.com/docs/sharing/webmasters/crawler)" cozeellc.com 162.144.4.212
57.141.6.44 - - [07/Mar/2026:06:41:09 -0600] "GET /shop/?orderby=price&filter_color=style-c-1pc,style-e-1pc,style-f-2pcs,style-e-3pcs,style-f-1pc,style-b-3pcs HTTP/2.0" 500 2653 "-" "meta-externalagent/1.1 (+https://developers.facebook.com/docs/sharing/webmasters/crawler)" cozeellc.com 162.144.4.212
162.144.4.212 - - [07/Mar/2026:06:41:12 -0600] "PURGE /2026/03/07/get-unlimluck-united-kingdom/ HTTP/1.1" 204 - "-" "WordPress/6.9; https://cozeellc.com; EPC/v2.2.2/option_handler" cozeellc.com 162.144.4.212
162.144.4.212 - - [07/Mar/2026:06:41:12 -0600] "PURGE /2026/03/07/get-unlimluck-united-kingdom/ HTTP/1.1" 204 - "-" "WordPress/6.9; https://cozeellc.com; EPC/v2.2.2/option_handler" cozeellc.com 162.144.4.212
162.144.4.212 - - [07/Mar/2026:06:41:12 -0600] "PURGE / HTTP/1.1" 204 - "-" "WordPress/6.9; https://cozeellc.com; EPC/v2.2.2/option_handler" cozeellc.com 162.144.4.212
173.201.185.67 - - [07/Mar/2026:06:41:12 -0600] "HEAD /2026/03/07/get-unlimluck-united-kingdom/ HTTP/1.1" 200 - "https://cozeellc.com/2026/03/07/get-unlimluck-united-kingdom/" "WordPress/5.9.12; https://www.lionsroarcapital.com" cozeellc.com 162.144.4.212
162.144.4.212 - - [07/Mar/2026:06:41:12 -0600] "PURGE / HTTP/1.1" 204 - "-" "WordPress/6.9; https://cozeellc.com; EPC/v2.2.2/option_handler" cozeellc.com 162.144.4.212
173.201.185.67 - - [07/Mar/2026:06:41:09 -0600] "POST /xmlrpc.php HTTP/1.1" 200 240 "https://cozeellc.com/xmlrpc.php" "The Incutio XML-RPC PHP Library -- WordPress/5.9.12" cozeellc.com 162.144.4.212
57.141.6.52 - - [07/Mar/2026:06:41:11 -0600] "GET /shop/?filter_color=style-b-3pcs,style-b-2pcs,style-b-1pc,style-e-3pcs,style-a-3pcs,style-d-1pc,style-f-3pcs HTTP/1.1" 500 2653 "-" "meta-externalagent/1.1 (+https://developers.facebook.com/docs/sharing/webmasters/crawler)" cozeellc.com 162.144.4.212
57.141.6.52 - - [07/Mar/2026:06:41:11 -0600] "GET /shop/?filter_color=style-b-3pcs,style-b-2pcs,style-b-1pc,style-e-3pcs,style-a-3pcs,style-d-1pc,style-f-3pcs HTTP/2.0" 500 2653 "-" "meta-externalagent/1.1 (+https://developers.facebook.com/docs/sharing/webmasters/crawler)" cozeellc.com 162.144.4.212
57.141.6.7 - - [07/Mar/2026:06:41:13 -0600] "GET /shop/?orderby=price&filter_color=style-c-1pc,style-f-1pc,style-b-2pcs,style-a-2pcs,style-c-3pcs,style-a-1pc,style-e-1pc,style-d-3pcs HTTP/1.1" 200 167213 "-" "meta-externalagent/1.1 (+https://developers.facebook.com/docs/sharing/webmasters/crawler)" cozeellc.com 162.144.4.212
216.73.216.122 - - [07/Mar/2026:06:41:14 -0600] "GET /product-category/health-beauty/page/1/?add_to_compare=4992 HTTP/1.1" 301 - "-" "Mozilla/5.0 AppleWebKit/537.36 (KHTML, like Gecko; compatible; ClaudeBot/1.0; +claudebot@anthropic.com)" cozeellc.com 162.144.4.212
216.73.216.122 - - [07/Mar/2026:06:41:14 -0600] "GET /product-category/health-beauty/page/1/?add_to_compare=4992 HTTP/2.0" 301 - "-" "Mozilla/5.0 AppleWebKit/537.36 (KHTML, like Gecko; compatible; ClaudeBot/1.0; +claudebot@anthropic.com)" cozeellc.com 162.144.4.212
57.141.6.7 - - [07/Mar/2026:06:41:13 -0600] "GET /shop/?orderby=price&filter_color=style-c-1pc,style-f-1pc,style-b-2pcs,style-a-2pcs,style-c-3pcs,style-a-1pc,style-e-1pc,style-d-3pcs HTTP/2.0" 200 167213 "-" "meta-externalagent/1.1 (+https://developers.facebook.com/docs/sharing/webmasters/crawler)" cozeellc.com 162.144.4.212
57.141.6.65 - - [07/Mar/2026:06:41:14 -0600] "GET /product-category/health-beauty/?filter_color=style-e-1pc,style-c-3pcs,style-a-3pcs,style-e-2pcs,style-d-3pcs,style-a-2pcs HTTP/1.1" 200 162942 "-" "meta-externalagent/1.1 (+https://developers.facebook.com/docs/sharing/webmasters/crawler)" cozeellc.com 162.144.4.212
57.141.6.65 - - [07/Mar/2026:06:41:14 -0600] "GET /product-category/health-beauty/?filter_color=style-e-1pc,style-c-3pcs,style-a-3pcs,style-e-2pcs,style-d-3pcs,style-a-2pcs HTTP/2.0" 200 162942 "-" "meta-externalagent/1.1 (+https://developers.facebook.com/docs/sharing/webmasters/crawler)" cozeellc.com 162.144.4.212
216.73.216.122 - - [07/Mar/2026:06:41:14 -0600] "GET /product-category/health-beauty/?add_to_compare=4992 HTTP/1.1" 200 91246 "https://cozeellc.com/product-category/health-beauty/page/1/?add_to_compare=4992" "Mozilla/5.0 AppleWebKit/537.36 (KHTML, like Gecko; compatible; ClaudeBot/1.0; +claudebot@anthropic.com)" cozeellc.com 162.144.4.212
216.73.216.122 - - [07/Mar/2026:06:41:14 -0600] "GET /product-category/health-beauty/?add_to_compare=4992 HTTP/2.0" 200 91246 "https://cozeellc.com/product-category/health-beauty/page/1/?add_to_compare=4992" "Mozilla/5.0 AppleWebKit/537.36 (KHTML, like Gecko; compatible; ClaudeBot/1.0; +claudebot@anthropic.com)" cozeellc.com 162.144.4.212
162.144.4.212 - - [07/Mar/2026:06:41:18 -0600] "POST /wp-cron.php?doing_wp_cron=1772887278.1198139190673828125000 HTTP/1.1" 200 - "-" "WordPress/6.9; https://cozeellc.com" cozeellc.com 162.144.4.212
57.141.6.1 - - [07/Mar/2026:06:41:17 -0600] "GET /shop/?orderby=price&filter_color=zyq-1100%2Czyq-1103%2Czyq-1094&filter_size=m,xxl,l,xl,xxxl HTTP/1.1" 200 162773 "-" "meta-externalagent/1.1 (+https://developers.facebook.com/docs/sharing/webmasters/crawler)" cozeellc.com 162.144.4.212
57.141.6.1 - - [07/Mar/2026:06:41:17 -0600] "GET /shop/?orderby=price&filter_color=zyq-1100%2Czyq-1103%2Czyq-1094&filter_size=m,xxl,l,xl,xxxl HTTP/2.0" 200 162773 "-" "meta-externalagent/1.1 (+https://developers.facebook.com/docs/sharing/webmasters/crawler)" cozeellc.com 162.144.4.212
162.144.4.212 - - [07/Mar/2026:06:41:19 -0600] "POST /wp-cron.php?doing_wp_cron=1772887279.3805210590362548828125 HTTP/1.1" 200 - "-" "WordPress/6.9; https://cozeellc.com" cozeellc.com 162.144.4.212
57.141.6.32 - - [07/Mar/2026:06:41:17 -0600] "GET /shop/?filter_color=style-b-1pc,style-f-2pcs,style-e-3pcs,style-d-2pcs,style-e-1pc,style-b-2pcs,style-c-1pc,style-b-3pcs HTTP/1.1" 500 2653 "-" "meta-externalagent/1.1 (+https://developers.facebook.com/docs/sharing/webmasters/crawler)" cozeellc.com 162.144.4.212
57.141.6.32 - - [07/Mar/2026:06:41:17 -0600] "GET /shop/?filter_color=style-b-1pc,style-f-2pcs,style-e-3pcs,style-d-2pcs,style-e-1pc,style-b-2pcs,style-c-1pc,style-b-3pcs HTTP/2.0" 500 2653 "-" "meta-externalagent/1.1 (+https://developers.facebook.com/docs/sharing/webmasters/crawler)" cozeellc.com 162.144.4.212
216.73.216.122 - - [07/Mar/2026:06:41:19 -0600] "GET /product-category/health-beauty/?add-to-wishlist=4968&orderby=date HTTP/1.1" 200 90809 "-" "Mozilla/5.0 AppleWebKit/537.36 (KHTML, like Gecko; compatible; ClaudeBot/1.0; +claudebot@anthropic.com)" cozeellc.com 162.144.4.212
216.73.216.122 - - [07/Mar/2026:06:41:19 -0600] "GET /product-category/health-beauty/?add-to-wishlist=4968&orderby=date HTTP/2.0" 200 90809 "-" "Mozilla/5.0 AppleWebKit/537.36 (KHTML, like Gecko; compatible; ClaudeBot/1.0; +claudebot@anthropic.com)" cozeellc.com 162.144.4.212
66.249.66.64 - - [07/Mar/2026:06:41:20 -0600] "GET /2026/03/05/vinnande-strategier-for-immersiva-casinoupplevelser/ HTTP/1.1" 200 33298 "-" "Mozilla/5.0 (Linux; Android 6.0.1; Nexus 5X Build/MMB29P) AppleWebKit/537.36 (KHTML, like Gecko) Chrome/144.0.7559.132 Mobile Safari/537.36 (compatible; Googlebot/2.1; +http://www.google.com/bot.html)" cozeellc.com 162.144.4.212
66.249.66.64 - - [07/Mar/2026:06:41:20 -0600] "GET /2026/03/05/vinnande-strategier-for-immersiva-casinoupplevelser/ HTTP/1.1" 200 33298 "-" "Mozilla/5.0 (Linux; Android 6.0.1; Nexus 5X Build/MMB29P) AppleWebKit/537.36 (KHTML, like Gecko) Chrome/144.0.7559.132 Mobile Safari/537.36 (compatible; Googlebot/2.1; +http://www.google.com/bot.html)" cozeellc.com 162.144.4.212
162.144.4.212 - - [07/Mar/2026:06:41:21 -0600] "POST /wp-cron.php?doing_wp_cron=1772887281.1765298843383789062500 HTTP/1.1" 200 - "-" "WordPress/6.9; https://cozeellc.com" cozeellc.com 162.144.4.212
57.141.6.52 - - [07/Mar/2026:06:41:20 -0600] "GET /shop/?orderby=rating&filter_color=style-b-3pcs,style-f-2pcs,style-b-2pcs,style-b-1pc,style-e-1pc,style-c-3pcs HTTP/1.1" 200 165974 "-" "meta-externalagent/1.1 (+https://developers.facebook.com/docs/sharing/webmasters/crawler)" cozeellc.com 162.144.4.212
57.141.6.52 - - [07/Mar/2026:06:41:20 -0600] "GET /shop/?orderby=rating&filter_color=style-b-3pcs,style-f-2pcs,style-b-2pcs,style-b-1pc,style-e-1pc,style-c-3pcs HTTP/2.0" 200 165974 "-" "meta-externalagent/1.1 (+https://developers.facebook.com/docs/sharing/webmasters/crawler)" cozeellc.com 162.144.4.212
162.144.4.212 - - [07/Mar/2026:06:41:21 -0600] "PURGE /.* HTTP/1.1" 204 - "-" "WordPress/6.9; https://cozeellc.com; EPC/v2.2.2/epc_scheduled_purge_all" cozeellc.com 162.144.4.212
162.144.4.212 - - [07/Mar/2026:06:41:21 -0600] "PURGE /.* HTTP/1.1" 204 - "-" "WordPress/6.9; https://cozeellc.com; EPC/v2.2.2/epc_scheduled_purge_all" cozeellc.com 162.144.4.212
162.144.4.212 - - [07/Mar/2026:06:41:24 -0600] "POST /wp-cron.php?doing_wp_cron=1772887284.4527430534362792968750 HTTP/1.1" 200 - "-" "WordPress/6.9; https://cozeellc.com" cozeellc.com 162.144.4.212
57.141.6.61 - - [07/Mar/2026:06:41:23 -0600] "GET /product-category/health-beauty/?filter_color=style-a-3pcs,style-b-2pcs,style-b-3pcs,style-e-1pc,style-d-1pc,style-c-1pc,style-a-1pc,style-d-3pcs,style-e-3pcs HTTP/1.1" 200 164784 "-" "meta-externalagent/1.1 (+https://developers.facebook.com/docs/sharing/webmasters/crawler)" cozeellc.com 162.144.4.212
57.141.6.61 - - [07/Mar/2026:06:41:23 -0600] "GET /product-category/health-beauty/?filter_color=style-a-3pcs,style-b-2pcs,style-b-3pcs,style-e-1pc,style-d-1pc,style-c-1pc,style-a-1pc,style-d-3pcs,style-e-3pcs HTTP/2.0" 200 164784 "-" "meta-externalagent/1.1 (+https://developers.facebook.com/docs/sharing/webmasters/crawler)" cozeellc.com 162.144.4.212
162.144.4.212 - - [07/Mar/2026:06:41:24 -0600] "POST /wp-admin/admin-ajax.php?action=async_litespeed&nonce=UEdLhHO60cA4qY2MK5yP0x0B7Ro2ilrn&litespeed_type=imgoptm HTTP/1.1" 500 155 "-" "WordPress/6.9; https://cozeellc.com" cozeellc.com 162.144.4.212
162.144.4.212 - - [07/Mar/2026:06:41:25 -0600] "POST /wp-cron.php?doing_wp_cron=1772887285.6312580108642578125000 HTTP/1.1" 200 - "-" "WordPress/6.9; https://cozeellc.com" cozeellc.com 162.144.4.212
216.73.216.122 - - [07/Mar/2026:06:41:24 -0600] "GET /product-category/health-beauty/?add_to_compare=4983&orderby=price HTTP/1.1" 200 90085 "-" "Mozilla/5.0 AppleWebKit/537.36 (KHTML, like Gecko; compatible; ClaudeBot/1.0; +claudebot@anthropic.com)" cozeellc.com 162.144.4.212
216.73.216.122 - - [07/Mar/2026:06:41:24 -0600] "GET /product-category/health-beauty/?add_to_compare=4983&orderby=price HTTP/2.0" 200 90085 "-" "Mozilla/5.0 AppleWebKit/537.36 (KHTML, like Gecko; compatible; ClaudeBot/1.0; +claudebot@anthropic.com)" cozeellc.com 162.144.4.212
57.141.6.36 - - [07/Mar/2026:06:41:23 -0600] "GET /shop/?filter_color=style-a-2pcs,style-a-1pc,style-e-1pc,style-e-2pcs,style-d-2pcs,style-a-3pcs,style-d-3pcs,style-c-2pcs,style-e-3pcs,style-b-1pc HTTP/1.1" 500 2653 "-" "meta-externalagent/1.1 (+https://developers.facebook.com/docs/sharing/webmasters/crawler)" cozeellc.com 162.144.4.212
57.141.6.36 - - [07/Mar/2026:06:41:23 -0600] "GET /shop/?filter_color=style-a-2pcs,style-a-1pc,style-e-1pc,style-e-2pcs,style-d-2pcs,style-a-3pcs,style-d-3pcs,style-c-2pcs,style-e-3pcs,style-b-1pc HTTP/2.0" 500 2653 "-" "meta-externalagent/1.1 (+https://developers.facebook.com/docs/sharing/webmasters/crawler)" cozeellc.com 162.144.4.212
66.249.66.2 - - [07/Mar/2026:06:41:26 -0600] "GET /wp-content/themes/martfury/css/bootstrap.min.css?ver=3.3.7 HTTP/1.1" 200 5263 "https://cozeellc.com/2026/03/05/vinnande-strategier-for-immersiva-casinoupplevelser/" "Mozilla/5.0 (Linux; Android 6.0.1; Nexus 5X Build/MMB29P) AppleWebKit/537.36 (KHTML, like Gecko) Chrome/144.0.7559.132 Mobile Safari/537.36 (compatible; Googlebot/2.1; +http://www.google.com/bot.html)" cozeellc.com 162.144.4.212
57.141.6.44 - - [07/Mar/2026:06:41:26 -0600] "GET /product-category/health-beauty/?orderby=price&filter_color=style-a-3pcs,style-a-1pc,style-e-1pc,style-d-2pcs,style-b-3pcs,style-c-3pcs HTTP/1.1" 200 163380 "-" "meta-externalagent/1.1 (+https://developers.facebook.com/docs/sharing/webmasters/crawler)" cozeellc.com 162.144.4.212
57.141.6.44 - - [07/Mar/2026:06:41:26 -0600] "GET /product-category/health-beauty/?orderby=price&filter_color=style-a-3pcs,style-a-1pc,style-e-1pc,style-d-2pcs,style-b-3pcs,style-c-3pcs HTTP/2.0" 200 163380 "-" "meta-externalagent/1.1 (+https://developers.facebook.com/docs/sharing/webmasters/crawler)" cozeellc.com 162.144.4.212
140.174.116.200 - - [07/Mar/2026:06:41:28 -0600] "GET /product-category/health-beauty/?filter_color=style-a-3pcs%2Cstyle-e-1pc%2Cstyle-b-2pcs%2Cstyle-c-2pcs%2Cstyle-b-3pcs%2Cstyle-a-2pcs%2Cstyle-d-3pcs&orderby=price-desc HTTP/1.1" 200 33870 "-" "Mozilla/5.0 (iPhone; CPU iPhone OS 11_0 like Mac OS X) AppleWebKit/537.36 (KHTML, like Gecko) Chrome/58.0.9469.1896 Mobile Safari/537.36" cozeellc.com 162.144.4.212
140.174.116.200 - - [07/Mar/2026:06:41:28 -0600] "GET /product-category/health-beauty/?filter_color=style-a-3pcs%2Cstyle-e-1pc%2Cstyle-b-2pcs%2Cstyle-c-2pcs%2Cstyle-b-3pcs%2Cstyle-a-2pcs%2Cstyle-d-3pcs&orderby=price-desc HTTP/2.0" 200 33870 "-" "Mozilla/5.0 (iPhone; CPU iPhone OS 11_0 like Mac OS X) AppleWebKit/537.36 (KHTML, like Gecko) Chrome/58.0.9469.1896 Mobile Safari/537.36" cozeellc.com 162.144.4.212
216.73.216.122 - - [07/Mar/2026:06:41:29 -0600] "GET /product-category/health-beauty/?add-to-wishlist=4977&orderby=date HTTP/1.1" 200 90812 "-" "Mozilla/5.0 AppleWebKit/537.36 (KHTML, like Gecko; compatible; ClaudeBot/1.0; +claudebot@anthropic.com)" cozeellc.com 162.144.4.212
216.73.216.122 - - [07/Mar/2026:06:41:29 -0600] "GET /product-category/health-beauty/?add-to-wishlist=4977&orderby=date HTTP/2.0" 200 90812 "-" "Mozilla/5.0 AppleWebKit/537.36 (KHTML, like Gecko; compatible; ClaudeBot/1.0; +claudebot@anthropic.com)" cozeellc.com 162.144.4.212
57.141.6.47 - - [07/Mar/2026:06:41:29 -0600] "GET /shop/?filter_size=m%2Cxxl%2Cs%2Cl%2C4xl%2Cxl&filter_color=zyq-1104,zyq-1094 HTTP/1.1" 200 162067 "-" "meta-externalagent/1.1 (+https://developers.facebook.com/docs/sharing/webmasters/crawler)" cozeellc.com 162.144.4.212
57.141.6.47 - - [07/Mar/2026:06:41:29 -0600] "GET /shop/?filter_size=m%2Cxxl%2Cs%2Cl%2C4xl%2Cxl&filter_color=zyq-1104,zyq-1094 HTTP/2.0" 200 162067 "-" "meta-externalagent/1.1 (+https://developers.facebook.com/docs/sharing/webmasters/crawler)" cozeellc.com 162.144.4.212
57.141.6.68 - - [07/Mar/2026:06:41:30 -0600] "GET /shop/?filter_size=5xl%2Cm%2Cs%2Cxl%2Cl%2C4xl%2Cxxl&filter_color=zyq-1101,zyq-1102 HTTP/1.1" 200 162420 "-" "meta-externalagent/1.1 (+https://developers.facebook.com/docs/sharing/webmasters/crawler)" cozeellc.com 162.144.4.212
57.141.6.68 - - [07/Mar/2026:06:41:29 -0600] "GET /shop/?filter_size=5xl%2Cm%2Cs%2Cxl%2Cl%2C4xl%2Cxxl&filter_color=zyq-1101,zyq-1102 HTTP/2.0" 200 162420 "-" "meta-externalagent/1.1 (+https://developers.facebook.com/docs/sharing/webmasters/crawler)" cozeellc.com 162.144.4.212
57.141.6.4 - - [07/Mar/2026:06:41:33 -0600] "GET /shop/?orderby=rating&filter_color=style-a-1pc,style-c-3pcs,style-d-3pcs,style-c-1pc,style-e-2pcs,style-f-2pcs,style-e-3pcs,style-b-1pc,style-c-2pcs HTTP/1.1" 500 2653 "-" "meta-externalagent/1.1 (+https://developers.facebook.com/docs/sharing/webmasters/crawler)" cozeellc.com 162.144.4.212
57.141.6.4 - - [07/Mar/2026:06:41:33 -0600] "GET /shop/?orderby=rating&filter_color=style-a-1pc,style-c-3pcs,style-d-3pcs,style-c-1pc,style-e-2pcs,style-f-2pcs,style-e-3pcs,style-b-1pc,style-c-2pcs HTTP/2.0" 500 2653 "-" "meta-externalagent/1.1 (+https://developers.facebook.com/docs/sharing/webmasters/crawler)" cozeellc.com 162.144.4.212
216.73.216.122 - - [07/Mar/2026:06:41:34 -0600] "GET /product-category/health-beauty/?add_to_compare=4960&orderby=price HTTP/1.1" 200 90218 "-" "Mozilla/5.0 AppleWebKit/537.36 (KHTML, like Gecko; compatible; ClaudeBot/1.0; +claudebot@anthropic.com)" cozeellc.com 162.144.4.212
216.73.216.122 - - [07/Mar/2026:06:41:34 -0600] "GET /product-category/health-beauty/?add_to_compare=4960&orderby=price HTTP/2.0" 200 90218 "-" "Mozilla/5.0 AppleWebKit/537.36 (KHTML, like Gecko; compatible; ClaudeBot/1.0; +claudebot@anthropic.com)" cozeellc.com 162.144.4.212
212.224.86.33 - - [07/Mar/2026:06:41:36 -0600] "HEAD /2026/03/07/get-unlimluck-united-kingdom/ HTTP/1.1" 200 - "-" "WordPress/6.9.1; https://fair777.net" cozeellc.com 162.144.4.212
57.141.6.54 - - [07/Mar/2026:06:41:36 -0600] "GET /shop/?orderby=price-desc&filter_color=style-a-3pcs,style-e-1pc,style-c-3pcs,style-b-1pc,style-d-3pcs HTTP/1.1" 200 180492 "-" "meta-externalagent/1.1 (+https://developers.facebook.com/docs/sharing/webmasters/crawler)" cozeellc.com 162.144.4.212
57.141.6.54 - - [07/Mar/2026:06:41:36 -0600] "GET /shop/?orderby=price-desc&filter_color=style-a-3pcs,style-e-1pc,style-c-3pcs,style-b-1pc,style-d-3pcs HTTP/2.0" 200 180492 "-" "meta-externalagent/1.1 (+https://developers.facebook.com/docs/sharing/webmasters/crawler)" cozeellc.com 162.144.4.212
216.73.216.122 - - [07/Mar/2026:06:41:37 -0600] "GET /product-category/health-beauty/?add-to-wishlist=4968&orderby=popularity HTTP/1.1" 200 90820 "-" "Mozilla/5.0 AppleWebKit/537.36 (KHTML, like Gecko; compatible; ClaudeBot/1.0; +claudebot@anthropic.com)" cozeellc.com 162.144.4.212
216.73.216.122 - - [07/Mar/2026:06:41:37 -0600] "GET /product-category/health-beauty/?add-to-wishlist=4968&orderby=popularity HTTP/2.0" 200 90820 "-" "Mozilla/5.0 AppleWebKit/537.36 (KHTML, like Gecko; compatible; ClaudeBot/1.0; +claudebot@anthropic.com)" cozeellc.com 162.144.4.212
216.73.216.122 - - [07/Mar/2026:06:41:39 -0600] "GET /product-category/health-beauty/?add-to-wishlist=5094&orderby=popularity HTTP/1.1" 200 90257 "-" "Mozilla/5.0 AppleWebKit/537.36 (KHTML, like Gecko; compatible; ClaudeBot/1.0; +claudebot@anthropic.com)" cozeellc.com 162.144.4.212
216.73.216.122 - - [07/Mar/2026:06:41:39 -0600] "GET /product-category/health-beauty/?add-to-wishlist=5094&orderby=popularity HTTP/2.0" 200 90257 "-" "Mozilla/5.0 AppleWebKit/537.36 (KHTML, like Gecko; compatible; ClaudeBot/1.0; +claudebot@anthropic.com)" cozeellc.com 162.144.4.212
212.224.86.33 - - [07/Mar/2026:06:41:40 -0600] "HEAD /2026/03/07/get-unlimluck-united-kingdom/ HTTP/1.1" 200 - "-" "WordPress/6.9.1; https://fair777.net" cozeellc.com 162.144.4.212
57.141.6.31 - - [07/Mar/2026:06:41:39 -0600] "GET /shop/?filter_color=style-f-1pc,style-a-3pcs,style-e-2pcs,style-b-3pcs,style-c-2pcs,style-d-2pcs,style-f-2pcs HTTP/1.1" 200 166090 "-" "meta-externalagent/1.1 (+https://developers.facebook.com/docs/sharing/webmasters/crawler)" cozeellc.com 162.144.4.212
57.141.6.31 - - [07/Mar/2026:06:41:39 -0600] "GET /shop/?filter_color=style-f-1pc,style-a-3pcs,style-e-2pcs,style-b-3pcs,style-c-2pcs,style-d-2pcs,style-f-2pcs HTTP/2.0" 200 166090 "-" "meta-externalagent/1.1 (+https://developers.facebook.com/docs/sharing/webmasters/crawler)" cozeellc.com 162.144.4.212
57.141.6.67 - - [07/Mar/2026:06:41:39 -0600] "GET /shop/?filter_color=style-a-3pcs,style-e-3pcs,style-d-3pcs,style-a-2pcs,style-b-2pcs,style-d-2pcs,style-e-1pc HTTP/1.1" 500 2653 "-" "meta-externalagent/1.1 (+https://developers.facebook.com/docs/sharing/webmasters/crawler)" cozeellc.com 162.144.4.212
57.141.6.67 - - [07/Mar/2026:06:41:39 -0600] "GET /shop/?filter_color=style-a-3pcs,style-e-3pcs,style-d-3pcs,style-a-2pcs,style-b-2pcs,style-d-2pcs,style-e-1pc HTTP/2.0" 500 2653 "-" "meta-externalagent/1.1 (+https://developers.facebook.com/docs/sharing/webmasters/crawler)" cozeellc.com 162.144.4.212
216.73.216.122 - - [07/Mar/2026:06:41:42 -0600] "GET /product-category/health-beauty/?add_to_compare=4953&orderby=rating HTTP/1.1" 200 90809 "-" "Mozilla/5.0 AppleWebKit/537.36 (KHTML, like Gecko; compatible; ClaudeBot/1.0; +claudebot@anthropic.com)" cozeellc.com 162.144.4.212
216.73.216.122 - - [07/Mar/2026:06:41:42 -0600] "GET /product-category/health-beauty/?add_to_compare=4953&orderby=rating HTTP/2.0" 200 90809 "-" "Mozilla/5.0 AppleWebKit/537.36 (KHTML, like Gecko; compatible; ClaudeBot/1.0; +claudebot@anthropic.com)" cozeellc.com 162.144.4.212
57.141.6.61 - - [07/Mar/2026:06:41:43 -0600] "GET /shop/?orderby=rating&filter_color=style-a-1pc,style-a-2pcs,style-e-1pc,style-f-2pcs,style-d-3pcs,style-e-2pcs HTTP/1.1" 200 165974 "-" "meta-externalagent/1.1 (+https://developers.facebook.com/docs/sharing/webmasters/crawler)" cozeellc.com 162.144.4.212
57.141.6.61 - - [07/Mar/2026:06:41:43 -0600] "GET /shop/?orderby=rating&filter_color=style-a-1pc,style-a-2pcs,style-e-1pc,style-f-2pcs,style-d-3pcs,style-e-2pcs HTTP/2.0" 200 165974 "-" "meta-externalagent/1.1 (+https://developers.facebook.com/docs/sharing/webmasters/crawler)" cozeellc.com 162.144.4.212
57.141.6.4 - - [07/Mar/2026:06:41:43 -0600] "GET /shop/?filter_color=style-f-2pcs,style-b-1pc,style-c-3pcs,style-d-3pcs,style-d-2pcs,style-f-1pc,style-e-2pcs,style-e-1pc HTTP/1.1" 500 2653 "-" "meta-externalagent/1.1 (+https://developers.facebook.com/docs/sharing/webmasters/crawler)" cozeellc.com 162.144.4.212
57.141.6.4 - - [07/Mar/2026:06:41:43 -0600] "GET /shop/?filter_color=style-f-2pcs,style-b-1pc,style-c-3pcs,style-d-3pcs,style-d-2pcs,style-f-1pc,style-e-2pcs,style-e-1pc HTTP/2.0" 500 2653 "-" "meta-externalagent/1.1 (+https://developers.facebook.com/docs/sharing/webmasters/crawler)" cozeellc.com 162.144.4.212
216.73.216.122 - - [07/Mar/2026:06:41:44 -0600] "GET /product-category/health-beauty/?add_to_compare=4968&orderby=price-desc HTTP/1.1" 200 91690 "-" "Mozilla/5.0 AppleWebKit/537.36 (KHTML, like Gecko; compatible; ClaudeBot/1.0; +claudebot@anthropic.com)" cozeellc.com 162.144.4.212
216.73.216.122 - - [07/Mar/2026:06:41:44 -0600] "GET /product-category/health-beauty/?add_to_compare=4968&orderby=price-desc HTTP/2.0" 200 91690 "-" "Mozilla/5.0 AppleWebKit/537.36 (KHTML, like Gecko; compatible; ClaudeBot/1.0; +claudebot@anthropic.com)" cozeellc.com 162.144.4.212
216.73.216.122 - - [07/Mar/2026:06:41:47 -0600] "GET /product-category/health-beauty/?add_to_compare=4983&orderby=rating HTTP/1.1" 200 90802 "-" "Mozilla/5.0 AppleWebKit/537.36 (KHTML, like Gecko; compatible; ClaudeBot/1.0; +claudebot@anthropic.com)" cozeellc.com 162.144.4.212
216.73.216.122 - - [07/Mar/2026:06:41:47 -0600] "GET /product-category/health-beauty/?add_to_compare=4983&orderby=rating HTTP/2.0" 200 90802 "-" "Mozilla/5.0 AppleWebKit/537.36 (KHTML, like Gecko; compatible; ClaudeBot/1.0; +claudebot@anthropic.com)" cozeellc.com 162.144.4.212
57.141.6.16 - - [07/Mar/2026:06:41:47 -0600] "GET /shop/?orderby=rating&filter_color=style-f-2pcs,style-a-3pcs,style-c-3pcs,style-d-3pcs,style-d-2pcs,style-f-3pcs,style-c-1pc HTTP/1.1" 200 166651 "-" "meta-externalagent/1.1 (+https://developers.facebook.com/docs/sharing/webmasters/crawler)" cozeellc.com 162.144.4.212
57.141.6.16 - - [07/Mar/2026:06:41:47 -0600] "GET /product-category/jewelry-watches/?orderby=price&filter_color=diver-watches-5,diver-watches-9,diver-watches-8,diver-watches-6,diver-watches-3,diver-watches-2,diver-watches-10,diver-watches-4 HTTP/1.1" 200 163437 "-" "meta-externalagent/1.1 (+https://developers.facebook.com/docs/sharing/webmasters/crawler)" cozeellc.com 162.144.4.212
57.141.6.16 - - [07/Mar/2026:06:41:47 -0600] "GET /shop/?orderby=rating&filter_color=style-f-2pcs,style-a-3pcs,style-c-3pcs,style-d-3pcs,style-d-2pcs,style-f-3pcs,style-c-1pc HTTP/2.0" 200 166651 "-" "meta-externalagent/1.1 (+https://developers.facebook.com/docs/sharing/webmasters/crawler)" cozeellc.com 162.144.4.212
57.141.6.16 - - [07/Mar/2026:06:41:47 -0600] "GET /product-category/jewelry-watches/?orderby=price&filter_color=diver-watches-5,diver-watches-9,diver-watches-8,diver-watches-6,diver-watches-3,diver-watches-2,diver-watches-10,diver-watches-4 HTTP/2.0" 200 163437 "-" "meta-externalagent/1.1 (+https://developers.facebook.com/docs/sharing/webmasters/crawler)" cozeellc.com 162.144.4.212
216.73.216.122 - - [07/Mar/2026:06:41:49 -0600] "GET /product-category/health-beauty/?add_to_compare=4977&orderby=price-desc HTTP/1.1" 200 91816 "-" "Mozilla/5.0 AppleWebKit/537.36 (KHTML, like Gecko; compatible; ClaudeBot/1.0; +claudebot@anthropic.com)" cozeellc.com 162.144.4.212
216.73.216.122 - - [07/Mar/2026:06:41:49 -0600] "GET /product-category/health-beauty/?add_to_compare=4977&orderby=price-desc HTTP/2.0" 200 91816 "-" "Mozilla/5.0 AppleWebKit/537.36 (KHTML, like Gecko; compatible; ClaudeBot/1.0; +claudebot@anthropic.com)" cozeellc.com 162.144.4.212
57.141.6.12 - - [07/Mar/2026:06:41:51 -0600] "GET /shop/?orderby=price-desc&filter_color=style-f-1pc,style-c-3pcs,style-a-1pc,style-c-1pc,style-f-3pcs,style-e-3pcs HTTP/1.1" 200 166050 "-" "meta-externalagent/1.1 (+https://developers.facebook.com/docs/sharing/webmasters/crawler)" cozeellc.com 162.144.4.212
57.141.6.12 - - [07/Mar/2026:06:41:51 -0600] "GET /shop/?orderby=price-desc&filter_color=style-f-1pc,style-c-3pcs,style-a-1pc,style-c-1pc,style-f-3pcs,style-e-3pcs HTTP/2.0" 200 166050 "-" "meta-externalagent/1.1 (+https://developers.facebook.com/docs/sharing/webmasters/crawler)" cozeellc.com 162.144.4.212
216.73.216.122 - - [07/Mar/2026:06:41:52 -0600] "GET /product-category/health-beauty/page/1/?add-to-wishlist=4960 HTTP/1.1" 301 - "-" "Mozilla/5.0 AppleWebKit/537.36 (KHTML, like Gecko; compatible; ClaudeBot/1.0; +claudebot@anthropic.com)" cozeellc.com 162.144.4.212
216.73.216.122 - - [07/Mar/2026:06:41:52 -0600] "GET /product-category/health-beauty/page/1/?add-to-wishlist=4960 HTTP/2.0" 301 - "-" "Mozilla/5.0 AppleWebKit/537.36 (KHTML, like Gecko; compatible; ClaudeBot/1.0; +claudebot@anthropic.com)" cozeellc.com 162.144.4.212
216.73.216.122 - - [07/Mar/2026:06:41:52 -0600] "GET /product-category/health-beauty/?add-to-wishlist=4960 HTTP/1.1" 200 90757 "https://cozeellc.com/product-category/health-beauty/page/1/?add-to-wishlist=4960" "Mozilla/5.0 AppleWebKit/537.36 (KHTML, like Gecko; compatible; ClaudeBot/1.0; +claudebot@anthropic.com)" cozeellc.com 162.144.4.212
216.73.216.122 - - [07/Mar/2026:06:41:52 -0600] "GET /product-category/health-beauty/?add-to-wishlist=4960 HTTP/2.0" 200 90757 "https://cozeellc.com/product-category/health-beauty/page/1/?add-to-wishlist=4960" "Mozilla/5.0 AppleWebKit/537.36 (KHTML, like Gecko; compatible; ClaudeBot/1.0; +claudebot@anthropic.com)" cozeellc.com 162.144.4.212
216.73.216.122 - - [07/Mar/2026:06:41:54 -0600] "GET /product-category/health-beauty/?add-to-wishlist=4992&orderby=rating HTTP/1.1" 200 90815 "-" "Mozilla/5.0 AppleWebKit/537.36 (KHTML, like Gecko; compatible; ClaudeBot/1.0; +claudebot@anthropic.com)" cozeellc.com 162.144.4.212
216.73.216.122 - - [07/Mar/2026:06:41:54 -0600] "GET /product-category/health-beauty/?add-to-wishlist=4992&orderby=rating HTTP/2.0" 200 90815 "-" "Mozilla/5.0 AppleWebKit/537.36 (KHTML, like Gecko; compatible; ClaudeBot/1.0; +claudebot@anthropic.com)" cozeellc.com 162.144.4.212
57.141.6.68 - - [07/Mar/2026:06:41:55 -0600] "GET /product-category/health-beauty/?orderby=price-desc&filter_color=style-a-2pcs,style-b-3pcs,style-e-2pcs,style-d-1pc,style-c-2pcs,style-c-3pcs,style-d-2pcs,style-e-3pcs,style-b-2pcs HTTP/1.1" 200 165513 "-" "meta-externalagent/1.1 (+https://developers.facebook.com/docs/sharing/webmasters/crawler)" cozeellc.com 162.144.4.212
57.141.6.68 - - [07/Mar/2026:06:41:54 -0600] "GET /product-category/health-beauty/?orderby=price-desc&filter_color=style-a-2pcs,style-b-3pcs,style-e-2pcs,style-d-1pc,style-c-2pcs,style-c-3pcs,style-d-2pcs,style-e-3pcs,style-b-2pcs HTTP/2.0" 200 165513 "-" "meta-externalagent/1.1 (+https://developers.facebook.com/docs/sharing/webmasters/crawler)" cozeellc.com 162.144.4.212
216.73.216.122 - - [07/Mar/2026:06:41:57 -0600] "GET /product-category/health-beauty/?add-to-wishlist=4977&orderby=popularity HTTP/1.1" 200 90821 "-" "Mozilla/5.0 AppleWebKit/537.36 (KHTML, like Gecko; compatible; ClaudeBot/1.0; +claudebot@anthropic.com)" cozeellc.com 162.144.4.212
216.73.216.122 - - [07/Mar/2026:06:41:57 -0600] "GET /product-category/health-beauty/?add-to-wishlist=4977&orderby=popularity HTTP/2.0" 200 90821 "-" "Mozilla/5.0 AppleWebKit/537.36 (KHTML, like Gecko; compatible; ClaudeBot/1.0; +claudebot@anthropic.com)" cozeellc.com 162.144.4.212
57.141.6.50 - - [07/Mar/2026:06:41:58 -0600] "GET /product-category/health-beauty/?orderby=rating&filter_color=style-e-3pcs,style-e-1pc,style-c-3pcs,style-e-2pcs,style-b-2pcs,style-a-2pcs,style-b-1pc,style-c-2pcs HTTP/1.1" 200 164694 "-" "meta-externalagent/1.1 (+https://developers.facebook.com/docs/sharing/webmasters/crawler)" cozeellc.com 162.144.4.212
57.141.6.50 - - [07/Mar/2026:06:41:58 -0600] "GET /product-category/health-beauty/?orderby=rating&filter_color=style-e-3pcs,style-e-1pc,style-c-3pcs,style-e-2pcs,style-b-2pcs,style-a-2pcs,style-b-1pc,style-c-2pcs HTTP/2.0" 200 164694 "-" "meta-externalagent/1.1 (+https://developers.facebook.com/docs/sharing/webmasters/crawler)" cozeellc.com 162.144.4.212
216.73.216.122 - - [07/Mar/2026:06:41:59 -0600] "GET /product-category/health-beauty/?add_to_compare=4992&orderby=price-desc HTTP/1.1" 200 91953 "-" "Mozilla/5.0 AppleWebKit/537.36 (KHTML, like Gecko; compatible; ClaudeBot/1.0; +claudebot@anthropic.com)" cozeellc.com 162.144.4.212
216.73.216.122 - - [07/Mar/2026:06:41:59 -0600] "GET /product-category/health-beauty/?add_to_compare=4992&orderby=price-desc HTTP/2.0" 200 91953 "-" "Mozilla/5.0 AppleWebKit/537.36 (KHTML, like Gecko; compatible; ClaudeBot/1.0; +claudebot@anthropic.com)" cozeellc.com 162.144.4.212
14.170.232.200 - - [07/Mar/2026:06:41:58 -0600] "GET /product-category/computers-technologies/?filter_color=16gb-1024gb%2C16gb-256gb&orderby=price-desc HTTP/1.1" 500 1177 "-" "Mozilla/5.0 (Macintosh; Intel Mac OS X 10_13_6) AppleWebKit/537.36 (KHTML, like Gecko) Chrome/99.0.4844.84 Safari/537.36" cozeellc.com 162.144.4.212
14.170.232.200 - - [07/Mar/2026:06:41:58 -0600] "GET /product-category/computers-technologies/?filter_color=16gb-1024gb%2C16gb-256gb&orderby=price-desc HTTP/1.1" 500 1177 "-" "Mozilla/5.0 (Macintosh; Intel Mac OS X 10_13_6) AppleWebKit/537.36 (KHTML, like Gecko) Chrome/99.0.4844.84 Safari/537.36" cozeellc.com 162.144.4.212
57.141.6.12 - - [07/Mar/2026:06:42:01 -0600] "GET /shop/?orderby=price-desc&filter_color=zyq-1100%2Czyq-1104&filter_size=xxl,m,5xl,l,4xl HTTP/1.1" 200 162370 "-" "meta-externalagent/1.1 (+https://developers.facebook.com/docs/sharing/webmasters/crawler)" cozeellc.com 162.144.4.212
57.141.6.12 - - [07/Mar/2026:06:42:01 -0600] "GET /shop/?orderby=price-desc&filter_color=zyq-1100%2Czyq-1104&filter_size=xxl,m,5xl,l,4xl HTTP/2.0" 200 162370 "-" "meta-externalagent/1.1 (+https://developers.facebook.com/docs/sharing/webmasters/crawler)" cozeellc.com 162.144.4.212
216.73.216.122 - - [07/Mar/2026:06:42:02 -0600] "GET /product-category/health-beauty/page/2/?add-to-wishlist=5089 HTTP/1.1" 200 69930 "-" "Mozilla/5.0 AppleWebKit/537.36 (KHTML, like Gecko; compatible; ClaudeBot/1.0; +claudebot@anthropic.com)" cozeellc.com 162.144.4.212
216.73.216.122 - - [07/Mar/2026:06:42:02 -0600] "GET /product-category/health-beauty/page/2/?add-to-wishlist=5089 HTTP/2.0" 200 69930 "-" "Mozilla/5.0 AppleWebKit/537.36 (KHTML, like Gecko; compatible; ClaudeBot/1.0; +claudebot@anthropic.com)" cozeellc.com 162.144.4.212
57.141.6.33 - - [07/Mar/2026:06:42:04 -0600] "GET /shop/?orderby=price-desc&filter_color=style-a-2pcs,style-b-2pcs,style-d-2pcs,style-f-1pc,style-c-3pcs,style-c-1pc HTTP/1.1" 200 166078 "-" "meta-externalagent/1.1 (+https://developers.facebook.com/docs/sharing/webmasters/crawler)" cozeellc.com 162.144.4.212
57.141.6.33 - - [07/Mar/2026:06:42:04 -0600] "GET /shop/?orderby=price-desc&filter_color=style-a-2pcs,style-b-2pcs,style-d-2pcs,style-f-1pc,style-c-3pcs,style-c-1pc HTTP/2.0" 200 166078 "-" "meta-externalagent/1.1 (+https://developers.facebook.com/docs/sharing/webmasters/crawler)" cozeellc.com 162.144.4.212
216.73.216.122 - - [07/Mar/2026:06:42:04 -0600] "GET /product-category/health-beauty/?add-to-wishlist=5094&orderby=date HTTP/1.1" 200 90247 "-" "Mozilla/5.0 AppleWebKit/537.36 (KHTML, like Gecko; compatible; ClaudeBot/1.0; +claudebot@anthropic.com)" cozeellc.com 162.144.4.212
216.73.216.122 - - [07/Mar/2026:06:42:04 -0600] "GET /product-category/health-beauty/?add-to-wishlist=5094&orderby=date HTTP/2.0" 200 90247 "-" "Mozilla/5.0 AppleWebKit/537.36 (KHTML, like Gecko; compatible; ClaudeBot/1.0; +claudebot@anthropic.com)" cozeellc.com 162.144.4.212
216.73.216.122 - - [07/Mar/2026:06:42:07 -0600] "GET /product-category/health-beauty/page/1/?add-to-wishlist=4968 HTTP/1.1" 301 - "-" "Mozilla/5.0 AppleWebKit/537.36 (KHTML, like Gecko; compatible; ClaudeBot/1.0; +claudebot@anthropic.com)" cozeellc.com 162.144.4.212
216.73.216.122 - - [07/Mar/2026:06:42:07 -0600] "GET /product-category/health-beauty/page/1/?add-to-wishlist=4968 HTTP/2.0" 301 - "-" "Mozilla/5.0 AppleWebKit/537.36 (KHTML, like Gecko; compatible; ClaudeBot/1.0; +claudebot@anthropic.com)" cozeellc.com 162.144.4.212
57.141.6.16 - - [07/Mar/2026:06:42:07 -0600] "GET /shop/?filter_color=style-a-1pc,style-a-3pcs,style-c-3pcs,style-d-1pc,style-e-1pc,style-b-3pcs,style-a-2pcs,style-f-3pcs HTTP/1.1" 200 166685 "-" "meta-externalagent/1.1 (+https://developers.facebook.com/docs/sharing/webmasters/crawler)" cozeellc.com 162.144.4.212
57.141.6.16 - - [07/Mar/2026:06:42:07 -0600] "GET /shop/?filter_color=style-a-1pc,style-a-3pcs,style-c-3pcs,style-d-1pc,style-e-1pc,style-b-3pcs,style-a-2pcs,style-f-3pcs HTTP/2.0" 200 166685 "-" "meta-externalagent/1.1 (+https://developers.facebook.com/docs/sharing/webmasters/crawler)" cozeellc.com 162.144.4.212
216.73.216.122 - - [07/Mar/2026:06:42:07 -0600] "GET /product-category/health-beauty/?add-to-wishlist=4968 HTTP/1.1" 200 90768 "https://cozeellc.com/product-category/health-beauty/page/1/?add-to-wishlist=4968" "Mozilla/5.0 AppleWebKit/537.36 (KHTML, like Gecko; compatible; ClaudeBot/1.0; +claudebot@anthropic.com)" cozeellc.com 162.144.4.212
