130.51.23.23 - - [07/Mar/2026:06:29:05 -0600] "GET /2026/01/22/best-promo-code-for-1xbet-ghana-allinmax-e130-bonus/ HTTP/1.1" 200 56297 "https://cozeellc.com/" "Mozilla/5.0 (X11; Linux x86_64) AppleWebKit/537.36 (KHTML, like Gecko) Chrome/114.0.0.0 Safari/537.36 Vivaldi/5.3.2679.68" cozeellc.com 162.144.4.212
57.141.6.66 - - [07/Mar/2026:06:29:06 -0600] "GET /shop/?orderby=price&filter_color=style-b-3pcs,style-d-3pcs,style-a-3pcs,style-b-2pcs,style-d-2pcs,style-b-1pc HTTP/1.1" 200 181021 "-" "meta-externalagent/1.1 (+https://developers.facebook.com/docs/sharing/webmasters/crawler)" cozeellc.com 162.144.4.212
57.141.6.66 - - [07/Mar/2026:06:29:06 -0600] "GET /shop/?orderby=price&filter_color=style-b-3pcs,style-d-3pcs,style-a-3pcs,style-b-2pcs,style-d-2pcs,style-b-1pc HTTP/2.0" 200 181021 "-" "meta-externalagent/1.1 (+https://developers.facebook.com/docs/sharing/webmasters/crawler)" cozeellc.com 162.144.4.212
216.73.216.122 - - [07/Mar/2026:06:29:09 -0600] "GET /blog/?lokasie=%2Fhome4%2Fcozeellc%2Fpublic_html%2Fwp-includes%2Fcompat.php&loknya=%2Fhome4%2Fcozeellc%2Fpublic_html%2Fwp-includes HTTP/2.0" 409 83 "-" "Mozilla/5.0 AppleWebKit/537.36 (KHTML, like Gecko; compatible; ClaudeBot/1.0; +claudebot@anthropic.com)" cozeellc.com 162.144.4.212
57.141.6.63 - - [07/Mar/2026:06:29:13 -0600] "GET /shop/?orderby=rating&filter_color=zyq-1102%2Czyq-1104&filter_size=xxxl,l,m,xxl,xl,4xl HTTP/1.1" 200 162646 "-" "meta-externalagent/1.1 (+https://developers.facebook.com/docs/sharing/webmasters/crawler)" cozeellc.com 162.144.4.212
57.141.6.63 - - [07/Mar/2026:06:29:13 -0600] "GET /shop/?orderby=rating&filter_color=zyq-1102%2Czyq-1104&filter_size=xxxl,l,m,xxl,xl,4xl HTTP/2.0" 200 162646 "-" "meta-externalagent/1.1 (+https://developers.facebook.com/docs/sharing/webmasters/crawler)" cozeellc.com 162.144.4.212
216.73.216.122 - - [07/Mar/2026:06:29:14 -0600] "GET /blog/?lokasie=%2Fhome4%2Fcozeellc%2Fpublic_html%2Fwp-admin%2Fsite-editor.php&loknya=%2Fhome4%2Fcozeellc%2Fpublic_html%2Fwp-admin HTTP/2.0" 409 83 "-" "Mozilla/5.0 AppleWebKit/537.36 (KHTML, like Gecko; compatible; ClaudeBot/1.0; +claudebot@anthropic.com)" cozeellc.com 162.144.4.212
152.39.243.7 - - [07/Mar/2026:06:29:14 -0600] "GET /product-category/health-beauty/?filter_color=style-d-1pc%2Cstyle-a-3pcs%2Cstyle-e-1pc%2Cstyle-b-2pcs%2Cstyle-c-2pcs%2Cstyle-b-3pcs%2Cstyle-e-2pcs%2Cstyle-e-3pcs&orderby=rating HTTP/1.1" 200 33872 "-" "Mozilla/5.0 (Linux; Android 8.0; Pixel 2 Build/OPD3.170816.012) AppleWebKit/537.36 (KHTML, like Gecko) Chrome/47.0.8219.1805 Mobile Safari/537.36" cozeellc.com 162.144.4.212
152.39.243.7 - - [07/Mar/2026:06:29:14 -0600] "GET /product-category/health-beauty/?filter_color=style-d-1pc%2Cstyle-a-3pcs%2Cstyle-e-1pc%2Cstyle-b-2pcs%2Cstyle-c-2pcs%2Cstyle-b-3pcs%2Cstyle-e-2pcs%2Cstyle-e-3pcs&orderby=rating HTTP/2.0" 200 33872 "-" "Mozilla/5.0 (Linux; Android 8.0; Pixel 2 Build/OPD3.170816.012) AppleWebKit/537.36 (KHTML, like Gecko) Chrome/47.0.8219.1805 Mobile Safari/537.36" cozeellc.com 162.144.4.212
216.73.216.122 - - [07/Mar/2026:06:29:19 -0600] "GET /blog/?lokasie=%2Fhome4%2Fcozeellc%2Fpublic_html%2Fwp-includes%2Fcompat-utf8.php&loknya=%2Fhome4%2Fcozeellc%2Fpublic_html%2Fwp-includes HTTP/2.0" 409 83 "-" "Mozilla/5.0 AppleWebKit/537.36 (KHTML, like Gecko; compatible; ClaudeBot/1.0; +claudebot@anthropic.com)" cozeellc.com 162.144.4.212
162.144.4.212 - - [07/Mar/2026:06:29:21 -0600] "POST /wp-cron.php?doing_wp_cron=1772886561.0055279731750488281250 HTTP/1.1" 200 - "-" "WordPress/6.9; https://cozeellc.com" cozeellc.com 162.144.4.212
57.141.6.12 - - [07/Mar/2026:06:29:19 -0600] "GET /product-category/health-beauty/?orderby=rating&filter_color=style-c-1pc,style-c-2pcs,style-e-1pc,style-e-3pcs,style-d-3pcs HTTP/1.1" 200 162789 "-" "meta-externalagent/1.1 (+https://developers.facebook.com/docs/sharing/webmasters/crawler)" cozeellc.com 162.144.4.212
57.141.6.12 - - [07/Mar/2026:06:29:19 -0600] "GET /product-category/health-beauty/?orderby=rating&filter_color=style-c-1pc,style-c-2pcs,style-e-1pc,style-e-3pcs,style-d-3pcs HTTP/2.0" 200 162789 "-" "meta-externalagent/1.1 (+https://developers.facebook.com/docs/sharing/webmasters/crawler)" cozeellc.com 162.144.4.212
216.73.216.122 - - [07/Mar/2026:06:29:24 -0600] "GET /blog/?lokasie=%2Fhome4%2Fcozeellc%2Fpublic_html%2Fwp-includes%2Fadmin-bar.php&loknya=%2Fhome4%2Fcozeellc%2Fpublic_html%2Fwp-includes HTTP/2.0" 409 83 "-" "Mozilla/5.0 AppleWebKit/537.36 (KHTML, like Gecko; compatible; ClaudeBot/1.0; +claudebot@anthropic.com)" cozeellc.com 162.144.4.212
162.144.4.212 - - [07/Mar/2026:06:29:26 -0600] "POST /wp-cron.php?doing_wp_cron=1772886566.9599039554595947265625 HTTP/1.1" 200 - "-" "WordPress/6.9; https://cozeellc.com" cozeellc.com 162.144.4.212
57.141.6.54 - - [07/Mar/2026:06:29:25 -0600] "GET /shop/?orderby=popularity&filter_size=m%2Cxxl%2Cs%2Cl%2C4xl%2Cxl%2Cxxxl HTTP/1.1" 200 161633 "-" "meta-externalagent/1.1 (+https://developers.facebook.com/docs/sharing/webmasters/crawler)" cozeellc.com 162.144.4.212
57.141.6.54 - - [07/Mar/2026:06:29:25 -0600] "GET /shop/?orderby=popularity&filter_size=m%2Cxxl%2Cs%2Cl%2C4xl%2Cxl%2Cxxxl HTTP/2.0" 200 161633 "-" "meta-externalagent/1.1 (+https://developers.facebook.com/docs/sharing/webmasters/crawler)" cozeellc.com 162.144.4.212
162.144.4.212 - - [07/Mar/2026:06:29:27 -0600] "POST /wp-admin/admin-ajax.php?action=async_litespeed&nonce=Bj2TtHmt60pGvILK5sjZ8iXOteqbWLhY&litespeed_type=imgoptm HTTP/1.1" 500 155 "-" "WordPress/6.9; https://cozeellc.com" cozeellc.com 162.144.4.212
216.73.216.122 - - [07/Mar/2026:06:29:29 -0600] "GET /blog/?lokasie=%2Fhome4%2Fcozeellc%2Fpublic_html%2Fwp-admin%2Fupdate.php&loknya=%2Fhome4%2Fcozeellc%2Fpublic_html%2Fwp-admin HTTP/2.0" 409 83 "-" "Mozilla/5.0 AppleWebKit/537.36 (KHTML, like Gecko; compatible; ClaudeBot/1.0; +claudebot@anthropic.com)" cozeellc.com 162.144.4.212
57.141.6.2 - - [07/Mar/2026:06:29:31 -0600] "GET /shop/?orderby=price-desc&filter_color=style-f-1pc,style-b-2pcs,style-b-3pcs,style-e-3pcs,style-d-2pcs,style-d-1pc,style-e-1pc HTTP/1.1" 200 166701 "-" "meta-externalagent/1.1 (+https://developers.facebook.com/docs/sharing/webmasters/crawler)" cozeellc.com 162.144.4.212
57.141.6.2 - - [07/Mar/2026:06:29:31 -0600] "GET /shop/?orderby=price-desc&filter_color=style-f-1pc,style-b-2pcs,style-b-3pcs,style-e-3pcs,style-d-2pcs,style-d-1pc,style-e-1pc HTTP/2.0" 200 166701 "-" "meta-externalagent/1.1 (+https://developers.facebook.com/docs/sharing/webmasters/crawler)" cozeellc.com 162.144.4.212
216.73.216.122 - - [07/Mar/2026:06:29:34 -0600] "GET /blog/?lokasie=%2Fhome4%2Fcozeellc%2Fpublic_html%2Fwp-includes%2Ffeed-atom.php&loknya=%2Fhome4%2Fcozeellc%2Fpublic_html%2Fwp-includes HTTP/2.0" 409 83 "-" "Mozilla/5.0 AppleWebKit/537.36 (KHTML, like Gecko; compatible; ClaudeBot/1.0; +claudebot@anthropic.com)" cozeellc.com 162.144.4.212
162.144.4.212 - - [07/Mar/2026:06:29:39 -0600] "POST /wp-cron.php?doing_wp_cron=1772886579.3308498859405517578125 HTTP/1.1" 200 - "-" "WordPress/6.9; https://cozeellc.com" cozeellc.com 162.144.4.212
57.141.6.66 - - [07/Mar/2026:06:29:37 -0600] "GET /shop/?filter_color=style-a-2pcs,style-f-3pcs,style-a-3pcs,style-e-2pcs,style-f-2pcs,style-d-3pcs,style-c-2pcs,style-e-3pcs,style-b-2pcs HTTP/1.1" 500 2653 "-" "meta-externalagent/1.1 (+https://developers.facebook.com/docs/sharing/webmasters/crawler)" cozeellc.com 162.144.4.212
57.141.6.66 - - [07/Mar/2026:06:29:37 -0600] "GET /shop/?filter_color=style-a-2pcs,style-f-3pcs,style-a-3pcs,style-e-2pcs,style-f-2pcs,style-d-3pcs,style-c-2pcs,style-e-3pcs,style-b-2pcs HTTP/2.0" 500 2653 "-" "meta-externalagent/1.1 (+https://developers.facebook.com/docs/sharing/webmasters/crawler)" cozeellc.com 162.144.4.212
216.73.216.122 - - [07/Mar/2026:06:29:39 -0600] "GET /blog/?lokasie=%2Fhome4%2Fcozeellc%2Fpublic_html%2Fwp-includes%2Fms-load.php&loknya=%2Fhome4%2Fcozeellc%2Fpublic_html%2Fwp-includes HTTP/2.0" 409 83 "-" "Mozilla/5.0 AppleWebKit/537.36 (KHTML, like Gecko; compatible; ClaudeBot/1.0; +claudebot@anthropic.com)" cozeellc.com 162.144.4.212
162.144.4.212 - - [07/Mar/2026:06:29:39 -0600] "PURGE /.* HTTP/1.1" 204 - "-" "WordPress/6.9; https://cozeellc.com; EPC/v2.2.2/epc_scheduled_purge_all" cozeellc.com 162.144.4.212
162.144.4.212 - - [07/Mar/2026:06:29:39 -0600] "PURGE /.* HTTP/1.1" 204 - "-" "WordPress/6.9; https://cozeellc.com; EPC/v2.2.2/epc_scheduled_purge_all" cozeellc.com 162.144.4.212
57.141.6.73 - - [07/Mar/2026:06:29:42 -0600] "GET /shop/?filter_color=style-a-2pcs,style-b-2pcs,style-f-1pc,style-f-3pcs,style-b-3pcs,style-c-2pcs,style-c-1pc,style-f-2pcs HTTP/1.1" 200 166715 "-" "meta-externalagent/1.1 (+https://developers.facebook.com/docs/sharing/webmasters/crawler)" cozeellc.com 162.144.4.212
57.141.6.73 - - [07/Mar/2026:06:29:42 -0600] "GET /shop/?filter_color=style-a-2pcs,style-b-2pcs,style-f-1pc,style-f-3pcs,style-b-3pcs,style-c-2pcs,style-c-1pc,style-f-2pcs HTTP/2.0" 200 166715 "-" "meta-externalagent/1.1 (+https://developers.facebook.com/docs/sharing/webmasters/crawler)" cozeellc.com 162.144.4.212
216.73.216.122 - - [07/Mar/2026:06:29:44 -0600] "GET /blog/?lokasie=%2Fhome4%2Fcozeellc%2Fpublic_html%2Fwp-includes%2Fversion.php&loknya=%2Fhome4%2Fcozeellc%2Fpublic_html%2Fwp-includes HTTP/2.0" 409 83 "-" "Mozilla/5.0 AppleWebKit/537.36 (KHTML, like Gecko; compatible; ClaudeBot/1.0; +claudebot@anthropic.com)" cozeellc.com 162.144.4.212
57.141.6.41 - - [07/Mar/2026:06:29:43 -0600] "GET /shop/?orderby=popularity&filter_color=style-f-1pc,style-e-2pcs,style-c-3pcs,style-d-1pc,style-b-1pc,style-f-2pcs,style-c-2pcs HTTP/1.1" 500 2653 "-" "meta-externalagent/1.1 (+https://developers.facebook.com/docs/sharing/webmasters/crawler)" cozeellc.com 162.144.4.212
57.141.6.41 - - [07/Mar/2026:06:29:43 -0600] "GET /shop/?orderby=popularity&filter_color=style-f-1pc,style-e-2pcs,style-c-3pcs,style-d-1pc,style-b-1pc,style-f-2pcs,style-c-2pcs HTTP/2.0" 500 2653 "-" "meta-externalagent/1.1 (+https://developers.facebook.com/docs/sharing/webmasters/crawler)" cozeellc.com 162.144.4.212
57.141.6.64 - - [07/Mar/2026:06:29:48 -0600] "GET /shop/?orderby=date&filter_size=5xl%2Cs%2Cm%2Cl%2Cxl%2Cxxxl&filter_color=zyq-1100,zyq-1102,zyq-1101 HTTP/1.1" 200 163067 "-" "meta-externalagent/1.1 (+https://developers.facebook.com/docs/sharing/webmasters/crawler)" cozeellc.com 162.144.4.212
216.73.216.122 - - [07/Mar/2026:06:29:49 -0600] "GET /blog/?lokasie=%2Fhome4%2Fcozeellc%2Fpublic_html%2Fwp-includes%2Futf8.php&loknya=%2Fhome4%2Fcozeellc%2Fpublic_html%2Fwp-includes HTTP/2.0" 409 83 "-" "Mozilla/5.0 AppleWebKit/537.36 (KHTML, like Gecko; compatible; ClaudeBot/1.0; +claudebot@anthropic.com)" cozeellc.com 162.144.4.212
106.49.59.96 - - [07/Mar/2026:06:29:48 -0600] "GET /product-category/health-beauty/?filter_color=style-e-1pc%2Cstyle-a-1pc%2Cstyle-a-2pcs%2Cstyle-b-1pc%2Cstyle-c-2pcs%2Cstyle-b-2pcs%2Cstyle-c-3pcs&orderby=rating HTTP/1.1" 200 33837 "-" "Mozilla/5.0 (Linux; Android 5.0; SM-G900P Build/LRX21T) AppleWebKit/537.36 (KHTML, like Gecko) Chrome/40.0.6821.1712 Mobile Safari/537.36" cozeellc.com 162.144.4.212
106.49.59.96 - - [07/Mar/2026:06:29:48 -0600] "GET /product-category/health-beauty/?filter_color=style-e-1pc%2Cstyle-a-1pc%2Cstyle-a-2pcs%2Cstyle-b-1pc%2Cstyle-c-2pcs%2Cstyle-b-2pcs%2Cstyle-c-3pcs&orderby=rating HTTP/2.0" 200 33837 "-" "Mozilla/5.0 (Linux; Android 5.0; SM-G900P Build/LRX21T) AppleWebKit/537.36 (KHTML, like Gecko) Chrome/40.0.6821.1712 Mobile Safari/537.36" cozeellc.com 162.144.4.212
57.141.6.64 - - [07/Mar/2026:06:29:48 -0600] "GET /shop/?orderby=date&filter_size=5xl%2Cs%2Cm%2Cl%2Cxl%2Cxxxl&filter_color=zyq-1100,zyq-1102,zyq-1101 HTTP/2.0" 200 163067 "-" "meta-externalagent/1.1 (+https://developers.facebook.com/docs/sharing/webmasters/crawler)" cozeellc.com 162.144.4.212
57.141.6.49 - - [07/Mar/2026:06:29:49 -0600] "GET /shop/?orderby=price-desc&filter_color=style-f-2pcs,style-e-3pcs,style-b-2pcs,style-e-1pc,style-a-2pcs,style-c-3pcs,style-e-2pcs HTTP/1.1" 500 2653 "-" "meta-externalagent/1.1 (+https://developers.facebook.com/docs/sharing/webmasters/crawler)" cozeellc.com 162.144.4.212
57.141.6.49 - - [07/Mar/2026:06:29:48 -0600] "GET /shop/?orderby=price-desc&filter_color=style-f-2pcs,style-e-3pcs,style-b-2pcs,style-e-1pc,style-a-2pcs,style-c-3pcs,style-e-2pcs HTTP/2.0" 500 2653 "-" "meta-externalagent/1.1 (+https://developers.facebook.com/docs/sharing/webmasters/crawler)" cozeellc.com 162.144.4.212
216.73.216.122 - - [07/Mar/2026:06:29:54 -0600] "GET /blog/?lokasie=%2Fhome4%2Fcozeellc%2Fpublic_html%2Fwp-includes%2Fclass-wp-metadata-lazyloader.php&loknya=%2Fhome4%2Fcozeellc%2Fpublic_html%2Fwp-includes HTTP/2.0" 409 83 "-" "Mozilla/5.0 AppleWebKit/537.36 (KHTML, like Gecko; compatible; ClaudeBot/1.0; +claudebot@anthropic.com)" cozeellc.com 162.144.4.212
57.141.6.65 - - [07/Mar/2026:06:29:55 -0600] "GET /shop/?orderby=price-desc&filter_color=style-a-3pcs,style-e-3pcs,style-e-1pc,style-f-2pcs,style-c-3pcs,style-d-1pc,style-d-2pcs HTTP/1.1" 200 166730 "-" "meta-externalagent/1.1 (+https://developers.facebook.com/docs/sharing/webmasters/crawler)" cozeellc.com 162.144.4.212
57.141.6.65 - - [07/Mar/2026:06:29:55 -0600] "GET /shop/?orderby=price-desc&filter_color=style-a-3pcs,style-e-3pcs,style-e-1pc,style-f-2pcs,style-c-3pcs,style-d-1pc,style-d-2pcs HTTP/2.0" 200 166730 "-" "meta-externalagent/1.1 (+https://developers.facebook.com/docs/sharing/webmasters/crawler)" cozeellc.com 162.144.4.212
57.141.6.63 - - [07/Mar/2026:06:29:55 -0600] "GET /shop/?filter_color=style-e-2pcs,style-b-2pcs,style-b-1pc,style-a-3pcs,style-d-3pcs HTTP/1.1" 200 179898 "-" "meta-externalagent/1.1 (+https://developers.facebook.com/docs/sharing/webmasters/crawler)" cozeellc.com 162.144.4.212
57.141.6.63 - - [07/Mar/2026:06:29:55 -0600] "GET /shop/?filter_color=style-e-2pcs,style-b-2pcs,style-b-1pc,style-a-3pcs,style-d-3pcs HTTP/2.0" 200 179898 "-" "meta-externalagent/1.1 (+https://developers.facebook.com/docs/sharing/webmasters/crawler)" cozeellc.com 162.144.4.212
216.73.216.122 - - [07/Mar/2026:06:30:00 -0600] "GET /blog/?lokasie=%2F%2F.mig-testfile&loknya=%2F HTTP/1.1" 200 1604 "-" "Mozilla/5.0 AppleWebKit/537.36 (KHTML, like Gecko; compatible; ClaudeBot/1.0; +claudebot@anthropic.com)" cozeellc.com 162.144.4.212
216.73.216.122 - - [07/Mar/2026:06:30:00 -0600] "GET /blog/?lokasie=%2F%2F.mig-testfile&loknya=%2F HTTP/2.0" 200 1604 "-" "Mozilla/5.0 AppleWebKit/537.36 (KHTML, like Gecko; compatible; ClaudeBot/1.0; +claudebot@anthropic.com)" cozeellc.com 162.144.4.212
57.141.6.18 - - [07/Mar/2026:06:30:01 -0600] "GET /shop/?orderby=price-desc&filter_color=style-a-1pc,style-d-3pcs,style-c-1pc,style-f-3pcs,style-b-3pcs,style-c-2pcs,style-a-2pcs,style-e-1pc HTTP/1.1" 200 167378 "-" "meta-externalagent/1.1 (+https://developers.facebook.com/docs/sharing/webmasters/crawler)" cozeellc.com 162.144.4.212
57.141.6.18 - - [07/Mar/2026:06:30:01 -0600] "GET /shop/?orderby=price-desc&filter_color=style-a-1pc,style-d-3pcs,style-c-1pc,style-f-3pcs,style-b-3pcs,style-c-2pcs,style-a-2pcs,style-e-1pc HTTP/2.0" 200 167378 "-" "meta-externalagent/1.1 (+https://developers.facebook.com/docs/sharing/webmasters/crawler)" cozeellc.com 162.144.4.212
216.73.216.122 - - [07/Mar/2026:06:30:05 -0600] "GET /blog/?lokasie=%2Fhome4%2Fcozeellc%2Fpublic_html%2Fwp-includes%2Fmedia.php&loknya=%2Fhome4%2Fcozeellc%2Fpublic_html%2Fwp-includes HTTP/2.0" 409 83 "-" "Mozilla/5.0 AppleWebKit/537.36 (KHTML, like Gecko; compatible; ClaudeBot/1.0; +claudebot@anthropic.com)" cozeellc.com 162.144.4.212
57.141.6.54 - - [07/Mar/2026:06:30:07 -0600] "GET /product-category/health-beauty/makeup/?orderby=rating&filter_color=style-a-2pcs,style-e-2pcs,style-d-3pcs,style-b-2pcs,style-c-1pc HTTP/1.1" 500 2653 "-" "meta-externalagent/1.1 (+https://developers.facebook.com/docs/sharing/webmasters/crawler)" cozeellc.com 162.144.4.212
57.141.6.54 - - [07/Mar/2026:06:30:07 -0600] "GET /product-category/health-beauty/makeup/?orderby=rating&filter_color=style-a-2pcs,style-e-2pcs,style-d-3pcs,style-b-2pcs,style-c-1pc HTTP/2.0" 500 2653 "-" "meta-externalagent/1.1 (+https://developers.facebook.com/docs/sharing/webmasters/crawler)" cozeellc.com 162.144.4.212
216.73.216.122 - - [07/Mar/2026:06:30:10 -0600] "GET /blog/?lokasie=%2Fhome4%2Fcozeellc%2Fpublic_html%2Fwp-includes%2Ftheme.json&loknya=%2Fhome4%2Fcozeellc%2Fpublic_html%2Fwp-includes HTTP/2.0" 200 4307 "-" "Mozilla/5.0 AppleWebKit/537.36 (KHTML, like Gecko; compatible; ClaudeBot/1.0; +claudebot@anthropic.com)" cozeellc.com 162.144.4.212
57.141.6.18 - - [07/Mar/2026:06:30:12 -0600] "GET /shop/?orderby=date&filter_color=style-f-3pcs,style-e-1pc,style-b-1pc,style-e-3pcs,style-d-2pcs,style-c-3pcs,style-c-2pcs,style-a-1pc HTTP/1.1" 200 167204 "-" "meta-externalagent/1.1 (+https://developers.facebook.com/docs/sharing/webmasters/crawler)" cozeellc.com 162.144.4.212
57.141.6.4 - - [07/Mar/2026:06:30:13 -0600] "GET /shop/?orderby=popularity&filter_color=style-f-3pcs,style-a-2pcs,style-f-1pc,style-a-1pc,style-b-2pcs,style-d-3pcs,style-e-3pcs HTTP/1.1" 200 166722 "-" "meta-externalagent/1.1 (+https://developers.facebook.com/docs/sharing/webmasters/crawler)" cozeellc.com 162.144.4.212
57.141.6.18 - - [07/Mar/2026:06:30:12 -0600] "GET /shop/?orderby=date&filter_color=style-f-3pcs,style-e-1pc,style-b-1pc,style-e-3pcs,style-d-2pcs,style-c-3pcs,style-c-2pcs,style-a-1pc HTTP/2.0" 200 167204 "-" "meta-externalagent/1.1 (+https://developers.facebook.com/docs/sharing/webmasters/crawler)" cozeellc.com 162.144.4.212
57.141.6.4 - - [07/Mar/2026:06:30:13 -0600] "GET /shop/?orderby=popularity&filter_color=style-f-3pcs,style-a-2pcs,style-f-1pc,style-a-1pc,style-b-2pcs,style-d-3pcs,style-e-3pcs HTTP/2.0" 200 166722 "-" "meta-externalagent/1.1 (+https://developers.facebook.com/docs/sharing/webmasters/crawler)" cozeellc.com 162.144.4.212
216.73.216.122 - - [07/Mar/2026:06:30:15 -0600] "GET /blog/?lokasie=%2Fhome4%2Fcozeellc%2Fpublic_html%2Fwp-admin%2Fupgrade.php&loknya=%2Fhome4%2Fcozeellc%2Fpublic_html%2Fwp-admin HTTP/2.0" 409 83 "-" "Mozilla/5.0 AppleWebKit/537.36 (KHTML, like Gecko; compatible; ClaudeBot/1.0; +claudebot@anthropic.com)" cozeellc.com 162.144.4.212
216.73.216.122 - - [07/Mar/2026:06:30:20 -0600] "GET /blog/?lokasie=%2Fhome4%2Fcozeellc%2Fpublic_html%2Fwp-includes%2Fclass-wp-locale-switcher.php&loknya=%2Fhome4%2Fcozeellc%2Fpublic_html%2Fwp-includes HTTP/2.0" 409 83 "-" "Mozilla/5.0 AppleWebKit/537.36 (KHTML, like Gecko; compatible; ClaudeBot/1.0; +claudebot@anthropic.com)" cozeellc.com 162.144.4.212
162.144.4.212 - - [07/Mar/2026:06:30:20 -0600] "POST /wp-cron.php?doing_wp_cron=1772886620.8482160568237304687500 HTTP/1.1" 200 - "-" "WordPress/6.9; https://cozeellc.com" cozeellc.com 162.144.4.212
57.141.6.63 - - [07/Mar/2026:06:30:19 -0600] "GET /product-category/health-beauty/?filter_color=style-d-2pcs,style-a-1pc,style-b-1pc,style-e-2pcs,style-e-1pc,style-c-2pcs,style-c-3pcs,style-c-1pc HTTP/1.1" 200 164119 "-" "meta-externalagent/1.1 (+https://developers.facebook.com/docs/sharing/webmasters/crawler)" cozeellc.com 162.144.4.212
57.141.6.63 - - [07/Mar/2026:06:30:19 -0600] "GET /product-category/health-beauty/?filter_color=style-d-2pcs,style-a-1pc,style-b-1pc,style-e-2pcs,style-e-1pc,style-c-2pcs,style-c-3pcs,style-c-1pc HTTP/2.0" 200 164119 "-" "meta-externalagent/1.1 (+https://developers.facebook.com/docs/sharing/webmasters/crawler)" cozeellc.com 162.144.4.212
216.73.216.122 - - [07/Mar/2026:06:30:25 -0600] "GET /blog/?lokasie=%2Fhome4%2Fcozeellc%2Fpublic_html%2Fwp-includes%2Fclass-avif-info.php&loknya=%2Fhome4%2Fcozeellc%2Fpublic_html%2Fwp-includes HTTP/2.0" 409 83 "-" "Mozilla/5.0 AppleWebKit/537.36 (KHTML, like Gecko; compatible; ClaudeBot/1.0; +claudebot@anthropic.com)" cozeellc.com 162.144.4.212
162.144.4.212 - - [07/Mar/2026:06:30:26 -0600] "POST /wp-cron.php?doing_wp_cron=1772886626.1816229820251464843750 HTTP/1.1" 200 - "-" "WordPress/6.9; https://cozeellc.com" cozeellc.com 162.144.4.212
204.1.137.158 - - [07/Mar/2026:06:30:25 -0600] "GET /product-category/health-beauty/?filter_color=style-a-2pcs%2Cstyle-e-2pcs%2Cstyle-b-3pcs%2Cstyle-a-3pcs%2Cstyle-e-3pcs%2Cstyle-b-1pc&orderby=price HTTP/1.1" 200 33805 "-" "Mozilla/5.0 (Linux; Android 8.0; Pixel 2 Build/OPD3.170816.012) AppleWebKit/537.36 (KHTML, like Gecko) Chrome/57.0.2032.1285 Mobile Safari/537.36" cozeellc.com 162.144.4.212
204.1.137.158 - - [07/Mar/2026:06:30:25 -0600] "GET /product-category/health-beauty/?filter_color=style-a-2pcs%2Cstyle-e-2pcs%2Cstyle-b-3pcs%2Cstyle-a-3pcs%2Cstyle-e-3pcs%2Cstyle-b-1pc&orderby=price HTTP/2.0" 200 33805 "-" "Mozilla/5.0 (Linux; Android 8.0; Pixel 2 Build/OPD3.170816.012) AppleWebKit/537.36 (KHTML, like Gecko) Chrome/57.0.2032.1285 Mobile Safari/537.36" cozeellc.com 162.144.4.212
162.144.4.212 - - [07/Mar/2026:06:30:26 -0600] "POST /wp-admin/admin-ajax.php?action=async_litespeed&nonce=pR8MoPQ2vn3Y8GIsMJPrEglh3WvJYzff&litespeed_type=imgoptm HTTP/1.1" 500 155 "-" "WordPress/6.9; https://cozeellc.com" cozeellc.com 162.144.4.212
162.144.4.212 - - [07/Mar/2026:06:30:26 -0600] "POST /wp-cron.php?doing_wp_cron=1772886626.9105761051177978515625 HTTP/1.1" 200 - "-" "WordPress/6.9; https://cozeellc.com" cozeellc.com 162.144.4.212
57.141.6.21 - - [07/Mar/2026:06:30:24 -0600] "GET /shop/?orderby=popularity&filter_color=style-a-3pcs,style-b-3pcs,style-e-2pcs,style-c-1pc,style-b-2pcs,style-c-2pcs,style-b-1pc,style-f-2pcs,style-a-2pcs HTTP/1.1" 500 2653 "-" "meta-externalagent/1.1 (+https://developers.facebook.com/docs/sharing/webmasters/crawler)" cozeellc.com 162.144.4.212
57.141.6.21 - - [07/Mar/2026:06:30:24 -0600] "GET /shop/?orderby=popularity&filter_color=style-a-3pcs,style-b-3pcs,style-e-2pcs,style-c-1pc,style-b-2pcs,style-c-2pcs,style-b-1pc,style-f-2pcs,style-a-2pcs HTTP/2.0" 500 2653 "-" "meta-externalagent/1.1 (+https://developers.facebook.com/docs/sharing/webmasters/crawler)" cozeellc.com 162.144.4.212
216.73.216.122 - - [07/Mar/2026:06:30:30 -0600] "GET /blog/?lokasie=%2Fhome4%2Fcozeellc%2Fpublic_html%2Fwp-includes%2Ftaxonomy.php&loknya=%2Fhome4%2Fcozeellc%2Fpublic_html%2Fwp-includes HTTP/2.0" 409 83 "-" "Mozilla/5.0 AppleWebKit/537.36 (KHTML, like Gecko; compatible; ClaudeBot/1.0; +claudebot@anthropic.com)" cozeellc.com 162.144.4.212
57.141.6.41 - - [07/Mar/2026:06:30:29 -0600] "GET /product-category/health-beauty/?filter_color=style-c-2pcs,style-a-1pc,style-b-1pc,style-a-3pcs,style-d-1pc,style-d-2pcs,style-e-3pcs,style-b-2pcs HTTP/1.1" 200 164146 "-" "meta-externalagent/1.1 (+https://developers.facebook.com/docs/sharing/webmasters/crawler)" cozeellc.com 162.144.4.212
57.141.6.41 - - [07/Mar/2026:06:30:29 -0600] "GET /product-category/health-beauty/?filter_color=style-c-2pcs,style-a-1pc,style-b-1pc,style-a-3pcs,style-d-1pc,style-d-2pcs,style-e-3pcs,style-b-2pcs HTTP/2.0" 200 164146 "-" "meta-externalagent/1.1 (+https://developers.facebook.com/docs/sharing/webmasters/crawler)" cozeellc.com 162.144.4.212
57.141.6.28 - - [07/Mar/2026:06:30:30 -0600] "GET /shop/?orderby=popularity&filter_color=style-a-2pcs,style-b-3pcs,style-d-3pcs,style-a-1pc,style-e-3pcs,style-c-2pcs HTTP/1.1" 500 2653 "-" "meta-externalagent/1.1 (+https://developers.facebook.com/docs/sharing/webmasters/crawler)" cozeellc.com 162.144.4.212
57.141.6.28 - - [07/Mar/2026:06:30:30 -0600] "GET /shop/?orderby=popularity&filter_color=style-a-2pcs,style-b-3pcs,style-d-3pcs,style-a-1pc,style-e-3pcs,style-c-2pcs HTTP/2.0" 500 2653 "-" "meta-externalagent/1.1 (+https://developers.facebook.com/docs/sharing/webmasters/crawler)" cozeellc.com 162.144.4.212
216.73.216.122 - - [07/Mar/2026:06:30:35 -0600] "GET /blog/?lokasie=%2Fhome4%2Fcozeellc%2Fpublic_html%2Fwp-admin%2Fadmin-footer.php&loknya=%2Fhome4%2Fcozeellc%2Fpublic_html%2Fwp-admin HTTP/2.0" 409 83 "-" "Mozilla/5.0 AppleWebKit/537.36 (KHTML, like Gecko; compatible; ClaudeBot/1.0; +claudebot@anthropic.com)" cozeellc.com 162.144.4.212
57.141.6.11 - - [07/Mar/2026:06:30:36 -0600] "GET /shop/?orderby=price&filter_size=xl%2Cxxl%2C4xl%2Cl%2C5xl%2Cm&filter_color=zyq-1104,zyq-1103 HTTP/1.1" 200 162601 "-" "meta-externalagent/1.1 (+https://developers.facebook.com/docs/sharing/webmasters/crawler)" cozeellc.com 162.144.4.212
57.141.6.11 - - [07/Mar/2026:06:30:36 -0600] "GET /shop/?orderby=price&filter_size=xl%2Cxxl%2C4xl%2Cl%2C5xl%2Cm&filter_color=zyq-1104,zyq-1103 HTTP/2.0" 200 162601 "-" "meta-externalagent/1.1 (+https://developers.facebook.com/docs/sharing/webmasters/crawler)" cozeellc.com 162.144.4.212
57.141.6.24 - - [07/Mar/2026:06:30:36 -0600] "GET /product-category/health-beauty/?orderby=rating&filter_color=style-b-2pcs,style-e-3pcs,style-d-1pc,style-c-3pcs,style-b-3pcs,style-e-2pcs HTTP/1.1" 200 163423 "-" "meta-externalagent/1.1 (+https://developers.facebook.com/docs/sharing/webmasters/crawler)" cozeellc.com 162.144.4.212
57.141.6.24 - - [07/Mar/2026:06:30:36 -0600] "GET /product-category/health-beauty/?orderby=rating&filter_color=style-b-2pcs,style-e-3pcs,style-d-1pc,style-c-3pcs,style-b-3pcs,style-e-2pcs HTTP/2.0" 200 163423 "-" "meta-externalagent/1.1 (+https://developers.facebook.com/docs/sharing/webmasters/crawler)" cozeellc.com 162.144.4.212
216.73.216.122 - - [07/Mar/2026:06:30:40 -0600] "GET /blog/?lokasie=%2Fhome4%2Fcozeellc%2Fpublic_html%2Fwp-admin%2Ferase-personal-data.php&loknya=%2Fhome4%2Fcozeellc%2Fpublic_html%2Fwp-admin HTTP/2.0" 409 83 "-" "Mozilla/5.0 AppleWebKit/537.36 (KHTML, like Gecko; compatible; ClaudeBot/1.0; +claudebot@anthropic.com)" cozeellc.com 162.144.4.212
57.141.6.5 - - [07/Mar/2026:06:30:41 -0600] "GET /shop/?orderby=rating&filter_color=style-b-3pcs,style-d-1pc,style-f-3pcs,style-a-1pc,style-b-2pcs,style-b-1pc,style-a-2pcs,style-d-3pcs HTTP/1.1" 200 167266 "-" "meta-externalagent/1.1 (+https://developers.facebook.com/docs/sharing/webmasters/crawler)" cozeellc.com 162.144.4.212
57.141.6.5 - - [07/Mar/2026:06:30:41 -0600] "GET /shop/?orderby=rating&filter_color=style-b-3pcs,style-d-1pc,style-f-3pcs,style-a-1pc,style-b-2pcs,style-b-1pc,style-a-2pcs,style-d-3pcs HTTP/2.0" 200 167266 "-" "meta-externalagent/1.1 (+https://developers.facebook.com/docs/sharing/webmasters/crawler)" cozeellc.com 162.144.4.212
216.73.216.122 - - [07/Mar/2026:06:30:45 -0600] "GET /blog/?lokasie=%2Fhome4%2Fcozeellc%2Fpublic_html%2Fwp-includes%2Fms-files.php&loknya=%2Fhome4%2Fcozeellc%2Fpublic_html%2Fwp-includes HTTP/2.0" 409 83 "-" "Mozilla/5.0 AppleWebKit/537.36 (KHTML, like Gecko; compatible; ClaudeBot/1.0; +claudebot@anthropic.com)" cozeellc.com 162.144.4.212
47.79.117.165 - - [07/Mar/2026:06:30:47 -0600] "GET /robots.txt HTTP/1.1" 200 153 "-" "Mozilla/5.0 (Macintosh; Intel Mac OS X 10_15_7) AppleWebKit/537.36 (KHTML, like Gecko) Chrome/128.0.0.0 Safari/537.36" cozeellc.com 162.144.4.212
47.79.117.165 - - [07/Mar/2026:06:30:47 -0600] "GET /robots.txt HTTP/1.1" 200 153 "-" "Mozilla/5.0 (Macintosh; Intel Mac OS X 10_15_7) AppleWebKit/537.36 (KHTML, like Gecko) Chrome/128.0.0.0 Safari/537.36" cozeellc.com 162.144.4.212
57.141.6.51 - - [07/Mar/2026:06:30:47 -0600] "GET /shop/?filter_color=style-e-1pc,style-b-2pcs,style-d-3pcs,style-c-3pcs,style-b-1pc HTTP/1.1" 200 179871 "-" "meta-externalagent/1.1 (+https://developers.facebook.com/docs/sharing/webmasters/crawler)" cozeellc.com 162.144.4.212
57.141.6.51 - - [07/Mar/2026:06:30:47 -0600] "GET /shop/?filter_color=style-e-1pc,style-b-2pcs,style-d-3pcs,style-c-3pcs,style-b-1pc HTTP/2.0" 200 179871 "-" "meta-externalagent/1.1 (+https://developers.facebook.com/docs/sharing/webmasters/crawler)" cozeellc.com 162.144.4.212
216.73.216.122 - - [07/Mar/2026:06:30:50 -0600] "GET /blog/?lokasie=%2Fhome4%2Fcozeellc%2Fpublic_html%2Fwp-admin%2Fprivacy.php&loknya=%2Fhome4%2Fcozeellc%2Fpublic_html%2Fwp-admin HTTP/2.0" 409 83 "-" "Mozilla/5.0 AppleWebKit/537.36 (KHTML, like Gecko; compatible; ClaudeBot/1.0; +claudebot@anthropic.com)" cozeellc.com 162.144.4.212
47.79.117.165 - - [07/Mar/2026:06:30:52 -0600] "GET /wp-sitemap.xml HTTP/1.1" 200 247 "-" "Mozilla/5.0 (Macintosh; Intel Mac OS X 10_15_7) AppleWebKit/537.36 (KHTML, like Gecko) Chrome/128.0.0.0 Safari/537.36" cozeellc.com 162.144.4.212
47.79.117.165 - - [07/Mar/2026:06:30:52 -0600] "GET /wp-sitemap.xml HTTP/1.1" 200 247 "-" "Mozilla/5.0 (Macintosh; Intel Mac OS X 10_15_7) AppleWebKit/537.36 (KHTML, like Gecko) Chrome/128.0.0.0 Safari/537.36" cozeellc.com 162.144.4.212
216.73.216.122 - - [07/Mar/2026:06:30:55 -0600] "GET /blog/?lokasie=%2Fhome4%2Fcozeellc%2Fpublic_html%2Fwp-includes%2Fkses.php&loknya=%2Fhome4%2Fcozeellc%2Fpublic_html%2Fwp-includes HTTP/2.0" 409 83 "-" "Mozilla/5.0 AppleWebKit/537.36 (KHTML, like Gecko; compatible; ClaudeBot/1.0; +claudebot@anthropic.com)" cozeellc.com 162.144.4.212
47.79.117.165 - - [07/Mar/2026:06:30:58 -0600] "GET /wp-sitemap-posts-post-1.xml HTTP/1.1" 200 49232 "-" "Mozilla/5.0 (Macintosh; Intel Mac OS X 10_15_7) AppleWebKit/537.36 (KHTML, like Gecko) Chrome/128.0.0.0 Safari/537.36" cozeellc.com 162.144.4.212
47.79.117.165 - - [07/Mar/2026:06:30:58 -0600] "GET /wp-sitemap-posts-post-1.xml HTTP/1.1" 200 49232 "-" "Mozilla/5.0 (Macintosh; Intel Mac OS X 10_15_7) AppleWebKit/537.36 (KHTML, like Gecko) Chrome/128.0.0.0 Safari/537.36" cozeellc.com 162.144.4.212
216.73.216.122 - - [07/Mar/2026:06:31:00 -0600] "GET /blog/?lokasie=%2Fhome4%2Fcozeellc%2Fpublic_html%2Fwp-includes%2Fthemes.php&loknya=%2Fhome4%2Fcozeellc%2Fpublic_html%2Fwp-includes HTTP/2.0" 409 83 "-" "Mozilla/5.0 AppleWebKit/537.36 (KHTML, like Gecko; compatible; ClaudeBot/1.0; +claudebot@anthropic.com)" cozeellc.com 162.144.4.212
14.179.179.90 - - [07/Mar/2026:06:31:00 -0600] "GET /product-category/health-beauty/?filter_color=style-d-1pc%2Cstyle-c-2pcs%2Cstyle-c-3pcs%2Cstyle-d-2pcs%2Cstyle-d-3pcs%2Cstyle-a-3pcs&orderby=rating HTTP/1.1" 200 44179 "-" "Mozilla/5.0 (Windows NT 10.0; WOW64) AppleWebKit/537.36 (KHTML, like Gecko) Chrome/89.0.4389.90 Safari/537.36" cozeellc.com 162.144.4.212
14.179.179.90 - - [07/Mar/2026:06:31:00 -0600] "GET /product-category/health-beauty/?filter_color=style-d-1pc%2Cstyle-c-2pcs%2Cstyle-c-3pcs%2Cstyle-d-2pcs%2Cstyle-d-3pcs%2Cstyle-a-3pcs&orderby=rating HTTP/1.1" 200 44179 "-" "Mozilla/5.0 (Windows NT 10.0; WOW64) AppleWebKit/537.36 (KHTML, like Gecko) Chrome/89.0.4389.90 Safari/537.36" cozeellc.com 162.144.4.212
47.79.117.165 - - [07/Mar/2026:06:31:03 -0600] "GET /wp-sitemap-posts-page-1.xml HTTP/1.1" 200 581 "-" "Mozilla/5.0 (Macintosh; Intel Mac OS X 10_15_7) AppleWebKit/537.36 (KHTML, like Gecko) Chrome/128.0.0.0 Safari/537.36" cozeellc.com 162.144.4.212
47.79.117.165 - - [07/Mar/2026:06:31:03 -0600] "GET /wp-sitemap-posts-page-1.xml HTTP/1.1" 200 581 "-" "Mozilla/5.0 (Macintosh; Intel Mac OS X 10_15_7) AppleWebKit/537.36 (KHTML, like Gecko) Chrome/128.0.0.0 Safari/537.36" cozeellc.com 162.144.4.212
57.141.6.16 - - [07/Mar/2026:06:31:03 -0600] "GET /shop/?orderby=price-desc&filter_color=style-b-3pcs,style-a-3pcs,style-d-2pcs,style-f-2pcs,style-a-1pc,style-d-1pc,style-e-1pc HTTP/1.1" 200 166701 "-" "meta-externalagent/1.1 (+https://developers.facebook.com/docs/sharing/webmasters/crawler)" cozeellc.com 162.144.4.212
57.141.6.16 - - [07/Mar/2026:06:31:03 -0600] "GET /shop/?orderby=price-desc&filter_color=style-b-3pcs,style-a-3pcs,style-d-2pcs,style-f-2pcs,style-a-1pc,style-d-1pc,style-e-1pc HTTP/2.0" 200 166701 "-" "meta-externalagent/1.1 (+https://developers.facebook.com/docs/sharing/webmasters/crawler)" cozeellc.com 162.144.4.212
216.73.216.122 - - [07/Mar/2026:06:31:05 -0600] "GET /blog/?lokasie=%2Fhome4%2Fcozeellc%2Fpublic_html%2Fwp-includes%2Ffonts.php&loknya=%2Fhome4%2Fcozeellc%2Fpublic_html%2Fwp-includes HTTP/2.0" 409 83 "-" "Mozilla/5.0 AppleWebKit/537.36 (KHTML, like Gecko; compatible; ClaudeBot/1.0; +claudebot@anthropic.com)" cozeellc.com 162.144.4.212
57.141.6.10 - - [07/Mar/2026:06:31:05 -0600] "GET /product-category/health-beauty/?filter_color=style-e-3pcs,style-d-1pc,style-d-2pcs,style-e-2pcs,style-d-3pcs,style-b-2pcs,style-b-3pcs,style-c-3pcs,style-b-1pc HTTP/1.1" 200 164840 "-" "meta-externalagent/1.1 (+https://developers.facebook.com/docs/sharing/webmasters/crawler)" cozeellc.com 162.144.4.212
57.141.6.10 - - [07/Mar/2026:06:31:05 -0600] "GET /product-category/health-beauty/?filter_color=style-e-3pcs,style-d-1pc,style-d-2pcs,style-e-2pcs,style-d-3pcs,style-b-2pcs,style-b-3pcs,style-c-3pcs,style-b-1pc HTTP/2.0" 200 164840 "-" "meta-externalagent/1.1 (+https://developers.facebook.com/docs/sharing/webmasters/crawler)" cozeellc.com 162.144.4.212
47.79.117.165 - - [07/Mar/2026:06:31:08 -0600] "GET /wp-sitemap-posts-product-1.xml HTTP/1.1" 200 3750 "-" "Mozilla/5.0 (Macintosh; Intel Mac OS X 10_15_7) AppleWebKit/537.36 (KHTML, like Gecko) Chrome/128.0.0.0 Safari/537.36" cozeellc.com 162.144.4.212
47.79.117.165 - - [07/Mar/2026:06:31:08 -0600] "GET /wp-sitemap-posts-product-1.xml HTTP/1.1" 200 3750 "-" "Mozilla/5.0 (Macintosh; Intel Mac OS X 10_15_7) AppleWebKit/537.36 (KHTML, like Gecko) Chrome/128.0.0.0 Safari/537.36" cozeellc.com 162.144.4.212
57.141.6.60 - - [07/Mar/2026:06:31:08 -0600] "GET /shop/?filter_color=style-d-3pcs,style-f-3pcs,style-c-1pc,style-d-1pc,style-e-1pc,style-b-3pcs HTTP/1.1" 200 165405 "-" "meta-externalagent/1.1 (+https://developers.facebook.com/docs/sharing/webmasters/crawler)" cozeellc.com 162.144.4.212
57.141.6.60 - - [07/Mar/2026:06:31:08 -0600] "GET /shop/?filter_color=style-d-3pcs,style-f-3pcs,style-c-1pc,style-d-1pc,style-e-1pc,style-b-3pcs HTTP/2.0" 200 165405 "-" "meta-externalagent/1.1 (+https://developers.facebook.com/docs/sharing/webmasters/crawler)" cozeellc.com 162.144.4.212
216.73.216.122 - - [07/Mar/2026:06:31:10 -0600] "GET /blog/?lokasie=%2Fhome4%2Fcozeellc%2Fpublic_html%2Fwp-includes%2Fvars.php&loknya=%2Fhome4%2Fcozeellc%2Fpublic_html%2Fwp-includes HTTP/2.0" 409 83 "-" "Mozilla/5.0 AppleWebKit/537.36 (KHTML, like Gecko; compatible; ClaudeBot/1.0; +claudebot@anthropic.com)" cozeellc.com 162.144.4.212
57.141.6.26 - - [07/Mar/2026:06:31:09 -0600] "GET /shop/?orderby=date&filter_color=navy-blue%2Cyellow%2Cblack&filter_size=s,l,m,xl,xxl HTTP/1.1" 200 160136 "-" "meta-externalagent/1.1 (+https://developers.facebook.com/docs/sharing/webmasters/crawler)" cozeellc.com 162.144.4.212
57.141.6.26 - - [07/Mar/2026:06:31:09 -0600] "GET /shop/?orderby=date&filter_color=navy-blue%2Cyellow%2Cblack&filter_size=s,l,m,xl,xxl HTTP/2.0" 200 160136 "-" "meta-externalagent/1.1 (+https://developers.facebook.com/docs/sharing/webmasters/crawler)" cozeellc.com 162.144.4.212
47.79.117.165 - - [07/Mar/2026:06:31:13 -0600] "GET /wp-sitemap-taxonomies-category-1.xml HTTP/1.1" 200 442 "-" "Mozilla/5.0 (Macintosh; Intel Mac OS X 10_15_7) AppleWebKit/537.36 (KHTML, like Gecko) Chrome/128.0.0.0 Safari/537.36" cozeellc.com 162.144.4.212
47.79.117.165 - - [07/Mar/2026:06:31:13 -0600] "GET /wp-sitemap-taxonomies-category-1.xml HTTP/1.1" 200 442 "-" "Mozilla/5.0 (Macintosh; Intel Mac OS X 10_15_7) AppleWebKit/537.36 (KHTML, like Gecko) Chrome/128.0.0.0 Safari/537.36" cozeellc.com 162.144.4.212
216.73.216.122 - - [07/Mar/2026:06:31:15 -0600] "GET /blog/?lokasie=%2Fhome4%2Fcozeellc%2Fpublic_html%2Fwp-admin%2Flink.php&loknya=%2Fhome4%2Fcozeellc%2Fpublic_html%2Fwp-admin HTTP/2.0" 409 83 "-" "Mozilla/5.0 AppleWebKit/537.36 (KHTML, like Gecko; compatible; ClaudeBot/1.0; +claudebot@anthropic.com)" cozeellc.com 162.144.4.212
131.103.63.6 - - [07/Mar/2026:06:31:15 -0600] "GET /product-category/health-beauty/?filter_color=style-c-1pc%2Cstyle-a-1pc%2Cstyle-a-2pcs%2Cstyle-b-3pcs%2Cstyle-c-2pcs&orderby=popularity HTTP/1.1" 200 33761 "-" "Mozilla/5.0 (Linux; Android 5.0; SM-G900P Build/LRX21T) AppleWebKit/537.36 (KHTML, like Gecko) Chrome/53.0.6135.1847 Mobile Safari/537.36" cozeellc.com 162.144.4.212
131.103.63.6 - - [07/Mar/2026:06:31:15 -0600] "GET /product-category/health-beauty/?filter_color=style-c-1pc%2Cstyle-a-1pc%2Cstyle-a-2pcs%2Cstyle-b-3pcs%2Cstyle-c-2pcs&orderby=popularity HTTP/2.0" 200 33761 "-" "Mozilla/5.0 (Linux; Android 5.0; SM-G900P Build/LRX21T) AppleWebKit/537.36 (KHTML, like Gecko) Chrome/53.0.6135.1847 Mobile Safari/537.36" cozeellc.com 162.144.4.212
47.79.117.165 - - [07/Mar/2026:06:31:18 -0600] "GET /wp-sitemap-taxonomies-post_tag-1.xml HTTP/1.1" 200 1181 "-" "Mozilla/5.0 (Macintosh; Intel Mac OS X 10_15_7) AppleWebKit/537.36 (KHTML, like Gecko) Chrome/128.0.0.0 Safari/537.36" cozeellc.com 162.144.4.212
47.79.117.165 - - [07/Mar/2026:06:31:18 -0600] "GET /wp-sitemap-taxonomies-post_tag-1.xml HTTP/1.1" 200 1181 "-" "Mozilla/5.0 (Macintosh; Intel Mac OS X 10_15_7) AppleWebKit/537.36 (KHTML, like Gecko) Chrome/128.0.0.0 Safari/537.36" cozeellc.com 162.144.4.212
57.141.6.2 - - [07/Mar/2026:06:31:18 -0600] "GET /shop/?filter_color=style-f-1pc,style-a-3pcs,style-a-2pcs,style-f-3pcs,style-b-3pcs,style-b-2pcs,style-c-1pc,style-b-1pc HTTP/1.1" 200 166685 "-" "meta-externalagent/1.1 (+https://developers.facebook.com/docs/sharing/webmasters/crawler)" cozeellc.com 162.144.4.212
57.141.6.2 - - [07/Mar/2026:06:31:18 -0600] "GET /shop/?filter_color=style-f-1pc,style-a-3pcs,style-a-2pcs,style-f-3pcs,style-b-3pcs,style-b-2pcs,style-c-1pc,style-b-1pc HTTP/2.0" 200 166685 "-" "meta-externalagent/1.1 (+https://developers.facebook.com/docs/sharing/webmasters/crawler)" cozeellc.com 162.144.4.212
216.73.216.122 - - [07/Mar/2026:06:31:20 -0600] "GET /product-category/jewelry-watches/?add-to-wishlist=4599&orderby=popularity HTTP/1.1" 200 87749 "-" "Mozilla/5.0 AppleWebKit/537.36 (KHTML, like Gecko; compatible; ClaudeBot/1.0; +claudebot@anthropic.com)" cozeellc.com 162.144.4.212
216.73.216.122 - - [07/Mar/2026:06:31:20 -0600] "GET /product-category/jewelry-watches/?add-to-wishlist=4599&orderby=popularity HTTP/2.0" 200 87749 "-" "Mozilla/5.0 AppleWebKit/537.36 (KHTML, like Gecko; compatible; ClaudeBot/1.0; +claudebot@anthropic.com)" cozeellc.com 162.144.4.212
47.79.117.165 - - [07/Mar/2026:06:31:23 -0600] "GET /wp-sitemap-taxonomies-product_cat-1.xml HTTP/1.1" 200 330 "-" "Mozilla/5.0 (Macintosh; Intel Mac OS X 10_15_7) AppleWebKit/537.36 (KHTML, like Gecko) Chrome/128.0.0.0 Safari/537.36" cozeellc.com 162.144.4.212
47.79.117.165 - - [07/Mar/2026:06:31:23 -0600] "GET /wp-sitemap-taxonomies-product_cat-1.xml HTTP/1.1" 200 330 "-" "Mozilla/5.0 (Macintosh; Intel Mac OS X 10_15_7) AppleWebKit/537.36 (KHTML, like Gecko) Chrome/128.0.0.0 Safari/537.36" cozeellc.com 162.144.4.212
57.141.6.3 - - [07/Mar/2026:06:31:23 -0600] "GET /shop/?orderby=rating&filter_color=zyq-1104&filter_size=4xl,xl,m,5xl,xxl,s,l HTTP/1.1" 200 162366 "-" "meta-externalagent/1.1 (+https://developers.facebook.com/docs/sharing/webmasters/crawler)" cozeellc.com 162.144.4.212
57.141.6.3 - - [07/Mar/2026:06:31:23 -0600] "GET /shop/?orderby=rating&filter_color=zyq-1104&filter_size=4xl,xl,m,5xl,xxl,s,l HTTP/2.0" 200 162366 "-" "meta-externalagent/1.1 (+https://developers.facebook.com/docs/sharing/webmasters/crawler)" cozeellc.com 162.144.4.212
216.73.216.122 - - [07/Mar/2026:06:31:25 -0600] "GET /product/multifunctional-kitchen-peeler-vegetable-fruit-peeler-stainless-steel-durable-potato-slicer-household-shredder-carrot-peeler HTTP/1.1" 301 - "-" "Mozilla/5.0 AppleWebKit/537.36 (KHTML, like Gecko; compatible; ClaudeBot/1.0; +claudebot@anthropic.com)" cozeellc.com 162.144.4.212
216.73.216.122 - - [07/Mar/2026:06:31:25 -0600] "GET /product/multifunctional-kitchen-peeler-vegetable-fruit-peeler-stainless-steel-durable-potato-slicer-household-shredder-carrot-peeler HTTP/2.0" 301 - "-" "Mozilla/5.0 AppleWebKit/537.36 (KHTML, like Gecko; compatible; ClaudeBot/1.0; +claudebot@anthropic.com)" cozeellc.com 162.144.4.212
113.168.218.1 - - [07/Mar/2026:06:31:26 -0600] "GET /2026/01/07/understanding-online-casinos-outside-of-gamstop-3/ HTTP/1.1" 200 49139 "-" "Mozilla/5.0 (Macintosh; Intel Mac OS X 10_12_6) AppleWebKit/537.36 (KHTML, like Gecko) Chrome/86.0.4240.183 Safari/537.36" cozeellc.com 162.144.4.212
113.168.218.1 - - [07/Mar/2026:06:31:26 -0600] "GET /2026/01/07/understanding-online-casinos-outside-of-gamstop-3/ HTTP/1.1" 200 49139 "-" "Mozilla/5.0 (Macintosh; Intel Mac OS X 10_12_6) AppleWebKit/537.36 (KHTML, like Gecko) Chrome/86.0.4240.183 Safari/537.36" cozeellc.com 162.144.4.212
216.73.216.122 - - [07/Mar/2026:06:31:25 -0600] "GET /product/multifunctional-kitchen-peeler-vegetable-fruit-peeler-stainless-steel-durable-potato-slicer-household-shredder-carrot-peeler/ HTTP/1.1" 200 68103 "https://cozeellc.com/product/multifunctional-kitchen-peeler-vegetable-fruit-peeler-stainless-steel-durable-potato-slicer-household-shredder-carrot-peeler" "Mozilla/5.0 AppleWebKit/537.36 (KHTML, like Gecko; compatible; ClaudeBot/1.0; +claudebot@anthropic.com)" cozeellc.com 162.144.4.212
216.73.216.122 - - [07/Mar/2026:06:31:25 -0600] "GET /product/multifunctional-kitchen-peeler-vegetable-fruit-peeler-stainless-steel-durable-potato-slicer-household-shredder-carrot-peeler/ HTTP/2.0" 200 68103 "https://cozeellc.com/product/multifunctional-kitchen-peeler-vegetable-fruit-peeler-stainless-steel-durable-potato-slicer-household-shredder-carrot-peeler" "Mozilla/5.0 AppleWebKit/537.36 (KHTML, like Gecko; compatible; ClaudeBot/1.0; +claudebot@anthropic.com)" cozeellc.com 162.144.4.212
162.144.4.212 - - [07/Mar/2026:06:31:30 -0600] "POST /wp-cron.php?doing_wp_cron=1772886689.9822709560394287109375 HTTP/1.1" 200 - "-" "WordPress/6.9; https://cozeellc.com" cozeellc.com 162.144.4.212
57.141.6.29 - - [07/Mar/2026:06:31:27 -0600] "GET /shop/?orderby=date&filter_color=style-b-2pcs,style-c-1pc,style-f-2pcs,style-c-3pcs,style-c-2pcs,style-d-3pcs,style-d-1pc HTTP/1.1" 500 2653 "-" "meta-externalagent/1.1 (+https://developers.facebook.com/docs/sharing/webmasters/crawler)" cozeellc.com 162.144.4.212
57.141.6.29 - - [07/Mar/2026:06:31:27 -0600] "GET /shop/?orderby=date&filter_color=style-b-2pcs,style-c-1pc,style-f-2pcs,style-c-3pcs,style-c-2pcs,style-d-3pcs,style-d-1pc HTTP/2.0" 500 2653 "-" "meta-externalagent/1.1 (+https://developers.facebook.com/docs/sharing/webmasters/crawler)" cozeellc.com 162.144.4.212
162.144.4.212 - - [07/Mar/2026:06:31:30 -0600] "PURGE /.* HTTP/1.1" 204 - "-" "WordPress/6.9; https://cozeellc.com; EPC/v2.2.2/epc_scheduled_purge_all" cozeellc.com 162.144.4.212
162.144.4.212 - - [07/Mar/2026:06:31:30 -0600] "PURGE /.* HTTP/1.1" 204 - "-" "WordPress/6.9; https://cozeellc.com; EPC/v2.2.2/epc_scheduled_purge_all" cozeellc.com 162.144.4.212
162.144.4.212 - - [07/Mar/2026:06:31:30 -0600] "POST /wp-admin/admin-ajax.php?action=async_litespeed&nonce=0tg1pNlsuoJGUMSz8NqVBMPxFgnpW5BE&litespeed_type=imgoptm HTTP/1.1" 500 155 "-" "WordPress/6.9; https://cozeellc.com" cozeellc.com 162.144.4.212
216.73.216.122 - - [07/Mar/2026:06:31:30 -0600] "GET /product/143x153cm-double-zipper-car-pet-seat-pad-waterproof-dirt-resistant-suitable-multiple-models-solid-color-cars-rear-seats-cushion/feed HTTP/1.1" 301 - "-" "Mozilla/5.0 AppleWebKit/537.36 (KHTML, like Gecko; compatible; ClaudeBot/1.0; +claudebot@anthropic.com)" cozeellc.com 162.144.4.212
216.73.216.122 - - [07/Mar/2026:06:31:30 -0600] "GET /product/143x153cm-double-zipper-car-pet-seat-pad-waterproof-dirt-resistant-suitable-multiple-models-solid-color-cars-rear-seats-cushion/feed HTTP/2.0" 301 - "-" "Mozilla/5.0 AppleWebKit/537.36 (KHTML, like Gecko; compatible; ClaudeBot/1.0; +claudebot@anthropic.com)" cozeellc.com 162.144.4.212
216.73.216.122 - - [07/Mar/2026:06:31:31 -0600] "GET /product/143x153cm-double-zipper-car-pet-seat-pad-waterproof-dirt-resistant-suitable-multiple-models-solid-color-cars-rear-seats-cushion/feed/ HTTP/1.1" 200 553 "https://cozeellc.com/product/143x153cm-double-zipper-car-pet-seat-pad-waterproof-dirt-resistant-suitable-multiple-models-solid-color-cars-rear-seats-cushion/feed" "Mozilla/5.0 AppleWebKit/537.36 (KHTML, like Gecko; compatible; ClaudeBot/1.0; +claudebot@anthropic.com)" cozeellc.com 162.144.4.212
216.73.216.122 - - [07/Mar/2026:06:31:30 -0600] "GET /product/143x153cm-double-zipper-car-pet-seat-pad-waterproof-dirt-resistant-suitable-multiple-models-solid-color-cars-rear-seats-cushion/feed/ HTTP/2.0" 200 553 "https://cozeellc.com/product/143x153cm-double-zipper-car-pet-seat-pad-waterproof-dirt-resistant-suitable-multiple-models-solid-color-cars-rear-seats-cushion/feed" "Mozilla/5.0 AppleWebKit/537.36 (KHTML, like Gecko; compatible; ClaudeBot/1.0; +claudebot@anthropic.com)" cozeellc.com 162.144.4.212
57.141.6.20 - - [07/Mar/2026:06:31:30 -0600] "GET /shop/?orderby=date&filter_color=zyq-1102&filter_size=l,xxl,xl,s,m,4xl HTTP/1.1" 200 161960 "-" "meta-externalagent/1.1 (+https://developers.facebook.com/docs/sharing/webmasters/crawler)" cozeellc.com 162.144.4.212
57.141.6.20 - - [07/Mar/2026:06:31:30 -0600] "GET /shop/?orderby=date&filter_color=zyq-1102&filter_size=l,xxl,xl,s,m,4xl HTTP/2.0" 200 161960 "-" "meta-externalagent/1.1 (+https://developers.facebook.com/docs/sharing/webmasters/crawler)" cozeellc.com 162.144.4.212
57.141.6.2 - - [07/Mar/2026:06:31:32 -0600] "GET /shop/?orderby=price&filter_size=xl,s,xxxl,5xl&filter_color=zyq-1102,zyq-1104,zyq-1094 HTTP/1.1" 200 162447 "-" "meta-externalagent/1.1 (+https://developers.facebook.com/docs/sharing/webmasters/crawler)" cozeellc.com 162.144.4.212
57.141.6.2 - - [07/Mar/2026:06:31:32 -0600] "GET /shop/?orderby=price&filter_size=xl,s,xxxl,5xl&filter_color=zyq-1102,zyq-1104,zyq-1094 HTTP/2.0" 200 162447 "-" "meta-externalagent/1.1 (+https://developers.facebook.com/docs/sharing/webmasters/crawler)" cozeellc.com 162.144.4.212
57.141.6.66 - - [07/Mar/2026:06:31:32 -0600] "GET /product-category/health-beauty/?filter_color=style-e-2pcs,style-d-2pcs,style-c-2pcs,style-d-1pc,style-c-1pc,style-c-3pcs,style-e-3pcs HTTP/1.1" 200 163532 "-" "meta-externalagent/1.1 (+https://developers.facebook.com/docs/sharing/webmasters/crawler)" cozeellc.com 162.144.4.212
57.141.6.66 - - [07/Mar/2026:06:31:32 -0600] "GET /product-category/health-beauty/?filter_color=style-e-2pcs,style-d-2pcs,style-c-2pcs,style-d-1pc,style-c-1pc,style-c-3pcs,style-e-3pcs HTTP/2.0" 200 163532 "-" "meta-externalagent/1.1 (+https://developers.facebook.com/docs/sharing/webmasters/crawler)" cozeellc.com 162.144.4.212
128.242.240.16 - - [07/Mar/2026:06:31:34 -0600] "GET /product-category/health-beauty/?filter_color=style-d-2pcs%2Cstyle-d-3pcs%2Cstyle-b-2pcs%2Cstyle-b-3pcs%2Cstyle-e-1pc%2Cstyle-a-2pcs%2Cstyle-c-3pcs%2Cstyle-e-2pcs&orderby=date HTTP/1.1" 200 33879 "-" "Mozilla/5.0 (Linux; Android 6.0; Nexus 5 Build/MRA58N) AppleWebKit/537.36 (KHTML, like Gecko) Chrome/59.0.9231.1845 Mobile Safari/537.36" cozeellc.com 162.144.4.212
128.242.240.16 - - [07/Mar/2026:06:31:33 -0600] "GET /product-category/health-beauty/?filter_color=style-d-2pcs%2Cstyle-d-3pcs%2Cstyle-b-2pcs%2Cstyle-b-3pcs%2Cstyle-e-1pc%2Cstyle-a-2pcs%2Cstyle-c-3pcs%2Cstyle-e-2pcs&orderby=date HTTP/2.0" 200 33879 "-" "Mozilla/5.0 (Linux; Android 6.0; Nexus 5 Build/MRA58N) AppleWebKit/537.36 (KHTML, like Gecko) Chrome/59.0.9231.1845 Mobile Safari/537.36" cozeellc.com 162.144.4.212
57.141.6.41 - - [07/Mar/2026:06:31:35 -0600] "GET /product-category/health-beauty/?orderby=price-desc&filter_color=style-b-2pcs,style-c-1pc,style-a-1pc,style-b-1pc,style-b-3pcs,style-e-2pcs,style-a-2pcs HTTP/1.1" 200 164103 "-" "meta-externalagent/1.1 (+https://developers.facebook.com/docs/sharing/webmasters/crawler)" cozeellc.com 162.144.4.212
57.141.6.41 - - [07/Mar/2026:06:31:35 -0600] "GET /product-category/health-beauty/?orderby=price-desc&filter_color=style-b-2pcs,style-c-1pc,style-a-1pc,style-b-1pc,style-b-3pcs,style-e-2pcs,style-a-2pcs HTTP/2.0" 200 164103 "-" "meta-externalagent/1.1 (+https://developers.facebook.com/docs/sharing/webmasters/crawler)" cozeellc.com 162.144.4.212
216.73.216.122 - - [07/Mar/2026:06:31:35 -0600] "GET /product-category/jewelry-watches/?add_to_compare=4651&orderby=rating HTTP/1.1" 200 88443 "-" "Mozilla/5.0 AppleWebKit/537.36 (KHTML, like Gecko; compatible; ClaudeBot/1.0; +claudebot@anthropic.com)" cozeellc.com 162.144.4.212
216.73.216.122 - - [07/Mar/2026:06:31:35 -0600] "GET /product-category/jewelry-watches/?add_to_compare=4651&orderby=rating HTTP/2.0" 200 88443 "-" "Mozilla/5.0 AppleWebKit/537.36 (KHTML, like Gecko; compatible; ClaudeBot/1.0; +claudebot@anthropic.com)" cozeellc.com 162.144.4.212
58.68.197.227 - - [07/Mar/2026:06:31:36 -0600] "GET /product-category/health-beauty/?filter_color=style-c-1pc%2Cstyle-b-1pc%2Cstyle-c-2pcs%2Cstyle-a-2pcs%2Cstyle-e-3pcs%2Cstyle-d-2pcs%2Cstyle-c-3pcs%2Cstyle-d-1pc&orderby=rating HTTP/1.1" 200 33873 "-" "Mozilla/5.0 (Linux; Android 5.0; SM-G900P Build/LRX21T) AppleWebKit/537.36 (KHTML, like Gecko) Chrome/53.0.5622.1911 Mobile Safari/537.36" cozeellc.com 162.144.4.212
58.68.197.227 - - [07/Mar/2026:06:31:36 -0600] "GET /product-category/health-beauty/?filter_color=style-c-1pc%2Cstyle-b-1pc%2Cstyle-c-2pcs%2Cstyle-a-2pcs%2Cstyle-e-3pcs%2Cstyle-d-2pcs%2Cstyle-c-3pcs%2Cstyle-d-1pc&orderby=rating HTTP/2.0" 200 33873 "-" "Mozilla/5.0 (Linux; Android 5.0; SM-G900P Build/LRX21T) AppleWebKit/537.36 (KHTML, like Gecko) Chrome/53.0.5622.1911 Mobile Safari/537.36" cozeellc.com 162.144.4.212
57.141.6.14 - - [07/Mar/2026:06:31:38 -0600] "GET /shop/?filter_color=style-f-3pcs,style-b-1pc,style-e-2pcs,style-b-3pcs,style-d-3pcs,style-f-2pcs,style-a-1pc HTTP/1.1" 500 2653 "-" "meta-externalagent/1.1 (+https://developers.facebook.com/docs/sharing/webmasters/crawler)" cozeellc.com 162.144.4.212
57.141.6.14 - - [07/Mar/2026:06:31:38 -0600] "GET /shop/?filter_color=style-f-3pcs,style-b-1pc,style-e-2pcs,style-b-3pcs,style-d-3pcs,style-f-2pcs,style-a-1pc HTTP/2.0" 500 2653 "-" "meta-externalagent/1.1 (+https://developers.facebook.com/docs/sharing/webmasters/crawler)" cozeellc.com 162.144.4.212
216.73.216.122 - - [07/Mar/2026:06:31:40 -0600] "GET /product-category/health-beauty/makeup/?add-to-wishlist=5060&orderby=popularity HTTP/1.1" 200 90210 "-" "Mozilla/5.0 AppleWebKit/537.36 (KHTML, like Gecko; compatible; ClaudeBot/1.0; +claudebot@anthropic.com)" cozeellc.com 162.144.4.212
216.73.216.122 - - [07/Mar/2026:06:31:40 -0600] "GET /product-category/health-beauty/makeup/?add-to-wishlist=5060&orderby=popularity HTTP/2.0" 200 90210 "-" "Mozilla/5.0 AppleWebKit/537.36 (KHTML, like Gecko; compatible; ClaudeBot/1.0; +claudebot@anthropic.com)" cozeellc.com 162.144.4.212
