47.79.120.246 - - [07/Mar/2026:06:31:43 -0600] "GET /wp-sitemap-users-1.xml HTTP/1.1" 200 193 "-" "Mozilla/5.0 (Macintosh; Intel Mac OS X 10_15_7) AppleWebKit/537.36 (KHTML, like Gecko) Chrome/128.0.0.0 Safari/537.36" cozeellc.com 162.144.4.212
47.79.120.246 - - [07/Mar/2026:06:31:43 -0600] "GET /wp-sitemap-users-1.xml HTTP/1.1" 200 193 "-" "Mozilla/5.0 (Macintosh; Intel Mac OS X 10_15_7) AppleWebKit/537.36 (KHTML, like Gecko) Chrome/128.0.0.0 Safari/537.36" cozeellc.com 162.144.4.212
57.141.6.38 - - [07/Mar/2026:06:31:43 -0600] "GET /product-category/health-beauty/?orderby=rating&filter_color=style-c-2pcs,style-b-3pcs,style-a-3pcs,style-e-2pcs,style-c-3pcs,style-b-2pcs HTTP/1.1" 200 163448 "-" "meta-externalagent/1.1 (+https://developers.facebook.com/docs/sharing/webmasters/crawler)" cozeellc.com 162.144.4.212
57.141.6.38 - - [07/Mar/2026:06:31:43 -0600] "GET /product-category/health-beauty/?orderby=rating&filter_color=style-c-2pcs,style-b-3pcs,style-a-3pcs,style-e-2pcs,style-c-3pcs,style-b-2pcs HTTP/2.0" 200 163448 "-" "meta-externalagent/1.1 (+https://developers.facebook.com/docs/sharing/webmasters/crawler)" cozeellc.com 162.144.4.212
216.73.216.122 - - [07/Mar/2026:06:31:45 -0600] "GET /product-category/health-beauty/makeup/?add_to_compare=5094&orderby=rating HTTP/1.1" 200 90925 "-" "Mozilla/5.0 AppleWebKit/537.36 (KHTML, like Gecko; compatible; ClaudeBot/1.0; +claudebot@anthropic.com)" cozeellc.com 162.144.4.212
216.73.216.122 - - [07/Mar/2026:06:31:45 -0600] "GET /product-category/health-beauty/makeup/?add_to_compare=5094&orderby=rating HTTP/2.0" 200 90925 "-" "Mozilla/5.0 AppleWebKit/537.36 (KHTML, like Gecko; compatible; ClaudeBot/1.0; +claudebot@anthropic.com)" cozeellc.com 162.144.4.212
57.141.6.41 - - [07/Mar/2026:06:31:47 -0600] "GET /shop/?filter_color=style-a-2pcs,style-c-2pcs,style-a-3pcs,style-e-2pcs,style-c-1pc,style-b-3pcs,style-e-1pc,style-f-3pcs HTTP/1.1" 200 166715 "-" "meta-externalagent/1.1 (+https://developers.facebook.com/docs/sharing/webmasters/crawler)" cozeellc.com 162.144.4.212
57.141.6.41 - - [07/Mar/2026:06:31:47 -0600] "GET /shop/?filter_color=style-a-2pcs,style-c-2pcs,style-a-3pcs,style-e-2pcs,style-c-1pc,style-b-3pcs,style-e-1pc,style-f-3pcs HTTP/2.0" 200 166715 "-" "meta-externalagent/1.1 (+https://developers.facebook.com/docs/sharing/webmasters/crawler)" cozeellc.com 162.144.4.212
57.141.6.64 - - [07/Mar/2026:06:31:48 -0600] "GET /shop/?orderby=date&filter_color=style-b-2pcs,style-e-3pcs,style-f-2pcs,style-c-1pc,style-f-1pc HTTP/1.1" 200 165296 "-" "meta-externalagent/1.1 (+https://developers.facebook.com/docs/sharing/webmasters/crawler)" cozeellc.com 162.144.4.212
57.141.6.64 - - [07/Mar/2026:06:31:48 -0600] "GET /shop/?orderby=date&filter_color=style-b-2pcs,style-e-3pcs,style-f-2pcs,style-c-1pc,style-f-1pc HTTP/2.0" 200 165296 "-" "meta-externalagent/1.1 (+https://developers.facebook.com/docs/sharing/webmasters/crawler)" cozeellc.com 162.144.4.212
57.141.6.64 - - [07/Mar/2026:06:31:50 -0600] "GET /shop/?orderby=price&filter_color=style-d-1pc,style-c-1pc,style-b-3pcs,style-a-3pcs,style-e-1pc,style-f-3pcs,style-f-2pcs HTTP/1.1" 200 166571 "-" "meta-externalagent/1.1 (+https://developers.facebook.com/docs/sharing/webmasters/crawler)" cozeellc.com 162.144.4.212
57.141.6.64 - - [07/Mar/2026:06:31:50 -0600] "GET /shop/?orderby=price&filter_color=style-d-1pc,style-c-1pc,style-b-3pcs,style-a-3pcs,style-e-1pc,style-f-3pcs,style-f-2pcs HTTP/2.0" 200 166571 "-" "meta-externalagent/1.1 (+https://developers.facebook.com/docs/sharing/webmasters/crawler)" cozeellc.com 162.144.4.212
216.73.216.122 - - [07/Mar/2026:06:31:50 -0600] "GET /product-category/health-beauty/skin-care/?add_to_compare=4968 HTTP/1.1" 200 90857 "-" "Mozilla/5.0 AppleWebKit/537.36 (KHTML, like Gecko; compatible; ClaudeBot/1.0; +claudebot@anthropic.com)" cozeellc.com 162.144.4.212
216.73.216.122 - - [07/Mar/2026:06:31:50 -0600] "GET /product-category/health-beauty/skin-care/?add_to_compare=4968 HTTP/2.0" 200 90857 "-" "Mozilla/5.0 AppleWebKit/537.36 (KHTML, like Gecko; compatible; ClaudeBot/1.0; +claudebot@anthropic.com)" cozeellc.com 162.144.4.212
57.141.6.47 - - [07/Mar/2026:06:31:51 -0600] "GET /shop/?filter_color=style-f-2pcs,style-d-3pcs,style-c-2pcs,style-f-1pc,style-e-3pcs,style-c-1pc,style-e-2pcs HTTP/1.1" 200 166061 "-" "meta-externalagent/1.1 (+https://developers.facebook.com/docs/sharing/webmasters/crawler)" cozeellc.com 162.144.4.212
57.141.6.47 - - [07/Mar/2026:06:31:51 -0600] "GET /shop/?filter_color=style-f-2pcs,style-d-3pcs,style-c-2pcs,style-f-1pc,style-e-3pcs,style-c-1pc,style-e-2pcs HTTP/2.0" 200 166061 "-" "meta-externalagent/1.1 (+https://developers.facebook.com/docs/sharing/webmasters/crawler)" cozeellc.com 162.144.4.212
57.141.6.22 - - [07/Mar/2026:06:31:55 -0600] "GET /shop/?orderby=price&filter_color=style-b-3pcs,style-f-2pcs,style-c-2pcs,style-c-1pc,style-d-3pcs HTTP/1.1" 200 165359 "-" "meta-externalagent/1.1 (+https://developers.facebook.com/docs/sharing/webmasters/crawler)" cozeellc.com 162.144.4.212
57.141.6.22 - - [07/Mar/2026:06:31:55 -0600] "GET /shop/?orderby=price&filter_color=style-b-3pcs,style-f-2pcs,style-c-2pcs,style-c-1pc,style-d-3pcs HTTP/2.0" 200 165359 "-" "meta-externalagent/1.1 (+https://developers.facebook.com/docs/sharing/webmasters/crawler)" cozeellc.com 162.144.4.212
216.73.216.122 - - [07/Mar/2026:06:31:55 -0600] "GET /product-category/health-beauty/makeup/?add_to_compare=5098&orderby=rating HTTP/1.1" 200 91045 "-" "Mozilla/5.0 AppleWebKit/537.36 (KHTML, like Gecko; compatible; ClaudeBot/1.0; +claudebot@anthropic.com)" cozeellc.com 162.144.4.212
216.73.216.122 - - [07/Mar/2026:06:31:55 -0600] "GET /product-category/health-beauty/makeup/?add_to_compare=5098&orderby=rating HTTP/2.0" 200 91045 "-" "Mozilla/5.0 AppleWebKit/537.36 (KHTML, like Gecko; compatible; ClaudeBot/1.0; +claudebot@anthropic.com)" cozeellc.com 162.144.4.212
57.141.6.53 - - [07/Mar/2026:06:31:58 -0600] "GET /product-category/jewelry-watches/?orderby=date&filter_color=diver-watches-3,diver-watches-2,diver-watches-1,diver-watches-6,diver-watches-4,diver-watches-8,diver-watches-10 HTTP/1.1" 200 162720 "-" "meta-externalagent/1.1 (+https://developers.facebook.com/docs/sharing/webmasters/crawler)" cozeellc.com 162.144.4.212
57.141.6.53 - - [07/Mar/2026:06:31:58 -0600] "GET /product-category/jewelry-watches/?orderby=date&filter_color=diver-watches-3,diver-watches-2,diver-watches-1,diver-watches-6,diver-watches-4,diver-watches-8,diver-watches-10 HTTP/2.0" 200 162720 "-" "meta-externalagent/1.1 (+https://developers.facebook.com/docs/sharing/webmasters/crawler)" cozeellc.com 162.144.4.212
216.73.216.122 - - [07/Mar/2026:06:32:01 -0600] "GET /shop/page/5/?add_to_compare=5494&orderby=popularity HTTP/1.1" 200 90915 "-" "Mozilla/5.0 AppleWebKit/537.36 (KHTML, like Gecko; compatible; ClaudeBot/1.0; +claudebot@anthropic.com)" cozeellc.com 162.144.4.212
216.73.216.122 - - [07/Mar/2026:06:32:01 -0600] "GET /shop/page/5/?add_to_compare=5494&orderby=popularity HTTP/2.0" 200 90915 "-" "Mozilla/5.0 AppleWebKit/537.36 (KHTML, like Gecko; compatible; ClaudeBot/1.0; +claudebot@anthropic.com)" cozeellc.com 162.144.4.212
57.141.6.31 - - [07/Mar/2026:06:32:01 -0600] "GET /product-category/clothing-apparel/?orderby=price-desc&filter_color=white,black,yellow,gray&filter_size=l HTTP/1.1" 500 2653 "-" "meta-externalagent/1.1 (+https://developers.facebook.com/docs/sharing/webmasters/crawler)" cozeellc.com 162.144.4.212
57.141.6.31 - - [07/Mar/2026:06:32:01 -0600] "GET /product-category/clothing-apparel/?orderby=price-desc&filter_color=white,black,yellow,gray&filter_size=l HTTP/2.0" 500 2653 "-" "meta-externalagent/1.1 (+https://developers.facebook.com/docs/sharing/webmasters/crawler)" cozeellc.com 162.144.4.212
57.141.6.53 - - [07/Mar/2026:06:32:04 -0600] "GET /shop/?filter_color=style-c-3pcs,style-f-2pcs,style-b-3pcs,style-a-2pcs,style-b-1pc HTTP/1.1" 200 164858 "-" "meta-externalagent/1.1 (+https://developers.facebook.com/docs/sharing/webmasters/crawler)" cozeellc.com 162.144.4.212
57.141.6.53 - - [07/Mar/2026:06:32:04 -0600] "GET /shop/?filter_color=style-c-3pcs,style-f-2pcs,style-b-3pcs,style-a-2pcs,style-b-1pc HTTP/2.0" 200 164858 "-" "meta-externalagent/1.1 (+https://developers.facebook.com/docs/sharing/webmasters/crawler)" cozeellc.com 162.144.4.212
216.73.216.122 - - [07/Mar/2026:06:32:06 -0600] "GET /shop/page/5/?add_to_compare=5388&orderby=popularity HTTP/1.1" 200 90921 "-" "Mozilla/5.0 AppleWebKit/537.36 (KHTML, like Gecko; compatible; ClaudeBot/1.0; +claudebot@anthropic.com)" cozeellc.com 162.144.4.212
216.73.216.122 - - [07/Mar/2026:06:32:05 -0600] "GET /shop/page/5/?add_to_compare=5388&orderby=popularity HTTP/2.0" 200 90921 "-" "Mozilla/5.0 AppleWebKit/537.36 (KHTML, like Gecko; compatible; ClaudeBot/1.0; +claudebot@anthropic.com)" cozeellc.com 162.144.4.212
57.141.6.7 - - [07/Mar/2026:06:32:07 -0600] "GET /shop/?filter_size=xl%2Cl%2Cxxl%2Cm%2Cxxxl&filter_color=navy-blue,red,black,blue,gray,white HTTP/1.1" 200 161853 "-" "meta-externalagent/1.1 (+https://developers.facebook.com/docs/sharing/webmasters/crawler)" cozeellc.com 162.144.4.212
57.141.6.7 - - [07/Mar/2026:06:32:07 -0600] "GET /shop/?filter_size=xl%2Cl%2Cxxl%2Cm%2Cxxxl&filter_color=navy-blue,red,black,blue,gray,white HTTP/2.0" 200 161853 "-" "meta-externalagent/1.1 (+https://developers.facebook.com/docs/sharing/webmasters/crawler)" cozeellc.com 162.144.4.212
192.204.128.227 - - [07/Mar/2026:06:32:09 -0600] "GET /product-category/health-beauty/?filter_color=style-c-2pcs%2Cstyle-e-2pcs%2Cstyle-e-1pc%2Cstyle-a-1pc%2Cstyle-b-1pc%2Cstyle-e-3pcs%2Cstyle-d-2pcs&orderby=price HTTP/1.1" 200 33852 "-" "Mozilla/5.0 (Linux; Android 6.0; Nexus 5 Build/MRA58N) AppleWebKit/537.36 (KHTML, like Gecko) Chrome/52.0.2309.1468 Mobile Safari/537.36" cozeellc.com 162.144.4.212
192.204.128.227 - - [07/Mar/2026:06:32:09 -0600] "GET /product-category/health-beauty/?filter_color=style-c-2pcs%2Cstyle-e-2pcs%2Cstyle-e-1pc%2Cstyle-a-1pc%2Cstyle-b-1pc%2Cstyle-e-3pcs%2Cstyle-d-2pcs&orderby=price HTTP/2.0" 200 33852 "-" "Mozilla/5.0 (Linux; Android 6.0; Nexus 5 Build/MRA58N) AppleWebKit/537.36 (KHTML, like Gecko) Chrome/52.0.2309.1468 Mobile Safari/537.36" cozeellc.com 162.144.4.212
57.141.6.41 - - [07/Mar/2026:06:32:07 -0600] "GET /shop/?orderby=rating&filter_color=style-a-2pcs,style-e-3pcs,style-a-3pcs,style-f-1pc,style-d-1pc HTTP/1.1" 500 2653 "-" "meta-externalagent/1.1 (+https://developers.facebook.com/docs/sharing/webmasters/crawler)" cozeellc.com 162.144.4.212
57.141.6.41 - - [07/Mar/2026:06:32:07 -0600] "GET /shop/?orderby=rating&filter_color=style-a-2pcs,style-e-3pcs,style-a-3pcs,style-f-1pc,style-d-1pc HTTP/2.0" 500 2653 "-" "meta-externalagent/1.1 (+https://developers.facebook.com/docs/sharing/webmasters/crawler)" cozeellc.com 162.144.4.212
106.49.48.209 - - [07/Mar/2026:06:32:10 -0600] "GET /product-category/health-beauty/?filter_color=style-d-3pcs%2Cstyle-d-1pc%2Cstyle-b-1pc%2Cstyle-e-2pcs%2Cstyle-b-2pcs&orderby=rating HTTP/1.1" 200 33765 "-" "Mozilla/5.0 (Linux; Android 6.0; Nexus 5 Build/MRA58N) AppleWebKit/537.36 (KHTML, like Gecko) Chrome/46.0.3413.1834 Mobile Safari/537.36" cozeellc.com 162.144.4.212
106.49.48.209 - - [07/Mar/2026:06:32:10 -0600] "GET /product-category/health-beauty/?filter_color=style-d-3pcs%2Cstyle-d-1pc%2Cstyle-b-1pc%2Cstyle-e-2pcs%2Cstyle-b-2pcs&orderby=rating HTTP/2.0" 200 33765 "-" "Mozilla/5.0 (Linux; Android 6.0; Nexus 5 Build/MRA58N) AppleWebKit/537.36 (KHTML, like Gecko) Chrome/46.0.3413.1834 Mobile Safari/537.36" cozeellc.com 162.144.4.212
216.73.216.122 - - [07/Mar/2026:06:32:11 -0600] "GET /shop/page/5/?add_to_compare=5442&orderby=popularity HTTP/1.1" 200 90919 "-" "Mozilla/5.0 AppleWebKit/537.36 (KHTML, like Gecko; compatible; ClaudeBot/1.0; +claudebot@anthropic.com)" cozeellc.com 162.144.4.212
216.73.216.122 - - [07/Mar/2026:06:32:10 -0600] "GET /shop/page/5/?add_to_compare=5442&orderby=popularity HTTP/2.0" 200 90919 "-" "Mozilla/5.0 AppleWebKit/537.36 (KHTML, like Gecko; compatible; ClaudeBot/1.0; +claudebot@anthropic.com)" cozeellc.com 162.144.4.212
57.141.6.18 - - [07/Mar/2026:06:32:11 -0600] "GET /shop/?orderby=date&filter_color=style-f-3pcs,style-d-1pc,style-b-2pcs,style-f-2pcs,style-d-2pcs,style-d-3pcs,style-a-2pcs HTTP/1.1" 200 166591 "-" "meta-externalagent/1.1 (+https://developers.facebook.com/docs/sharing/webmasters/crawler)" cozeellc.com 162.144.4.212
57.141.6.18 - - [07/Mar/2026:06:32:11 -0600] "GET /shop/?orderby=date&filter_color=style-f-3pcs,style-d-1pc,style-b-2pcs,style-f-2pcs,style-d-2pcs,style-d-3pcs,style-a-2pcs HTTP/2.0" 200 166591 "-" "meta-externalagent/1.1 (+https://developers.facebook.com/docs/sharing/webmasters/crawler)" cozeellc.com 162.144.4.212
57.141.6.71 - - [07/Mar/2026:06:32:14 -0600] "GET /shop/?orderby=price&filter_color=style-f-1pc,style-d-2pcs,style-a-1pc,style-d-1pc,style-e-2pcs,style-c-2pcs HTTP/1.1" 200 165925 "-" "meta-externalagent/1.1 (+https://developers.facebook.com/docs/sharing/webmasters/crawler)" cozeellc.com 162.144.4.212
57.141.6.71 - - [07/Mar/2026:06:32:14 -0600] "GET /shop/?orderby=price&filter_color=style-f-1pc,style-d-2pcs,style-a-1pc,style-d-1pc,style-e-2pcs,style-c-2pcs HTTP/2.0" 200 165925 "-" "meta-externalagent/1.1 (+https://developers.facebook.com/docs/sharing/webmasters/crawler)" cozeellc.com 162.144.4.212
57.141.6.69 - - [07/Mar/2026:06:32:14 -0600] "GET /product-category/health-beauty/?orderby=popularity&filter_color=style-c-3pcs,style-a-3pcs,style-e-2pcs,style-e-1pc,style-a-2pcs,style-d-3pcs HTTP/1.1" 200 163507 "-" "meta-externalagent/1.1 (+https://developers.facebook.com/docs/sharing/webmasters/crawler)" cozeellc.com 162.144.4.212
57.141.6.69 - - [07/Mar/2026:06:32:14 -0600] "GET /product-category/health-beauty/?orderby=popularity&filter_color=style-c-3pcs,style-a-3pcs,style-e-2pcs,style-e-1pc,style-a-2pcs,style-d-3pcs HTTP/2.0" 200 163507 "-" "meta-externalagent/1.1 (+https://developers.facebook.com/docs/sharing/webmasters/crawler)" cozeellc.com 162.144.4.212
216.73.216.122 - - [07/Mar/2026:06:32:16 -0600] "GET /shop/page/4/?add_to_compare=5494&orderby=popularity HTTP/1.1" 200 93061 "-" "Mozilla/5.0 AppleWebKit/537.36 (KHTML, like Gecko; compatible; ClaudeBot/1.0; +claudebot@anthropic.com)" cozeellc.com 162.144.4.212
216.73.216.122 - - [07/Mar/2026:06:32:15 -0600] "GET /shop/page/4/?add_to_compare=5494&orderby=popularity HTTP/2.0" 200 93061 "-" "Mozilla/5.0 AppleWebKit/537.36 (KHTML, like Gecko; compatible; ClaudeBot/1.0; +claudebot@anthropic.com)" cozeellc.com 162.144.4.212
162.144.4.212 - - [07/Mar/2026:06:32:18 -0600] "POST /wp-cron.php?doing_wp_cron=1772886738.8303170204162597656250 HTTP/1.1" 200 - "-" "WordPress/6.9; https://cozeellc.com" cozeellc.com 162.144.4.212
57.141.6.46 - - [07/Mar/2026:06:32:17 -0600] "GET /product-category/health-beauty/?orderby=price&filter_color=style-b-2pcs,style-c-2pcs,style-d-2pcs,style-b-3pcs,style-d-1pc,style-e-1pc,style-c-3pcs HTTP/1.1" 200 164014 "-" "meta-externalagent/1.1 (+https://developers.facebook.com/docs/sharing/webmasters/crawler)" cozeellc.com 162.144.4.212
57.141.6.46 - - [07/Mar/2026:06:32:17 -0600] "GET /product-category/health-beauty/?orderby=price&filter_color=style-b-2pcs,style-c-2pcs,style-d-2pcs,style-b-3pcs,style-d-1pc,style-e-1pc,style-c-3pcs HTTP/2.0" 200 164014 "-" "meta-externalagent/1.1 (+https://developers.facebook.com/docs/sharing/webmasters/crawler)" cozeellc.com 162.144.4.212
162.144.4.212 - - [07/Mar/2026:06:32:22 -0600] "POST /wp-cron.php?doing_wp_cron=1772886742.1746959686279296875000 HTTP/1.1" 200 - "-" "WordPress/6.9; https://cozeellc.com" cozeellc.com 162.144.4.212
57.141.6.47 - - [07/Mar/2026:06:32:21 -0600] "GET /shop/?orderby=date&filter_size=xxl,xxxl,4xl,5xl,xl,s&filter_color=zyq-1100,zyq-1101 HTTP/1.1" 200 162644 "-" "meta-externalagent/1.1 (+https://developers.facebook.com/docs/sharing/webmasters/crawler)" cozeellc.com 162.144.4.212
216.73.216.122 - - [07/Mar/2026:06:32:21 -0600] "GET /shop/page/5/?add_to_compare=5476&orderby=popularity HTTP/1.1" 200 90911 "-" "Mozilla/5.0 AppleWebKit/537.36 (KHTML, like Gecko; compatible; ClaudeBot/1.0; +claudebot@anthropic.com)" cozeellc.com 162.144.4.212
216.73.216.122 - - [07/Mar/2026:06:32:20 -0600] "GET /shop/page/5/?add_to_compare=5476&orderby=popularity HTTP/2.0" 200 90911 "-" "Mozilla/5.0 AppleWebKit/537.36 (KHTML, like Gecko; compatible; ClaudeBot/1.0; +claudebot@anthropic.com)" cozeellc.com 162.144.4.212
57.141.6.47 - - [07/Mar/2026:06:32:21 -0600] "GET /shop/?orderby=date&filter_size=xxl,xxxl,4xl,5xl,xl,s&filter_color=zyq-1100,zyq-1101 HTTP/2.0" 200 162644 "-" "meta-externalagent/1.1 (+https://developers.facebook.com/docs/sharing/webmasters/crawler)" cozeellc.com 162.144.4.212
162.144.4.212 - - [07/Mar/2026:06:32:22 -0600] "POST /wp-admin/admin-ajax.php?action=async_litespeed&nonce=H0qTY4yR5dxtJcs9fJ1fMwLwmqnsh88V&litespeed_type=imgoptm HTTP/1.1" 500 155 "-" "WordPress/6.9; https://cozeellc.com" cozeellc.com 162.144.4.212
57.141.6.33 - - [07/Mar/2026:06:32:24 -0600] "GET /shop/?orderby=price&filter_color=style-d-2pcs,style-a-2pcs,style-b-2pcs,style-e-1pc,style-b-3pcs,style-d-3pcs,style-f-3pcs,style-c-3pcs HTTP/1.1" 200 167303 "-" "meta-externalagent/1.1 (+https://developers.facebook.com/docs/sharing/webmasters/crawler)" cozeellc.com 162.144.4.212
57.141.6.33 - - [07/Mar/2026:06:32:24 -0600] "GET /shop/?orderby=price&filter_color=style-d-2pcs,style-a-2pcs,style-b-2pcs,style-e-1pc,style-b-3pcs,style-d-3pcs,style-f-3pcs,style-c-3pcs HTTP/2.0" 200 167303 "-" "meta-externalagent/1.1 (+https://developers.facebook.com/docs/sharing/webmasters/crawler)" cozeellc.com 162.144.4.212
216.73.216.122 - - [07/Mar/2026:06:32:26 -0600] "GET /shop/page/4/?add_to_compare=5388&orderby=popularity HTTP/1.1" 200 93074 "-" "Mozilla/5.0 AppleWebKit/537.36 (KHTML, like Gecko; compatible; ClaudeBot/1.0; +claudebot@anthropic.com)" cozeellc.com 162.144.4.212
216.73.216.122 - - [07/Mar/2026:06:32:25 -0600] "GET /shop/page/4/?add_to_compare=5388&orderby=popularity HTTP/2.0" 200 93074 "-" "Mozilla/5.0 AppleWebKit/537.36 (KHTML, like Gecko; compatible; ClaudeBot/1.0; +claudebot@anthropic.com)" cozeellc.com 162.144.4.212
57.141.6.24 - - [07/Mar/2026:06:32:27 -0600] "GET /product-category/health-beauty/?orderby=date&filter_color=style-d-1pc,style-c-3pcs,style-a-3pcs,style-c-1pc,style-a-2pcs,style-e-1pc HTTP/1.1" 200 163321 "-" "meta-externalagent/1.1 (+https://developers.facebook.com/docs/sharing/webmasters/crawler)" cozeellc.com 162.144.4.212
57.141.6.24 - - [07/Mar/2026:06:32:27 -0600] "GET /product-category/health-beauty/?orderby=date&filter_color=style-d-1pc,style-c-3pcs,style-a-3pcs,style-c-1pc,style-a-2pcs,style-e-1pc HTTP/2.0" 200 163321 "-" "meta-externalagent/1.1 (+https://developers.facebook.com/docs/sharing/webmasters/crawler)" cozeellc.com 162.144.4.212
162.144.4.212 - - [07/Mar/2026:06:32:31 -0600] "POST /wp-cron.php?doing_wp_cron=1772886751.3974540233612060546875 HTTP/1.1" 200 - "-" "WordPress/6.9; https://cozeellc.com" cozeellc.com 162.144.4.212
57.141.6.34 - - [07/Mar/2026:06:32:30 -0600] "GET /shop/?filter_color=style-b-3pcs,style-f-1pc,style-c-2pcs,style-a-3pcs,style-a-2pcs,style-f-3pcs,style-b-1pc HTTP/1.1" 200 166061 "-" "meta-externalagent/1.1 (+https://developers.facebook.com/docs/sharing/webmasters/crawler)" cozeellc.com 162.144.4.212
57.141.6.34 - - [07/Mar/2026:06:32:30 -0600] "GET /shop/?filter_color=style-b-3pcs,style-f-1pc,style-c-2pcs,style-a-3pcs,style-a-2pcs,style-f-3pcs,style-b-1pc HTTP/2.0" 200 166061 "-" "meta-externalagent/1.1 (+https://developers.facebook.com/docs/sharing/webmasters/crawler)" cozeellc.com 162.144.4.212
162.144.4.212 - - [07/Mar/2026:06:32:31 -0600] "PURGE /.* HTTP/1.1" 204 - "-" "WordPress/6.9; https://cozeellc.com; EPC/v2.2.2/epc_scheduled_purge_all" cozeellc.com 162.144.4.212
162.144.4.212 - - [07/Mar/2026:06:32:31 -0600] "PURGE /.* HTTP/1.1" 204 - "-" "WordPress/6.9; https://cozeellc.com; EPC/v2.2.2/epc_scheduled_purge_all" cozeellc.com 162.144.4.212
162.144.4.212 - - [07/Mar/2026:06:32:32 -0600] "POST /wp-cron.php?doing_wp_cron=1772886752.1790618896484375000000 HTTP/1.1" 200 - "-" "WordPress/6.9; https://cozeellc.com" cozeellc.com 162.144.4.212
216.73.216.122 - - [07/Mar/2026:06:32:31 -0600] "GET /shop/page/4/?add_to_compare=5442&orderby=popularity HTTP/1.1" 200 93066 "-" "Mozilla/5.0 AppleWebKit/537.36 (KHTML, like Gecko; compatible; ClaudeBot/1.0; +claudebot@anthropic.com)" cozeellc.com 162.144.4.212
216.73.216.122 - - [07/Mar/2026:06:32:30 -0600] "GET /shop/page/4/?add_to_compare=5442&orderby=popularity HTTP/2.0" 200 93066 "-" "Mozilla/5.0 AppleWebKit/537.36 (KHTML, like Gecko; compatible; ClaudeBot/1.0; +claudebot@anthropic.com)" cozeellc.com 162.144.4.212
57.141.6.74 - - [07/Mar/2026:06:32:33 -0600] "GET /product-category/health-beauty/?orderby=rating&filter_color=style-b-3pcs,style-b-2pcs,style-d-3pcs,style-a-1pc,style-c-3pcs,style-d-2pcs,style-c-1pc,style-a-2pcs,style-c-2pcs HTTP/1.1" 500 2653 "-" "meta-externalagent/1.1 (+https://developers.facebook.com/docs/sharing/webmasters/crawler)" cozeellc.com 162.144.4.212
57.141.6.74 - - [07/Mar/2026:06:32:33 -0600] "GET /product-category/health-beauty/?orderby=rating&filter_color=style-b-3pcs,style-b-2pcs,style-d-3pcs,style-a-1pc,style-c-3pcs,style-d-2pcs,style-c-1pc,style-a-2pcs,style-c-2pcs HTTP/2.0" 500 2653 "-" "meta-externalagent/1.1 (+https://developers.facebook.com/docs/sharing/webmasters/crawler)" cozeellc.com 162.144.4.212
216.73.216.122 - - [07/Mar/2026:06:32:36 -0600] "GET /product-category/computers-technologies/?orderby=rating&remove_compare_item=000871c1fc726f0b52dc86a4eeb027de HTTP/1.1" 200 70967 "-" "Mozilla/5.0 AppleWebKit/537.36 (KHTML, like Gecko; compatible; ClaudeBot/1.0; +claudebot@anthropic.com)" cozeellc.com 162.144.4.212
216.73.216.122 - - [07/Mar/2026:06:32:35 -0600] "GET /product-category/computers-technologies/?orderby=rating&remove_compare_item=000871c1fc726f0b52dc86a4eeb027de HTTP/2.0" 200 70967 "-" "Mozilla/5.0 AppleWebKit/537.36 (KHTML, like Gecko; compatible; ClaudeBot/1.0; +claudebot@anthropic.com)" cozeellc.com 162.144.4.212
57.141.6.45 - - [07/Mar/2026:06:32:35 -0600] "GET /shop/?orderby=date&filter_color=zyq-1100%2Czyq-1103%2Czyq-1104&filter_size=s,xxxl,xxl,l,4xl HTTP/1.1" 500 2653 "-" "meta-externalagent/1.1 (+https://developers.facebook.com/docs/sharing/webmasters/crawler)" cozeellc.com 162.144.4.212
57.141.6.45 - - [07/Mar/2026:06:32:35 -0600] "GET /shop/?orderby=date&filter_color=zyq-1100%2Czyq-1103%2Czyq-1104&filter_size=s,xxxl,xxl,l,4xl HTTP/2.0" 500 2653 "-" "meta-externalagent/1.1 (+https://developers.facebook.com/docs/sharing/webmasters/crawler)" cozeellc.com 162.144.4.212
57.141.6.50 - - [07/Mar/2026:06:32:38 -0600] "GET /shop/?filter_color=style-f-1pc,style-d-2pcs,style-a-1pc,style-d-1pc,style-c-2pcs,style-f-2pcs,style-a-2pcs HTTP/1.1" 200 166032 "-" "meta-externalagent/1.1 (+https://developers.facebook.com/docs/sharing/webmasters/crawler)" cozeellc.com 162.144.4.212
57.141.6.50 - - [07/Mar/2026:06:32:38 -0600] "GET /shop/?filter_color=style-f-1pc,style-d-2pcs,style-a-1pc,style-d-1pc,style-c-2pcs,style-f-2pcs,style-a-2pcs HTTP/2.0" 200 166032 "-" "meta-externalagent/1.1 (+https://developers.facebook.com/docs/sharing/webmasters/crawler)" cozeellc.com 162.144.4.212
57.141.6.74 - - [07/Mar/2026:06:32:39 -0600] "GET /shop/?filter_color=style-d-1pc,style-b-2pcs,style-f-1pc,style-a-2pcs,style-f-3pcs,style-c-2pcs,style-d-2pcs,style-e-3pcs,style-a-1pc HTTP/1.1" 200 167364 "-" "meta-externalagent/1.1 (+https://developers.facebook.com/docs/sharing/webmasters/crawler)" cozeellc.com 162.144.4.212
57.141.6.74 - - [07/Mar/2026:06:32:39 -0600] "GET /shop/?filter_color=style-d-1pc,style-b-2pcs,style-f-1pc,style-a-2pcs,style-f-3pcs,style-c-2pcs,style-d-2pcs,style-e-3pcs,style-a-1pc HTTP/2.0" 200 167364 "-" "meta-externalagent/1.1 (+https://developers.facebook.com/docs/sharing/webmasters/crawler)" cozeellc.com 162.144.4.212
216.73.216.122 - - [07/Mar/2026:06:32:41 -0600] "GET /product-category/consumer-electrics/?remove_compare_item=57e4f98889f96942ec0691d6a5995dad HTTP/1.1" 200 90911 "-" "Mozilla/5.0 AppleWebKit/537.36 (KHTML, like Gecko; compatible; ClaudeBot/1.0; +claudebot@anthropic.com)" cozeellc.com 162.144.4.212
216.73.216.122 - - [07/Mar/2026:06:32:40 -0600] "GET /product-category/consumer-electrics/?remove_compare_item=57e4f98889f96942ec0691d6a5995dad HTTP/2.0" 200 90911 "-" "Mozilla/5.0 AppleWebKit/537.36 (KHTML, like Gecko; compatible; ClaudeBot/1.0; +claudebot@anthropic.com)" cozeellc.com 162.144.4.212
57.141.6.17 - - [07/Mar/2026:06:32:42 -0600] "GET /shop/?orderby=price&filter_color=style-f-1pc,style-f-2pcs,style-e-3pcs,style-d-3pcs,style-e-2pcs,style-d-2pcs,style-c-3pcs HTTP/1.1" 200 166629 "-" "meta-externalagent/1.1 (+https://developers.facebook.com/docs/sharing/webmasters/crawler)" cozeellc.com 162.144.4.212
57.141.6.49 - - [07/Mar/2026:06:32:42 -0600] "GET /product-category/health-beauty/?orderby=price-desc&filter_color=style-c-1pc,style-d-3pcs,style-c-3pcs,style-a-2pcs,style-c-2pcs,style-d-2pcs,style-e-3pcs HTTP/1.1" 200 164155 "-" "meta-externalagent/1.1 (+https://developers.facebook.com/docs/sharing/webmasters/crawler)" cozeellc.com 162.144.4.212
57.141.6.17 - - [07/Mar/2026:06:32:42 -0600] "GET /shop/?orderby=price&filter_color=style-f-1pc,style-f-2pcs,style-e-3pcs,style-d-3pcs,style-e-2pcs,style-d-2pcs,style-c-3pcs HTTP/2.0" 200 166629 "-" "meta-externalagent/1.1 (+https://developers.facebook.com/docs/sharing/webmasters/crawler)" cozeellc.com 162.144.4.212
57.141.6.49 - - [07/Mar/2026:06:32:42 -0600] "GET /product-category/health-beauty/?orderby=price-desc&filter_color=style-c-1pc,style-d-3pcs,style-c-3pcs,style-a-2pcs,style-c-2pcs,style-d-2pcs,style-e-3pcs HTTP/2.0" 200 164155 "-" "meta-externalagent/1.1 (+https://developers.facebook.com/docs/sharing/webmasters/crawler)" cozeellc.com 162.144.4.212
173.44.33.96 - - [07/Mar/2026:06:32:44 -0600] "GET /product-category/health-beauty/?filter_color=style-e-1pc%2Cstyle-b-3pcs%2Cstyle-c-1pc%2Cstyle-a-1pc%2Cstyle-a-2pcs%2Cstyle-a-3pcs%2Cstyle-c-2pcs&orderby=price-desc HTTP/1.1" 200 33860 "-" "Mozilla/5.0 (Linux; Android 5.0; SM-G900P Build/LRX21T) AppleWebKit/537.36 (KHTML, like Gecko) Chrome/40.0.3554.1852 Mobile Safari/537.36" cozeellc.com 162.144.4.212
173.44.33.96 - - [07/Mar/2026:06:32:44 -0600] "GET /product-category/health-beauty/?filter_color=style-e-1pc%2Cstyle-b-3pcs%2Cstyle-c-1pc%2Cstyle-a-1pc%2Cstyle-a-2pcs%2Cstyle-a-3pcs%2Cstyle-c-2pcs&orderby=price-desc HTTP/2.0" 200 33860 "-" "Mozilla/5.0 (Linux; Android 5.0; SM-G900P Build/LRX21T) AppleWebKit/537.36 (KHTML, like Gecko) Chrome/40.0.3554.1852 Mobile Safari/537.36" cozeellc.com 162.144.4.212
216.73.216.122 - - [07/Mar/2026:06:32:46 -0600] "GET /shop/page/4/?add_to_compare=5476&orderby=popularity HTTP/1.1" 200 93060 "-" "Mozilla/5.0 AppleWebKit/537.36 (KHTML, like Gecko; compatible; ClaudeBot/1.0; +claudebot@anthropic.com)" cozeellc.com 162.144.4.212
216.73.216.122 - - [07/Mar/2026:06:32:45 -0600] "GET /shop/page/4/?add_to_compare=5476&orderby=popularity HTTP/2.0" 200 93060 "-" "Mozilla/5.0 AppleWebKit/537.36 (KHTML, like Gecko; compatible; ClaudeBot/1.0; +claudebot@anthropic.com)" cozeellc.com 162.144.4.212
57.141.6.43 - - [07/Mar/2026:06:32:45 -0600] "GET /product-category/health-beauty/?orderby=popularity&filter_color=style-c-2pcs,style-b-1pc,style-d-3pcs,style-e-3pcs,style-d-2pcs HTTP/1.1" 500 2653 "-" "meta-externalagent/1.1 (+https://developers.facebook.com/docs/sharing/webmasters/crawler)" cozeellc.com 162.144.4.212
57.141.6.43 - - [07/Mar/2026:06:32:45 -0600] "GET /product-category/health-beauty/?orderby=popularity&filter_color=style-c-2pcs,style-b-1pc,style-d-3pcs,style-e-3pcs,style-d-2pcs HTTP/2.0" 500 2653 "-" "meta-externalagent/1.1 (+https://developers.facebook.com/docs/sharing/webmasters/crawler)" cozeellc.com 162.144.4.212
57.141.6.31 - - [07/Mar/2026:06:32:48 -0600] "GET /shop/?filter_color=zyq-1103%2Czyq-1101&filter_size=xl,xxxl,m,xxl,4xl,s,l,5xl HTTP/1.1" 200 162809 "-" "meta-externalagent/1.1 (+https://developers.facebook.com/docs/sharing/webmasters/crawler)" cozeellc.com 162.144.4.212
57.141.6.31 - - [07/Mar/2026:06:32:48 -0600] "GET /shop/?filter_color=zyq-1103%2Czyq-1101&filter_size=xl,xxxl,m,xxl,4xl,s,l,5xl HTTP/2.0" 200 162809 "-" "meta-externalagent/1.1 (+https://developers.facebook.com/docs/sharing/webmasters/crawler)" cozeellc.com 162.144.4.212
216.73.216.122 - - [07/Mar/2026:06:32:51 -0600] "GET /shop/page/3/?add_to_compare=5423&orderby=date HTTP/1.1" 200 93546 "-" "Mozilla/5.0 AppleWebKit/537.36 (KHTML, like Gecko; compatible; ClaudeBot/1.0; +claudebot@anthropic.com)" cozeellc.com 162.144.4.212
216.73.216.122 - - [07/Mar/2026:06:32:50 -0600] "GET /shop/page/3/?add_to_compare=5423&orderby=date HTTP/2.0" 200 93546 "-" "Mozilla/5.0 AppleWebKit/537.36 (KHTML, like Gecko; compatible; ClaudeBot/1.0; +claudebot@anthropic.com)" cozeellc.com 162.144.4.212
57.141.6.17 - - [07/Mar/2026:06:32:51 -0600] "GET /product-category/health-beauty/?orderby=rating&filter_color=style-b-3pcs,style-d-1pc,style-e-3pcs,style-e-2pcs,style-d-2pcs,style-e-1pc,style-d-3pcs,style-a-2pcs HTTP/1.1" 200 164694 "-" "meta-externalagent/1.1 (+https://developers.facebook.com/docs/sharing/webmasters/crawler)" cozeellc.com 162.144.4.212
57.141.6.17 - - [07/Mar/2026:06:32:51 -0600] "GET /product-category/health-beauty/?orderby=rating&filter_color=style-b-3pcs,style-d-1pc,style-e-3pcs,style-e-2pcs,style-d-2pcs,style-e-1pc,style-d-3pcs,style-a-2pcs HTTP/2.0" 200 164694 "-" "meta-externalagent/1.1 (+https://developers.facebook.com/docs/sharing/webmasters/crawler)" cozeellc.com 162.144.4.212
57.141.6.27 - - [07/Mar/2026:06:32:51 -0600] "GET /shop/?orderby=date&filter_color=style-d-3pcs,style-e-2pcs,style-f-1pc,style-b-2pcs,style-c-1pc,style-a-2pcs,style-d-2pcs HTTP/1.1" 500 2653 "-" "meta-externalagent/1.1 (+https://developers.facebook.com/docs/sharing/webmasters/crawler)" cozeellc.com 162.144.4.212
57.141.6.27 - - [07/Mar/2026:06:32:51 -0600] "GET /shop/?orderby=date&filter_color=style-d-3pcs,style-e-2pcs,style-f-1pc,style-b-2pcs,style-c-1pc,style-a-2pcs,style-d-2pcs HTTP/2.0" 500 2653 "-" "meta-externalagent/1.1 (+https://developers.facebook.com/docs/sharing/webmasters/crawler)" cozeellc.com 162.144.4.212
57.141.6.40 - - [07/Mar/2026:06:32:54 -0600] "GET /shop/?filter_size=m%2Cl%2Cxl%2Cxxxl%2Cxxl%2C4xl&filter_color=zyq-1103,zyq-1102 HTTP/1.1" 200 162145 "-" "meta-externalagent/1.1 (+https://developers.facebook.com/docs/sharing/webmasters/crawler)" cozeellc.com 162.144.4.212
57.141.6.40 - - [07/Mar/2026:06:32:54 -0600] "GET /shop/?filter_size=m%2Cl%2Cxl%2Cxxxl%2Cxxl%2C4xl&filter_color=zyq-1103,zyq-1102 HTTP/2.0" 200 162145 "-" "meta-externalagent/1.1 (+https://developers.facebook.com/docs/sharing/webmasters/crawler)" cozeellc.com 162.144.4.212
57.141.6.28 - - [07/Mar/2026:06:32:55 -0600] "GET /shop/?orderby=price&filter_color=style-d-3pcs,style-c-3pcs,style-c-2pcs,style-e-2pcs,style-c-1pc,style-b-1pc HTTP/1.1" 200 180993 "-" "meta-externalagent/1.1 (+https://developers.facebook.com/docs/sharing/webmasters/crawler)" cozeellc.com 162.144.4.212
57.141.6.28 - - [07/Mar/2026:06:32:55 -0600] "GET /shop/?orderby=price&filter_color=style-d-3pcs,style-c-3pcs,style-c-2pcs,style-e-2pcs,style-c-1pc,style-b-1pc HTTP/2.0" 200 180993 "-" "meta-externalagent/1.1 (+https://developers.facebook.com/docs/sharing/webmasters/crawler)" cozeellc.com 162.144.4.212
216.73.216.122 - - [07/Mar/2026:06:32:56 -0600] "GET /product/cat-dog-steamy-brush-steam-brush-electric-sprayer-for-massage-pet-grooming-tool-shedding-3-in-1-electric-sprays-massage-combs/?add-to-wishlist=5450 HTTP/1.1" 200 68735 "-" "Mozilla/5.0 AppleWebKit/537.36 (KHTML, like Gecko; compatible; ClaudeBot/1.0; +claudebot@anthropic.com)" cozeellc.com 162.144.4.212
216.73.216.122 - - [07/Mar/2026:06:32:56 -0600] "GET /product/cat-dog-steamy-brush-steam-brush-electric-sprayer-for-massage-pet-grooming-tool-shedding-3-in-1-electric-sprays-massage-combs/?add-to-wishlist=5450 HTTP/2.0" 200 68735 "-" "Mozilla/5.0 AppleWebKit/537.36 (KHTML, like Gecko; compatible; ClaudeBot/1.0; +claudebot@anthropic.com)" cozeellc.com 162.144.4.212
57.141.6.52 - - [07/Mar/2026:06:32:58 -0600] "GET /shop/?orderby=price-desc&filter_color=zyq-1100,zyq-1103&filter_size=xl,4xl,m,s,xxl HTTP/1.1" 200 162345 "-" "meta-externalagent/1.1 (+https://developers.facebook.com/docs/sharing/webmasters/crawler)" cozeellc.com 162.144.4.212
57.141.6.52 - - [07/Mar/2026:06:32:58 -0600] "GET /shop/?orderby=price-desc&filter_color=zyq-1100,zyq-1103&filter_size=xl,4xl,m,s,xxl HTTP/2.0" 200 162345 "-" "meta-externalagent/1.1 (+https://developers.facebook.com/docs/sharing/webmasters/crawler)" cozeellc.com 162.144.4.212
216.73.216.122 - - [07/Mar/2026:06:33:01 -0600] "GET /product-category/health-beauty/skin-care/?add-to-wishlist=5082&orderby=price HTTP/1.1" 200 89941 "-" "Mozilla/5.0 AppleWebKit/537.36 (KHTML, like Gecko; compatible; ClaudeBot/1.0; +claudebot@anthropic.com)" cozeellc.com 162.144.4.212
216.73.216.122 - - [07/Mar/2026:06:33:01 -0600] "GET /product-category/health-beauty/skin-care/?add-to-wishlist=5082&orderby=price HTTP/2.0" 200 89941 "-" "Mozilla/5.0 AppleWebKit/537.36 (KHTML, like Gecko; compatible; ClaudeBot/1.0; +claudebot@anthropic.com)" cozeellc.com 162.144.4.212
57.141.6.36 - - [07/Mar/2026:06:33:01 -0600] "GET /shop/?filter_color=style-b-2pcs,style-e-3pcs,style-c-1pc,style-a-3pcs,style-a-1pc,style-f-3pcs,style-c-2pcs,style-d-3pcs HTTP/1.1" 500 2653 "-" "meta-externalagent/1.1 (+https://developers.facebook.com/docs/sharing/webmasters/crawler)" cozeellc.com 162.144.4.212
57.141.6.36 - - [07/Mar/2026:06:33:01 -0600] "GET /shop/?filter_color=style-b-2pcs,style-e-3pcs,style-c-1pc,style-a-3pcs,style-a-1pc,style-f-3pcs,style-c-2pcs,style-d-3pcs HTTP/2.0" 500 2653 "-" "meta-externalagent/1.1 (+https://developers.facebook.com/docs/sharing/webmasters/crawler)" cozeellc.com 162.144.4.212
57.141.6.46 - - [07/Mar/2026:06:33:04 -0600] "GET /shop/?filter_color=style-c-2pcs,style-a-2pcs,style-f-3pcs,style-e-3pcs,style-a-1pc,style-b-2pcs,style-b-3pcs HTTP/1.1" 200 166090 "-" "meta-externalagent/1.1 (+https://developers.facebook.com/docs/sharing/webmasters/crawler)" cozeellc.com 162.144.4.212
57.141.6.46 - - [07/Mar/2026:06:33:04 -0600] "GET /shop/?filter_color=style-c-2pcs,style-a-2pcs,style-f-3pcs,style-e-3pcs,style-a-1pc,style-b-2pcs,style-b-3pcs HTTP/2.0" 200 166090 "-" "meta-externalagent/1.1 (+https://developers.facebook.com/docs/sharing/webmasters/crawler)" cozeellc.com 162.144.4.212
216.73.216.122 - - [07/Mar/2026:06:33:06 -0600] "GET /product-category/health-beauty/skin-care/?add-to-wishlist=5024&orderby=price HTTP/1.1" 200 89949 "-" "Mozilla/5.0 AppleWebKit/537.36 (KHTML, like Gecko; compatible; ClaudeBot/1.0; +claudebot@anthropic.com)" cozeellc.com 162.144.4.212
216.73.216.122 - - [07/Mar/2026:06:33:06 -0600] "GET /product-category/health-beauty/skin-care/?add-to-wishlist=5024&orderby=price HTTP/2.0" 200 89949 "-" "Mozilla/5.0 AppleWebKit/537.36 (KHTML, like Gecko; compatible; ClaudeBot/1.0; +claudebot@anthropic.com)" cozeellc.com 162.144.4.212
57.141.6.65 - - [07/Mar/2026:06:33:08 -0600] "GET /shop/?orderby=rating&filter_size=xl%2Cxxl%2Cl%2Cm%2C4xl%2Cxxxl%2C5xl&filter_color=zyq-1102 HTTP/1.1" 200 162444 "-" "meta-externalagent/1.1 (+https://developers.facebook.com/docs/sharing/webmasters/crawler)" cozeellc.com 162.144.4.212
57.141.6.65 - - [07/Mar/2026:06:33:08 -0600] "GET /shop/?orderby=rating&filter_size=xl%2Cxxl%2Cl%2Cm%2C4xl%2Cxxxl%2C5xl&filter_color=zyq-1102 HTTP/2.0" 200 162444 "-" "meta-externalagent/1.1 (+https://developers.facebook.com/docs/sharing/webmasters/crawler)" cozeellc.com 162.144.4.212
57.141.6.52 - - [07/Mar/2026:06:33:08 -0600] "GET /shop/?orderby=price&filter_color=style-d-3pcs,style-e-3pcs,style-d-1pc,style-b-1pc,style-d-2pcs,style-c-2pcs,style-e-2pcs,style-a-3pcs,style-c-3pcs HTTP/1.1" 200 183012 "-" "meta-externalagent/1.1 (+https://developers.facebook.com/docs/sharing/webmasters/crawler)" cozeellc.com 162.144.4.212
57.141.6.52 - - [07/Mar/2026:06:33:08 -0600] "GET /shop/?orderby=price&filter_color=style-d-3pcs,style-e-3pcs,style-d-1pc,style-b-1pc,style-d-2pcs,style-c-2pcs,style-e-2pcs,style-a-3pcs,style-c-3pcs HTTP/2.0" 200 183012 "-" "meta-externalagent/1.1 (+https://developers.facebook.com/docs/sharing/webmasters/crawler)" cozeellc.com 162.144.4.212
216.73.216.122 - - [07/Mar/2026:06:33:11 -0600] "GET /product-category/health-beauty/skin-care/?add-to-wishlist=5060&orderby=price HTTP/1.1" 200 89955 "-" "Mozilla/5.0 AppleWebKit/537.36 (KHTML, like Gecko; compatible; ClaudeBot/1.0; +claudebot@anthropic.com)" cozeellc.com 162.144.4.212
216.73.216.122 - - [07/Mar/2026:06:33:11 -0600] "GET /product-category/health-beauty/skin-care/?add-to-wishlist=5060&orderby=price HTTP/2.0" 200 89955 "-" "Mozilla/5.0 AppleWebKit/537.36 (KHTML, like Gecko; compatible; ClaudeBot/1.0; +claudebot@anthropic.com)" cozeellc.com 162.144.4.212
57.141.6.34 - - [07/Mar/2026:06:33:11 -0600] "GET /shop/?orderby=price&filter_color=style-f-3pcs,style-d-3pcs,style-d-2pcs,style-f-2pcs,style-a-2pcs,style-a-3pcs,style-c-1pc HTTP/1.1" 200 166629 "-" "meta-externalagent/1.1 (+https://developers.facebook.com/docs/sharing/webmasters/crawler)" cozeellc.com 162.144.4.212
57.141.6.34 - - [07/Mar/2026:06:33:11 -0600] "GET /shop/?orderby=price&filter_color=style-f-3pcs,style-d-3pcs,style-d-2pcs,style-f-2pcs,style-a-2pcs,style-a-3pcs,style-c-1pc HTTP/2.0" 200 166629 "-" "meta-externalagent/1.1 (+https://developers.facebook.com/docs/sharing/webmasters/crawler)" cozeellc.com 162.144.4.212
57.141.6.34 - - [07/Mar/2026:06:33:15 -0600] "GET /shop/?orderby=price&filter_color=style-c-2pcs,style-e-3pcs,style-a-2pcs,style-d-2pcs,style-c-1pc,style-f-1pc,style-f-2pcs HTTP/1.1" 200 166600 "-" "meta-externalagent/1.1 (+https://developers.facebook.com/docs/sharing/webmasters/crawler)" cozeellc.com 162.144.4.212
57.141.6.34 - - [07/Mar/2026:06:33:15 -0600] "GET /shop/?orderby=price&filter_color=style-c-2pcs,style-e-3pcs,style-a-2pcs,style-d-2pcs,style-c-1pc,style-f-1pc,style-f-2pcs HTTP/2.0" 200 166600 "-" "meta-externalagent/1.1 (+https://developers.facebook.com/docs/sharing/webmasters/crawler)" cozeellc.com 162.144.4.212
216.73.216.122 - - [07/Mar/2026:06:33:16 -0600] "GET /product-category/health-beauty/skin-care/?add-to-wishlist=5077&orderby=price HTTP/1.1" 200 89360 "-" "Mozilla/5.0 AppleWebKit/537.36 (KHTML, like Gecko; compatible; ClaudeBot/1.0; +claudebot@anthropic.com)" cozeellc.com 162.144.4.212
216.73.216.122 - - [07/Mar/2026:06:33:16 -0600] "GET /product-category/health-beauty/skin-care/?add-to-wishlist=5077&orderby=price HTTP/2.0" 200 89360 "-" "Mozilla/5.0 AppleWebKit/537.36 (KHTML, like Gecko; compatible; ClaudeBot/1.0; +claudebot@anthropic.com)" cozeellc.com 162.144.4.212
57.141.6.47 - - [07/Mar/2026:06:33:17 -0600] "GET /product-category/health-beauty/?orderby=rating&filter_color=style-d-2pcs,style-c-2pcs,style-e-3pcs,style-e-2pcs,style-e-1pc,style-b-1pc HTTP/1.1" 200 163398 "-" "meta-externalagent/1.1 (+https://developers.facebook.com/docs/sharing/webmasters/crawler)" cozeellc.com 162.144.4.212
57.141.6.47 - - [07/Mar/2026:06:33:17 -0600] "GET /product-category/health-beauty/?orderby=rating&filter_color=style-d-2pcs,style-c-2pcs,style-e-3pcs,style-e-2pcs,style-e-1pc,style-b-1pc HTTP/2.0" 200 163398 "-" "meta-externalagent/1.1 (+https://developers.facebook.com/docs/sharing/webmasters/crawler)" cozeellc.com 162.144.4.212
216.73.216.122 - - [07/Mar/2026:06:33:21 -0600] "GET /product/large-pet-cat-and-dog-bed-warm-comfortable-dog-house-soft-pp-cotton-nest-dog-basket-mat-autumn-and-winter-waterproof-cat-bed/?add_to_compare=5423 HTTP/1.1" 200 72108 "-" "Mozilla/5.0 AppleWebKit/537.36 (KHTML, like Gecko; compatible; ClaudeBot/1.0; +claudebot@anthropic.com)" cozeellc.com 162.144.4.212
216.73.216.122 - - [07/Mar/2026:06:33:21 -0600] "GET /product/large-pet-cat-and-dog-bed-warm-comfortable-dog-house-soft-pp-cotton-nest-dog-basket-mat-autumn-and-winter-waterproof-cat-bed/?add_to_compare=5423 HTTP/2.0" 200 72108 "-" "Mozilla/5.0 AppleWebKit/537.36 (KHTML, like Gecko; compatible; ClaudeBot/1.0; +claudebot@anthropic.com)" cozeellc.com 162.144.4.212
57.141.6.23 - - [07/Mar/2026:06:33:21 -0600] "GET /product-category/health-beauty/?orderby=popularity&filter_color=style-a-2pcs,style-c-1pc,style-d-2pcs,style-a-1pc,style-c-3pcs,style-e-3pcs,style-e-2pcs,style-d-3pcs HTTP/1.1" 200 164786 "-" "meta-externalagent/1.1 (+https://developers.facebook.com/docs/sharing/webmasters/crawler)" cozeellc.com 162.144.4.212
57.141.6.23 - - [07/Mar/2026:06:33:21 -0600] "GET /product-category/health-beauty/?orderby=popularity&filter_color=style-a-2pcs,style-c-1pc,style-d-2pcs,style-a-1pc,style-c-3pcs,style-e-3pcs,style-e-2pcs,style-d-3pcs HTTP/2.0" 200 164786 "-" "meta-externalagent/1.1 (+https://developers.facebook.com/docs/sharing/webmasters/crawler)" cozeellc.com 162.144.4.212
57.141.6.72 - - [07/Mar/2026:06:33:23 -0600] "GET /shop/?orderby=popularity&filter_color=style-d-3pcs,style-b-1pc,style-b-3pcs,style-a-3pcs,style-a-2pcs,style-c-2pcs,style-d-1pc HTTP/1.1" 500 2653 "-" "meta-externalagent/1.1 (+https://developers.facebook.com/docs/sharing/webmasters/crawler)" cozeellc.com 162.144.4.212
57.141.6.72 - - [07/Mar/2026:06:33:23 -0600] "GET /shop/?orderby=popularity&filter_color=style-d-3pcs,style-b-1pc,style-b-3pcs,style-a-3pcs,style-a-2pcs,style-c-2pcs,style-d-1pc HTTP/2.0" 500 2653 "-" "meta-externalagent/1.1 (+https://developers.facebook.com/docs/sharing/webmasters/crawler)" cozeellc.com 162.144.4.212
216.73.216.122 - - [07/Mar/2026:06:33:26 -0600] "GET /product/large-pet-cat-and-dog-bed-warm-comfortable-dog-house-soft-pp-cotton-nest-dog-basket-mat-autumn-and-winter-waterproof-cat-bed/?add_to_compare=5431 HTTP/1.1" 200 71741 "-" "Mozilla/5.0 AppleWebKit/537.36 (KHTML, like Gecko; compatible; ClaudeBot/1.0; +claudebot@anthropic.com)" cozeellc.com 162.144.4.212
216.73.216.122 - - [07/Mar/2026:06:33:26 -0600] "GET /product/large-pet-cat-and-dog-bed-warm-comfortable-dog-house-soft-pp-cotton-nest-dog-basket-mat-autumn-and-winter-waterproof-cat-bed/?add_to_compare=5431 HTTP/2.0" 200 71741 "-" "Mozilla/5.0 AppleWebKit/537.36 (KHTML, like Gecko; compatible; ClaudeBot/1.0; +claudebot@anthropic.com)" cozeellc.com 162.144.4.212
155.94.177.210 - - [07/Mar/2026:06:33:26 -0600] "GET /product-category/health-beauty/?filter_color=style-c-3pcs%2Cstyle-a-2pcs%2Cstyle-c-2pcs%2Cstyle-e-1pc%2Cstyle-d-2pcs%2Cstyle-d-3pcs%2Cstyle-b-2pcs%2Cstyle-e-3pcs&orderby=rating HTTP/1.1" 200 33884 "-" "Mozilla/5.0 (Linux; Android 8.0; Pixel 2 Build/OPD3.170816.012) AppleWebKit/537.36 (KHTML, like Gecko) Chrome/57.0.8214.1344 Mobile Safari/537.36" cozeellc.com 162.144.4.212
155.94.177.210 - - [07/Mar/2026:06:33:26 -0600] "GET /product-category/health-beauty/?filter_color=style-c-3pcs%2Cstyle-a-2pcs%2Cstyle-c-2pcs%2Cstyle-e-1pc%2Cstyle-d-2pcs%2Cstyle-d-3pcs%2Cstyle-b-2pcs%2Cstyle-e-3pcs&orderby=rating HTTP/2.0" 200 33884 "-" "Mozilla/5.0 (Linux; Android 8.0; Pixel 2 Build/OPD3.170816.012) AppleWebKit/537.36 (KHTML, like Gecko) Chrome/57.0.8214.1344 Mobile Safari/537.36" cozeellc.com 162.144.4.212
57.141.6.52 - - [07/Mar/2026:06:33:26 -0600] "GET /shop/?orderby=price&filter_color=style-b-3pcs,style-e-3pcs,style-b-1pc,style-b-2pcs,style-d-2pcs,style-e-1pc,style-d-3pcs HTTP/1.1" 200 181640 "-" "meta-externalagent/1.1 (+https://developers.facebook.com/docs/sharing/webmasters/crawler)" cozeellc.com 162.144.4.212
57.141.6.52 - - [07/Mar/2026:06:33:26 -0600] "GET /shop/?orderby=price&filter_color=style-b-3pcs,style-e-3pcs,style-b-1pc,style-b-2pcs,style-d-2pcs,style-e-1pc,style-d-3pcs HTTP/2.0" 200 181640 "-" "meta-externalagent/1.1 (+https://developers.facebook.com/docs/sharing/webmasters/crawler)" cozeellc.com 162.144.4.212
57.141.6.64 - - [07/Mar/2026:06:33:29 -0600] "GET /product-category/health-beauty/?orderby=price&filter_color=style-a-3pcs,style-e-3pcs,style-a-2pcs,style-c-2pcs,style-b-3pcs,style-e-1pc,style-c-3pcs HTTP/1.1" 200 164040 "-" "meta-externalagent/1.1 (+https://developers.facebook.com/docs/sharing/webmasters/crawler)" cozeellc.com 162.144.4.212
57.141.6.64 - - [07/Mar/2026:06:33:29 -0600] "GET /product-category/health-beauty/?orderby=price&filter_color=style-a-3pcs,style-e-3pcs,style-a-2pcs,style-c-2pcs,style-b-3pcs,style-e-1pc,style-c-3pcs HTTP/2.0" 200 164040 "-" "meta-externalagent/1.1 (+https://developers.facebook.com/docs/sharing/webmasters/crawler)" cozeellc.com 162.144.4.212
57.141.6.69 - - [07/Mar/2026:06:33:29 -0600] "GET /shop/?filter_color=style-e-3pcs,style-c-3pcs,style-c-2pcs,style-a-3pcs,style-d-3pcs,style-d-2pcs,style-e-1pc,style-a-2pcs HTTP/1.1" 200 181785 "-" "meta-externalagent/1.1 (+https://developers.facebook.com/docs/sharing/webmasters/crawler)" cozeellc.com 162.144.4.212
57.141.6.69 - - [07/Mar/2026:06:33:29 -0600] "GET /shop/?filter_color=style-e-3pcs,style-c-3pcs,style-c-2pcs,style-a-3pcs,style-d-3pcs,style-d-2pcs,style-e-1pc,style-a-2pcs HTTP/2.0" 200 181785 "-" "meta-externalagent/1.1 (+https://developers.facebook.com/docs/sharing/webmasters/crawler)" cozeellc.com 162.144.4.212
216.73.216.122 - - [07/Mar/2026:06:33:31 -0600] "GET /product/large-pet-cat-and-dog-bed-warm-comfortable-dog-house-soft-pp-cotton-nest-dog-basket-mat-autumn-and-winter-waterproof-cat-bed/?add_to_compare=5476 HTTP/1.1" 200 71946 "-" "Mozilla/5.0 AppleWebKit/537.36 (KHTML, like Gecko; compatible; ClaudeBot/1.0; +claudebot@anthropic.com)" cozeellc.com 162.144.4.212
216.73.216.122 - - [07/Mar/2026:06:33:31 -0600] "GET /product/large-pet-cat-and-dog-bed-warm-comfortable-dog-house-soft-pp-cotton-nest-dog-basket-mat-autumn-and-winter-waterproof-cat-bed/?add_to_compare=5476 HTTP/2.0" 200 71946 "-" "Mozilla/5.0 AppleWebKit/537.36 (KHTML, like Gecko; compatible; ClaudeBot/1.0; +claudebot@anthropic.com)" cozeellc.com 162.144.4.212
162.144.4.212 - - [07/Mar/2026:06:33:33 -0600] "POST /wp-cron.php?doing_wp_cron=1772886813.8820409774780273437500 HTTP/1.1" 200 - "-" "WordPress/6.9; https://cozeellc.com" cozeellc.com 162.144.4.212
57.141.6.8 - - [07/Mar/2026:06:33:32 -0600] "GET /shop/?orderby=price-desc&filter_color=style-c-2pcs,style-a-2pcs,style-b-3pcs,style-a-3pcs,style-e-1pc,style-d-3pcs HTTP/1.1" 200 181146 "-" "meta-externalagent/1.1 (+https://developers.facebook.com/docs/sharing/webmasters/crawler)" cozeellc.com 162.144.4.212
57.141.6.8 - - [07/Mar/2026:06:33:32 -0600] "GET /shop/?orderby=price-desc&filter_color=style-c-2pcs,style-a-2pcs,style-b-3pcs,style-a-3pcs,style-e-1pc,style-d-3pcs HTTP/2.0" 200 181146 "-" "meta-externalagent/1.1 (+https://developers.facebook.com/docs/sharing/webmasters/crawler)" cozeellc.com 162.144.4.212
162.144.4.212 - - [07/Mar/2026:06:33:34 -0600] "POST /wp-admin/admin-ajax.php?action=async_litespeed&nonce=DJ20SkAc1zINQotOwyPtf4owQv34pcDp&litespeed_type=imgoptm HTTP/1.1" 500 155 "-" "WordPress/6.9; https://cozeellc.com" cozeellc.com 162.144.4.212
162.144.4.212 - - [07/Mar/2026:06:33:34 -0600] "PURGE /.* HTTP/1.1" 204 - "-" "WordPress/6.9; https://cozeellc.com; EPC/v2.2.2/epc_scheduled_purge_all" cozeellc.com 162.144.4.212
162.144.4.212 - - [07/Mar/2026:06:33:34 -0600] "PURGE /.* HTTP/1.1" 204 - "-" "WordPress/6.9; https://cozeellc.com; EPC/v2.2.2/epc_scheduled_purge_all" cozeellc.com 162.144.4.212
216.73.216.122 - - [07/Mar/2026:06:33:36 -0600] "GET /product/anti-aging-collagen-gel-patch-10pcs-forehead-line-removal-firming-mask-frown-lines-face-skin-care-stickers/?add-to-wishlist=5094 HTTP/1.1" 200 68553 "-" "Mozilla/5.0 AppleWebKit/537.36 (KHTML, like Gecko; compatible; ClaudeBot/1.0; +claudebot@anthropic.com)" cozeellc.com 162.144.4.212
216.73.216.122 - - [07/Mar/2026:06:33:36 -0600] "GET /product/anti-aging-collagen-gel-patch-10pcs-forehead-line-removal-firming-mask-frown-lines-face-skin-care-stickers/?add-to-wishlist=5094 HTTP/2.0" 200 68553 "-" "Mozilla/5.0 AppleWebKit/537.36 (KHTML, like Gecko; compatible; ClaudeBot/1.0; +claudebot@anthropic.com)" cozeellc.com 162.144.4.212
57.141.6.19 - - [07/Mar/2026:06:33:35 -0600] "GET /shop/?filter_color=style-f-2pcs,style-d-2pcs,style-f-3pcs,style-c-3pcs,style-b-1pc,style-a-3pcs,style-e-1pc,style-a-2pcs,style-e-3pcs,style-c-1pc HTTP/1.1" 500 2653 "-" "meta-externalagent/1.1 (+https://developers.facebook.com/docs/sharing/webmasters/crawler)" cozeellc.com 162.144.4.212
57.141.6.19 - - [07/Mar/2026:06:33:35 -0600] "GET /shop/?filter_color=style-f-2pcs,style-d-2pcs,style-f-3pcs,style-c-3pcs,style-b-1pc,style-a-3pcs,style-e-1pc,style-a-2pcs,style-e-3pcs,style-c-1pc HTTP/2.0" 500 2653 "-" "meta-externalagent/1.1 (+https://developers.facebook.com/docs/sharing/webmasters/crawler)" cozeellc.com 162.144.4.212
57.141.6.23 - - [07/Mar/2026:06:33:38 -0600] "GET /shop/?filter_size=xxxl%2Cxl%2Cs%2Cm%2C4xl%2Cl%2Cxxl&filter_color=zyq-1100,zyq-1101 HTTP/1.1" 200 162447 "-" "meta-externalagent/1.1 (+https://developers.facebook.com/docs/sharing/webmasters/crawler)" cozeellc.com 162.144.4.212
57.141.6.23 - - [07/Mar/2026:06:33:38 -0600] "GET /shop/?filter_size=xxxl%2Cxl%2Cs%2Cm%2C4xl%2Cl%2Cxxl&filter_color=zyq-1100,zyq-1101 HTTP/2.0" 200 162447 "-" "meta-externalagent/1.1 (+https://developers.facebook.com/docs/sharing/webmasters/crawler)" cozeellc.com 162.144.4.212
216.73.216.122 - - [07/Mar/2026:06:33:41 -0600] "GET /product/new-pet-spray-comb-for-cats-and-dogs-pet-electric-spray-hair-removal-comb-one-key-spray-anti-flying-massage-brush-clean-massage/?remove_compare_item=57e4f98889f96942ec0691d6a5995dad HTTP/1.1" 200 71926 "-" "Mozilla/5.0 AppleWebKit/537.36 (KHTML, like Gecko; compatible; ClaudeBot/1.0; +claudebot@anthropic.com)" cozeellc.com 162.144.4.212
216.73.216.122 - - [07/Mar/2026:06:33:41 -0600] "GET /product/new-pet-spray-comb-for-cats-and-dogs-pet-electric-spray-hair-removal-comb-one-key-spray-anti-flying-massage-brush-clean-massage/?remove_compare_item=57e4f98889f96942ec0691d6a5995dad HTTP/2.0" 200 71926 "-" "Mozilla/5.0 AppleWebKit/537.36 (KHTML, like Gecko; compatible; ClaudeBot/1.0; +claudebot@anthropic.com)" cozeellc.com 162.144.4.212
