57.141.6.54 - - [07/Mar/2026:06:43:49 -0600] "GET /shop/?filter_color=style-a-1pc,style-d-2pcs,style-f-1pc,style-e-2pcs,style-f-2pcs,style-c-3pcs,style-c-1pc HTTP/1.1" 200 166032 "-" "meta-externalagent/1.1 (+https://developers.facebook.com/docs/sharing/webmasters/crawler)" cozeellc.com 162.144.4.212
57.141.6.54 - - [07/Mar/2026:06:43:49 -0600] "GET /shop/?filter_color=style-a-1pc,style-d-2pcs,style-f-1pc,style-e-2pcs,style-f-2pcs,style-c-3pcs,style-c-1pc HTTP/2.0" 200 166032 "-" "meta-externalagent/1.1 (+https://developers.facebook.com/docs/sharing/webmasters/crawler)" cozeellc.com 162.144.4.212
123.31.109.164 - - [07/Mar/2026:06:43:49 -0600] "GET /product-category/health-beauty/?filter_color=style-d-1pc%2Cstyle-c-1pc%2Cstyle-b-3pcs%2Cstyle-b-2pcs&orderby=popularity HTTP/1.1" 200 44135 "-" "Mozilla/5.0 (Macintosh; Intel Mac OS X 11_1_0) AppleWebKit/537.36 (KHTML, like Gecko) Chrome/88.0.4324.150 Safari/537.36" cozeellc.com 162.144.4.212
123.31.109.164 - - [07/Mar/2026:06:43:49 -0600] "GET /product-category/health-beauty/?filter_color=style-d-1pc%2Cstyle-c-1pc%2Cstyle-b-3pcs%2Cstyle-b-2pcs&orderby=popularity HTTP/1.1" 200 44135 "-" "Mozilla/5.0 (Macintosh; Intel Mac OS X 11_1_0) AppleWebKit/537.36 (KHTML, like Gecko) Chrome/88.0.4324.150 Safari/537.36" cozeellc.com 162.144.4.212
57.141.6.49 - - [07/Mar/2026:06:43:51 -0600] "GET /product-category/health-beauty/?orderby=popularity&filter_color=style-d-2pcs,style-e-2pcs,style-a-3pcs,style-d-1pc,style-e-1pc,style-d-3pcs,style-e-3pcs,style-a-1pc HTTP/2.0" 200 7092 "-" "meta-externalagent/1.1 (+https://developers.facebook.com/docs/sharing/webmasters/crawler)" cozeellc.com 162.144.4.212
57.141.6.49 - - [07/Mar/2026:06:43:51 -0600] "GET /product-category/health-beauty/?orderby=popularity&filter_color=style-d-2pcs,style-e-2pcs,style-a-3pcs,style-d-1pc,style-e-1pc,style-d-3pcs,style-e-3pcs,style-a-1pc HTTP/1.1" 200 164759 "-" "meta-externalagent/1.1 (+https://developers.facebook.com/docs/sharing/webmasters/crawler)" cozeellc.com 162.144.4.212
216.73.216.122 - - [07/Mar/2026:06:43:52 -0600] "GET /product-category/health-beauty/?add-to-wishlist=5005&orderby=price HTTP/1.1" 200 89371 "-" "Mozilla/5.0 AppleWebKit/537.36 (KHTML, like Gecko; compatible; ClaudeBot/1.0; +claudebot@anthropic.com)" cozeellc.com 162.144.4.212
216.73.216.122 - - [07/Mar/2026:06:43:52 -0600] "GET /product-category/health-beauty/?add-to-wishlist=5005&orderby=price HTTP/2.0" 200 89371 "-" "Mozilla/5.0 AppleWebKit/537.36 (KHTML, like Gecko; compatible; ClaudeBot/1.0; +claudebot@anthropic.com)" cozeellc.com 162.144.4.212
57.141.6.10 - - [07/Mar/2026:06:43:53 -0600] "GET /shop/?orderby=popularity&filter_color=style-a-1pc,style-e-3pcs,style-c-1pc,style-e-1pc,style-e-2pcs,style-f-3pcs,style-f-2pcs,style-a-3pcs HTTP/1.1" 200 167370 "-" "meta-externalagent/1.1 (+https://developers.facebook.com/docs/sharing/webmasters/crawler)" cozeellc.com 162.144.4.212
57.141.6.10 - - [07/Mar/2026:06:43:53 -0600] "GET /shop/?orderby=popularity&filter_color=style-a-1pc,style-e-3pcs,style-c-1pc,style-e-1pc,style-e-2pcs,style-f-3pcs,style-f-2pcs,style-a-3pcs HTTP/2.0" 200 167370 "-" "meta-externalagent/1.1 (+https://developers.facebook.com/docs/sharing/webmasters/crawler)" cozeellc.com 162.144.4.212
57.141.6.26 - - [07/Mar/2026:06:43:55 -0600] "GET /product-category/health-beauty/?filter_color=style-c-3pcs,style-a-1pc,style-e-3pcs,style-b-2pcs,style-d-2pcs,style-e-1pc,style-a-2pcs HTTP/1.1" 200 163532 "-" "meta-externalagent/1.1 (+https://developers.facebook.com/docs/sharing/webmasters/crawler)" cozeellc.com 162.144.4.212
57.141.6.26 - - [07/Mar/2026:06:43:55 -0600] "GET /product-category/health-beauty/?filter_color=style-c-3pcs,style-a-1pc,style-e-3pcs,style-b-2pcs,style-d-2pcs,style-e-1pc,style-a-2pcs HTTP/2.0" 200 163532 "-" "meta-externalagent/1.1 (+https://developers.facebook.com/docs/sharing/webmasters/crawler)" cozeellc.com 162.144.4.212
57.141.6.44 - - [07/Mar/2026:06:43:55 -0600] "GET /shop/?orderby=rating&filter_color=style-b-2pcs,style-d-2pcs,style-f-3pcs,style-b-1pc,style-a-1pc,style-d-3pcs,style-f-1pc,style-d-1pc,style-c-2pcs HTTP/1.1" 500 2653 "-" "meta-externalagent/1.1 (+https://developers.facebook.com/docs/sharing/webmasters/crawler)" cozeellc.com 162.144.4.212
57.141.6.44 - - [07/Mar/2026:06:43:55 -0600] "GET /shop/?orderby=rating&filter_color=style-b-2pcs,style-d-2pcs,style-f-3pcs,style-b-1pc,style-a-1pc,style-d-3pcs,style-f-1pc,style-d-1pc,style-c-2pcs HTTP/2.0" 500 2653 "-" "meta-externalagent/1.1 (+https://developers.facebook.com/docs/sharing/webmasters/crawler)" cozeellc.com 162.144.4.212
152.39.249.85 - - [07/Mar/2026:06:43:56 -0600] "GET /product-category/health-beauty/?filter_color=style-d-1pc%2Cstyle-e-1pc%2Cstyle-b-3pcs%2Cstyle-c-1pc%2Cstyle-a-1pc%2Cstyle-b-2pcs%2Cstyle-d-2pcs%2Cstyle-e-2pcs&orderby=popularity HTTP/1.1" 200 33904 "-" "Mozilla/5.0 (Linux; Android 5.0; SM-G900P Build/LRX21T) AppleWebKit/537.36 (KHTML, like Gecko) Chrome/57.0.1338.1281 Mobile Safari/537.36" cozeellc.com 162.144.4.212
152.39.249.85 - - [07/Mar/2026:06:43:56 -0600] "GET /product-category/health-beauty/?filter_color=style-d-1pc%2Cstyle-e-1pc%2Cstyle-b-3pcs%2Cstyle-c-1pc%2Cstyle-a-1pc%2Cstyle-b-2pcs%2Cstyle-d-2pcs%2Cstyle-e-2pcs&orderby=popularity HTTP/2.0" 200 33904 "-" "Mozilla/5.0 (Linux; Android 5.0; SM-G900P Build/LRX21T) AppleWebKit/537.36 (KHTML, like Gecko) Chrome/57.0.1338.1281 Mobile Safari/537.36" cozeellc.com 162.144.4.212
57.141.6.13 - - [07/Mar/2026:06:43:57 -0600] "GET /shop/?filter_color=style-e-2pcs,style-b-2pcs,style-a-3pcs,style-d-2pcs,style-d-3pcs,style-c-1pc,style-a-1pc HTTP/1.1" 200 181101 "-" "meta-externalagent/1.1 (+https://developers.facebook.com/docs/sharing/webmasters/crawler)" cozeellc.com 162.144.4.212
57.141.6.13 - - [07/Mar/2026:06:43:57 -0600] "GET /shop/?filter_color=style-e-2pcs,style-b-2pcs,style-a-3pcs,style-d-2pcs,style-d-3pcs,style-c-1pc,style-a-1pc HTTP/2.0" 200 181101 "-" "meta-externalagent/1.1 (+https://developers.facebook.com/docs/sharing/webmasters/crawler)" cozeellc.com 162.144.4.212
216.73.216.122 - - [07/Mar/2026:06:43:57 -0600] "GET /product-category/health-beauty/?add-to-wishlist=5082&orderby=price HTTP/1.1" 200 89950 "-" "Mozilla/5.0 AppleWebKit/537.36 (KHTML, like Gecko; compatible; ClaudeBot/1.0; +claudebot@anthropic.com)" cozeellc.com 162.144.4.212
216.73.216.122 - - [07/Mar/2026:06:43:57 -0600] "GET /product-category/health-beauty/?add-to-wishlist=5082&orderby=price HTTP/2.0" 200 89950 "-" "Mozilla/5.0 AppleWebKit/537.36 (KHTML, like Gecko; compatible; ClaudeBot/1.0; +claudebot@anthropic.com)" cozeellc.com 162.144.4.212
57.141.6.72 - - [07/Mar/2026:06:43:59 -0600] "GET /shop/?orderby=rating&filter_color=style-a-3pcs,style-c-2pcs,style-c-1pc,style-b-2pcs,style-c-3pcs,style-d-3pcs HTTP/1.1" 200 181042 "-" "meta-externalagent/1.1 (+https://developers.facebook.com/docs/sharing/webmasters/crawler)" cozeellc.com 162.144.4.212
57.141.6.72 - - [07/Mar/2026:06:43:59 -0600] "GET /shop/?orderby=rating&filter_color=style-a-3pcs,style-c-2pcs,style-c-1pc,style-b-2pcs,style-c-3pcs,style-d-3pcs HTTP/2.0" 200 181042 "-" "meta-externalagent/1.1 (+https://developers.facebook.com/docs/sharing/webmasters/crawler)" cozeellc.com 162.144.4.212
57.141.6.62 - - [07/Mar/2026:06:43:59 -0600] "GET /shop/?filter_color=style-e-1pc,style-f-1pc,style-c-3pcs,style-d-1pc,style-f-3pcs,style-c-1pc,style-d-2pcs HTTP/1.1" 200 166003 "-" "meta-externalagent/1.1 (+https://developers.facebook.com/docs/sharing/webmasters/crawler)" cozeellc.com 162.144.4.212
57.141.6.62 - - [07/Mar/2026:06:43:59 -0600] "GET /shop/?filter_color=style-e-1pc,style-f-1pc,style-c-3pcs,style-d-1pc,style-f-3pcs,style-c-1pc,style-d-2pcs HTTP/2.0" 200 166003 "-" "meta-externalagent/1.1 (+https://developers.facebook.com/docs/sharing/webmasters/crawler)" cozeellc.com 162.144.4.212
216.73.216.122 - - [07/Mar/2026:06:44:02 -0600] "GET /product-category/health-beauty/?add-to-wishlist=5024&orderby=price HTTP/1.1" 200 89959 "-" "Mozilla/5.0 AppleWebKit/537.36 (KHTML, like Gecko; compatible; ClaudeBot/1.0; +claudebot@anthropic.com)" cozeellc.com 162.144.4.212
216.73.216.122 - - [07/Mar/2026:06:44:02 -0600] "GET /product-category/health-beauty/?add-to-wishlist=5024&orderby=price HTTP/2.0" 200 89959 "-" "Mozilla/5.0 AppleWebKit/537.36 (KHTML, like Gecko; compatible; ClaudeBot/1.0; +claudebot@anthropic.com)" cozeellc.com 162.144.4.212
57.141.6.33 - - [07/Mar/2026:06:44:01 -0600] "GET /shop/?orderby=popularity&filter_color=style-b-2pcs,style-e-3pcs,style-c-2pcs,style-a-2pcs,style-d-2pcs,style-c-3pcs,style-e-2pcs,style-b-3pcs HTTP/1.1" 500 2653 "-" "meta-externalagent/1.1 (+https://developers.facebook.com/docs/sharing/webmasters/crawler)" cozeellc.com 162.144.4.212
57.141.6.33 - - [07/Mar/2026:06:44:01 -0600] "GET /shop/?orderby=popularity&filter_color=style-b-2pcs,style-e-3pcs,style-c-2pcs,style-a-2pcs,style-d-2pcs,style-c-3pcs,style-e-2pcs,style-b-3pcs HTTP/2.0" 500 2653 "-" "meta-externalagent/1.1 (+https://developers.facebook.com/docs/sharing/webmasters/crawler)" cozeellc.com 162.144.4.212
57.141.6.59 - - [07/Mar/2026:06:44:03 -0600] "GET /shop/?orderby=price&filter_color=style-b-1pc,style-d-3pcs,style-b-3pcs,style-f-1pc,style-a-3pcs HTTP/1.1" 200 165332 "-" "meta-externalagent/1.1 (+https://developers.facebook.com/docs/sharing/webmasters/crawler)" cozeellc.com 162.144.4.212
57.141.6.59 - - [07/Mar/2026:06:44:03 -0600] "GET /shop/?orderby=price&filter_color=style-b-1pc,style-d-3pcs,style-b-3pcs,style-f-1pc,style-a-3pcs HTTP/2.0" 200 165332 "-" "meta-externalagent/1.1 (+https://developers.facebook.com/docs/sharing/webmasters/crawler)" cozeellc.com 162.144.4.212
57.141.6.6 - - [07/Mar/2026:06:44:06 -0600] "GET /shop/?orderby=rating&filter_color=style-b-3pcs,style-a-3pcs,style-e-3pcs,style-c-1pc,style-d-3pcs,style-f-1pc HTTP/1.1" 200 165974 "-" "meta-externalagent/1.1 (+https://developers.facebook.com/docs/sharing/webmasters/crawler)" cozeellc.com 162.144.4.212
57.141.6.6 - - [07/Mar/2026:06:44:06 -0600] "GET /shop/?orderby=rating&filter_color=style-b-3pcs,style-a-3pcs,style-e-3pcs,style-c-1pc,style-d-3pcs,style-f-1pc HTTP/2.0" 200 165974 "-" "meta-externalagent/1.1 (+https://developers.facebook.com/docs/sharing/webmasters/crawler)" cozeellc.com 162.144.4.212
57.141.6.32 - - [07/Mar/2026:06:44:06 -0600] "GET /shop/?orderby=price&filter_color=style-b-2pcs,style-c-1pc,style-e-2pcs,style-d-3pcs,style-b-3pcs,style-c-2pcs HTTP/1.1" 200 181021 "-" "meta-externalagent/1.1 (+https://developers.facebook.com/docs/sharing/webmasters/crawler)" cozeellc.com 162.144.4.212
57.141.6.32 - - [07/Mar/2026:06:44:06 -0600] "GET /shop/?orderby=price&filter_color=style-b-2pcs,style-c-1pc,style-e-2pcs,style-d-3pcs,style-b-3pcs,style-c-2pcs HTTP/2.0" 200 181021 "-" "meta-externalagent/1.1 (+https://developers.facebook.com/docs/sharing/webmasters/crawler)" cozeellc.com 162.144.4.212
216.73.216.122 - - [07/Mar/2026:06:44:07 -0600] "GET /product-category/health-beauty/?add-to-wishlist=5060&orderby=price HTTP/1.1" 200 89961 "-" "Mozilla/5.0 AppleWebKit/537.36 (KHTML, like Gecko; compatible; ClaudeBot/1.0; +claudebot@anthropic.com)" cozeellc.com 162.144.4.212
216.73.216.122 - - [07/Mar/2026:06:44:07 -0600] "GET /product-category/health-beauty/?add-to-wishlist=5060&orderby=price HTTP/2.0" 200 89961 "-" "Mozilla/5.0 AppleWebKit/537.36 (KHTML, like Gecko; compatible; ClaudeBot/1.0; +claudebot@anthropic.com)" cozeellc.com 162.144.4.212
57.141.6.54 - - [07/Mar/2026:06:44:08 -0600] "GET /shop/?filter_color=style-b-2pcs,style-e-2pcs,style-e-3pcs,style-f-2pcs,style-f-3pcs,style-b-1pc HTTP/1.1" 200 165461 "-" "meta-externalagent/1.1 (+https://developers.facebook.com/docs/sharing/webmasters/crawler)" cozeellc.com 162.144.4.212
57.141.6.54 - - [07/Mar/2026:06:44:08 -0600] "GET /shop/?filter_color=style-b-2pcs,style-e-2pcs,style-e-3pcs,style-f-2pcs,style-f-3pcs,style-b-1pc HTTP/2.0" 200 165461 "-" "meta-externalagent/1.1 (+https://developers.facebook.com/docs/sharing/webmasters/crawler)" cozeellc.com 162.144.4.212
57.141.6.71 - - [07/Mar/2026:06:44:11 -0600] "GET /shop/?orderby=popularity&filter_color=zyq-1102%2Czyq-1100%2Czyq-1101&filter_size=m,xl,l,s,xxl,xxxl HTTP/1.1" 500 2653 "-" "meta-externalagent/1.1 (+https://developers.facebook.com/docs/sharing/webmasters/crawler)" cozeellc.com 162.144.4.212
57.141.6.71 - - [07/Mar/2026:06:44:11 -0600] "GET /shop/?orderby=popularity&filter_color=zyq-1102%2Czyq-1100%2Czyq-1101&filter_size=m,xl,l,s,xxl,xxxl HTTP/2.0" 500 2653 "-" "meta-externalagent/1.1 (+https://developers.facebook.com/docs/sharing/webmasters/crawler)" cozeellc.com 162.144.4.212
216.73.216.122 - - [07/Mar/2026:06:44:12 -0600] "GET /product-category/health-beauty/?add-to-wishlist=4953&orderby=price HTTP/1.1" 200 89380 "-" "Mozilla/5.0 AppleWebKit/537.36 (KHTML, like Gecko; compatible; ClaudeBot/1.0; +claudebot@anthropic.com)" cozeellc.com 162.144.4.212
216.73.216.122 - - [07/Mar/2026:06:44:12 -0600] "GET /product-category/health-beauty/?add-to-wishlist=4953&orderby=price HTTP/2.0" 200 89380 "-" "Mozilla/5.0 AppleWebKit/537.36 (KHTML, like Gecko; compatible; ClaudeBot/1.0; +claudebot@anthropic.com)" cozeellc.com 162.144.4.212
57.141.6.19 - - [07/Mar/2026:06:44:12 -0600] "GET /shop/?orderby=rating&filter_color=style-c-3pcs,style-b-3pcs,style-e-2pcs,style-d-3pcs,style-d-1pc,style-c-2pcs HTTP/1.1" 200 181042 "-" "meta-externalagent/1.1 (+https://developers.facebook.com/docs/sharing/webmasters/crawler)" cozeellc.com 162.144.4.212
57.141.6.19 - - [07/Mar/2026:06:44:12 -0600] "GET /shop/?orderby=rating&filter_color=style-c-3pcs,style-b-3pcs,style-e-2pcs,style-d-3pcs,style-d-1pc,style-c-2pcs HTTP/2.0" 200 181042 "-" "meta-externalagent/1.1 (+https://developers.facebook.com/docs/sharing/webmasters/crawler)" cozeellc.com 162.144.4.212
57.141.6.14 - - [07/Mar/2026:06:44:15 -0600] "GET /shop/?orderby=date&filter_color=zyq-1101,zyq-1100&filter_size=xl,xxxl,s,xxl,4xl,m,l HTTP/1.1" 200 162912 "-" "meta-externalagent/1.1 (+https://developers.facebook.com/docs/sharing/webmasters/crawler)" cozeellc.com 162.144.4.212
57.141.6.14 - - [07/Mar/2026:06:44:15 -0600] "GET /shop/?orderby=date&filter_color=zyq-1101,zyq-1100&filter_size=xl,xxxl,s,xxl,4xl,m,l HTTP/2.0" 200 162912 "-" "meta-externalagent/1.1 (+https://developers.facebook.com/docs/sharing/webmasters/crawler)" cozeellc.com 162.144.4.212
57.141.6.5 - - [07/Mar/2026:06:44:15 -0600] "GET /shop/?filter_color=style-c-1pc,style-f-2pcs,style-c-3pcs,style-f-3pcs,style-e-1pc,style-d-3pcs,style-a-2pcs,style-f-1pc HTTP/1.1" 500 2653 "-" "meta-externalagent/1.1 (+https://developers.facebook.com/docs/sharing/webmasters/crawler)" cozeellc.com 162.144.4.212
57.141.6.5 - - [07/Mar/2026:06:44:15 -0600] "GET /shop/?filter_color=style-c-1pc,style-f-2pcs,style-c-3pcs,style-f-3pcs,style-e-1pc,style-d-3pcs,style-a-2pcs,style-f-1pc HTTP/2.0" 500 2653 "-" "meta-externalagent/1.1 (+https://developers.facebook.com/docs/sharing/webmasters/crawler)" cozeellc.com 162.144.4.212
216.73.216.122 - - [07/Mar/2026:06:44:17 -0600] "GET /product-category/health-beauty/?add-to-wishlist=4983&orderby=price HTTP/1.1" 200 89373 "-" "Mozilla/5.0 AppleWebKit/537.36 (KHTML, like Gecko; compatible; ClaudeBot/1.0; +claudebot@anthropic.com)" cozeellc.com 162.144.4.212
216.73.216.122 - - [07/Mar/2026:06:44:17 -0600] "GET /product-category/health-beauty/?add-to-wishlist=4983&orderby=price HTTP/2.0" 200 89373 "-" "Mozilla/5.0 AppleWebKit/537.36 (KHTML, like Gecko; compatible; ClaudeBot/1.0; +claudebot@anthropic.com)" cozeellc.com 162.144.4.212
57.141.6.51 - - [07/Mar/2026:06:44:17 -0600] "GET /product-category/jewelry-watches/mens-watches/?orderby=date&filter_color=diver-watches-7,diver-watches-6,diver-watches-3,diver-watches-9,diver-watches-5,diver-watches-1,diver-watches-8 HTTP/1.1" 200 163306 "-" "meta-externalagent/1.1 (+https://developers.facebook.com/docs/sharing/webmasters/crawler)" cozeellc.com 162.144.4.212
57.141.6.51 - - [07/Mar/2026:06:44:17 -0600] "GET /product-category/jewelry-watches/mens-watches/?orderby=date&filter_color=diver-watches-7,diver-watches-6,diver-watches-3,diver-watches-9,diver-watches-5,diver-watches-1,diver-watches-8 HTTP/2.0" 200 163306 "-" "meta-externalagent/1.1 (+https://developers.facebook.com/docs/sharing/webmasters/crawler)" cozeellc.com 162.144.4.212
57.141.6.62 - - [07/Mar/2026:06:44:20 -0600] "GET /shop/?orderby=rating&filter_color=style-a-1pc,style-a-3pcs,style-f-2pcs,style-c-1pc,style-c-3pcs HTTP/1.1" 200 165352 "-" "meta-externalagent/1.1 (+https://developers.facebook.com/docs/sharing/webmasters/crawler)" cozeellc.com 162.144.4.212
57.141.6.62 - - [07/Mar/2026:06:44:20 -0600] "GET /shop/?orderby=rating&filter_color=style-a-1pc,style-a-3pcs,style-f-2pcs,style-c-1pc,style-c-3pcs HTTP/2.0" 200 165352 "-" "meta-externalagent/1.1 (+https://developers.facebook.com/docs/sharing/webmasters/crawler)" cozeellc.com 162.144.4.212
57.141.6.51 - - [07/Mar/2026:06:44:19 -0600] "GET /shop/?filter_color=style-a-2pcs,style-f-3pcs,style-a-1pc,style-b-2pcs,style-c-2pcs,style-f-1pc HTTP/1.1" 500 2653 "-" "meta-externalagent/1.1 (+https://developers.facebook.com/docs/sharing/webmasters/crawler)" cozeellc.com 162.144.4.212
57.141.6.51 - - [07/Mar/2026:06:44:19 -0600] "GET /shop/?filter_color=style-a-2pcs,style-f-3pcs,style-a-1pc,style-b-2pcs,style-c-2pcs,style-f-1pc HTTP/2.0" 500 2653 "-" "meta-externalagent/1.1 (+https://developers.facebook.com/docs/sharing/webmasters/crawler)" cozeellc.com 162.144.4.212
209.95.170.227 - - [07/Mar/2026:06:44:22 -0600] "GET /product-category/health-beauty/skin-care/?filter_color=style-c-3pcs%2Cstyle-b-2pcs%2Cstyle-a-1pc%2Cstyle-a-2pcs&orderby=rating HTTP/1.1" 200 33722 "-" "Mozilla/5.0 (Linux; Android 6.0; Nexus 5 Build/MRA58N) AppleWebKit/537.36 (KHTML, like Gecko) Chrome/44.0.1095.1856 Mobile Safari/537.36" cozeellc.com 162.144.4.212
209.95.170.227 - - [07/Mar/2026:06:44:22 -0600] "GET /product-category/health-beauty/skin-care/?filter_color=style-c-3pcs%2Cstyle-b-2pcs%2Cstyle-a-1pc%2Cstyle-a-2pcs&orderby=rating HTTP/2.0" 200 33722 "-" "Mozilla/5.0 (Linux; Android 6.0; Nexus 5 Build/MRA58N) AppleWebKit/537.36 (KHTML, like Gecko) Chrome/44.0.1095.1856 Mobile Safari/537.36" cozeellc.com 162.144.4.212
216.73.216.122 - - [07/Mar/2026:06:44:22 -0600] "GET /product-category/health-beauty/?add-to-wishlist=4960&orderby=price HTTP/1.1" 200 89385 "-" "Mozilla/5.0 AppleWebKit/537.36 (KHTML, like Gecko; compatible; ClaudeBot/1.0; +claudebot@anthropic.com)" cozeellc.com 162.144.4.212
216.73.216.122 - - [07/Mar/2026:06:44:22 -0600] "GET /product-category/health-beauty/?add-to-wishlist=4960&orderby=price HTTP/2.0" 200 89385 "-" "Mozilla/5.0 AppleWebKit/537.36 (KHTML, like Gecko; compatible; ClaudeBot/1.0; +claudebot@anthropic.com)" cozeellc.com 162.144.4.212
57.141.6.38 - - [07/Mar/2026:06:44:22 -0600] "GET /shop/?orderby=date&filter_color=zyq-1102&filter_size=4xl,xxxl,5xl,m,l,xxl,s HTTP/1.1" 200 162364 "-" "meta-externalagent/1.1 (+https://developers.facebook.com/docs/sharing/webmasters/crawler)" cozeellc.com 162.144.4.212
57.141.6.38 - - [07/Mar/2026:06:44:22 -0600] "GET /shop/?orderby=date&filter_color=zyq-1102&filter_size=4xl,xxxl,5xl,m,l,xxl,s HTTP/2.0" 200 162364 "-" "meta-externalagent/1.1 (+https://developers.facebook.com/docs/sharing/webmasters/crawler)" cozeellc.com 162.144.4.212
57.141.6.40 - - [07/Mar/2026:06:44:25 -0600] "GET /shop/?filter_color=style-b-2pcs,style-a-3pcs,style-a-1pc,style-c-3pcs,style-d-2pcs,style-d-3pcs,style-d-1pc,style-f-1pc HTTP/1.1" 200 166685 "-" "meta-externalagent/1.1 (+https://developers.facebook.com/docs/sharing/webmasters/crawler)" cozeellc.com 162.144.4.212
57.141.6.40 - - [07/Mar/2026:06:44:25 -0600] "GET /shop/?filter_color=style-b-2pcs,style-a-3pcs,style-a-1pc,style-c-3pcs,style-d-2pcs,style-d-3pcs,style-d-1pc,style-f-1pc HTTP/2.0" 200 166685 "-" "meta-externalagent/1.1 (+https://developers.facebook.com/docs/sharing/webmasters/crawler)" cozeellc.com 162.144.4.212
57.141.6.39 - - [07/Mar/2026:06:44:25 -0600] "GET /shop/?orderby=rating&filter_color=style-f-3pcs,style-f-2pcs,style-f-1pc,style-e-3pcs,style-b-2pcs,style-c-1pc,style-c-2pcs,style-b-1pc HTTP/1.1" 500 2653 "-" "meta-externalagent/1.1 (+https://developers.facebook.com/docs/sharing/webmasters/crawler)" cozeellc.com 162.144.4.212
57.141.6.39 - - [07/Mar/2026:06:44:25 -0600] "GET /shop/?orderby=rating&filter_color=style-f-3pcs,style-f-2pcs,style-f-1pc,style-e-3pcs,style-b-2pcs,style-c-1pc,style-c-2pcs,style-b-1pc HTTP/2.0" 500 2653 "-" "meta-externalagent/1.1 (+https://developers.facebook.com/docs/sharing/webmasters/crawler)" cozeellc.com 162.144.4.212
216.73.216.122 - - [07/Mar/2026:06:44:27 -0600] "GET /product/nano-facial-hydrator-sprayer-nebulizer-women-beauty-instruments-home-use-mini-usb-rechargeable-humidifier-face-steamer-skin-care/?add_to_compare=5082 HTTP/1.1" 200 69728 "-" "Mozilla/5.0 AppleWebKit/537.36 (KHTML, like Gecko; compatible; ClaudeBot/1.0; +claudebot@anthropic.com)" cozeellc.com 162.144.4.212
216.73.216.122 - - [07/Mar/2026:06:44:27 -0600] "GET /product/nano-facial-hydrator-sprayer-nebulizer-women-beauty-instruments-home-use-mini-usb-rechargeable-humidifier-face-steamer-skin-care/?add_to_compare=5082 HTTP/2.0" 200 69728 "-" "Mozilla/5.0 AppleWebKit/537.36 (KHTML, like Gecko; compatible; ClaudeBot/1.0; +claudebot@anthropic.com)" cozeellc.com 162.144.4.212
162.144.4.212 - - [07/Mar/2026:06:44:29 -0600] "POST /wp-cron.php?doing_wp_cron=1772887469.5217950344085693359375 HTTP/1.1" 200 - "-" "WordPress/6.9; https://cozeellc.com" cozeellc.com 162.144.4.212
57.141.6.4 - - [07/Mar/2026:06:44:27 -0600] "GET /shop/?orderby=popularity&filter_color=style-d-3pcs,style-e-3pcs,style-d-2pcs,style-a-2pcs,style-a-3pcs,style-c-3pcs,style-a-1pc,style-c-2pcs HTTP/1.1" 200 182470 "-" "meta-externalagent/1.1 (+https://developers.facebook.com/docs/sharing/webmasters/crawler)" cozeellc.com 162.144.4.212
57.141.6.4 - - [07/Mar/2026:06:44:27 -0600] "GET /shop/?orderby=popularity&filter_color=style-d-3pcs,style-e-3pcs,style-d-2pcs,style-a-2pcs,style-a-3pcs,style-c-3pcs,style-a-1pc,style-c-2pcs HTTP/2.0" 200 182470 "-" "meta-externalagent/1.1 (+https://developers.facebook.com/docs/sharing/webmasters/crawler)" cozeellc.com 162.144.4.212
162.144.4.212 - - [07/Mar/2026:06:44:29 -0600] "POST /wp-admin/admin-ajax.php?action=async_litespeed&nonce=phuFfCTy0jQYpaL7SUyYcdmjLDGb9h34&litespeed_type=imgoptm HTTP/1.1" 500 155 "-" "WordPress/6.9; https://cozeellc.com" cozeellc.com 162.144.4.212
162.144.4.212 - - [07/Mar/2026:06:44:30 -0600] "PURGE /.* HTTP/1.1" 204 - "-" "WordPress/6.9; https://cozeellc.com; EPC/v2.2.2/epc_scheduled_purge_all" cozeellc.com 162.144.4.212
162.144.4.212 - - [07/Mar/2026:06:44:30 -0600] "PURGE /.* HTTP/1.1" 204 - "-" "WordPress/6.9; https://cozeellc.com; EPC/v2.2.2/epc_scheduled_purge_all" cozeellc.com 162.144.4.212
57.141.6.14 - - [07/Mar/2026:06:44:30 -0600] "GET /shop/?orderby=price&filter_color=style-b-3pcs,style-a-1pc,style-b-1pc,style-f-3pcs,style-d-2pcs,style-c-2pcs,style-e-3pcs HTTP/1.1" 200 166600 "-" "meta-externalagent/1.1 (+https://developers.facebook.com/docs/sharing/webmasters/crawler)" cozeellc.com 162.144.4.212
57.141.6.34 - - [07/Mar/2026:06:44:30 -0600] "GET /product-category/health-beauty/?orderby=rating&filter_color=style-e-3pcs,style-a-2pcs,style-d-3pcs,style-c-1pc,style-a-3pcs,style-e-2pcs,style-d-1pc HTTP/1.1" 200 164033 "-" "meta-externalagent/1.1 (+https://developers.facebook.com/docs/sharing/webmasters/crawler)" cozeellc.com 162.144.4.212
57.141.6.14 - - [07/Mar/2026:06:44:30 -0600] "GET /shop/?orderby=price&filter_color=style-b-3pcs,style-a-1pc,style-b-1pc,style-f-3pcs,style-d-2pcs,style-c-2pcs,style-e-3pcs HTTP/2.0" 200 166600 "-" "meta-externalagent/1.1 (+https://developers.facebook.com/docs/sharing/webmasters/crawler)" cozeellc.com 162.144.4.212
57.141.6.34 - - [07/Mar/2026:06:44:30 -0600] "GET /product-category/health-beauty/?orderby=rating&filter_color=style-e-3pcs,style-a-2pcs,style-d-3pcs,style-c-1pc,style-a-3pcs,style-e-2pcs,style-d-1pc HTTP/2.0" 200 164033 "-" "meta-externalagent/1.1 (+https://developers.facebook.com/docs/sharing/webmasters/crawler)" cozeellc.com 162.144.4.212
216.73.216.122 - - [07/Mar/2026:06:44:33 -0600] "GET /product/cat-litter-box-kitty-sandbox-semi-enclosed-high-side-splashproof-cat-toilet-pet-bedpans-with-litter-scoop-cleaning-cat-supplies/?add-to-wishlist=5384 HTTP/1.1" 200 70289 "-" "Mozilla/5.0 AppleWebKit/537.36 (KHTML, like Gecko; compatible; ClaudeBot/1.0; +claudebot@anthropic.com)" cozeellc.com 162.144.4.212
216.73.216.122 - - [07/Mar/2026:06:44:33 -0600] "GET /product/cat-litter-box-kitty-sandbox-semi-enclosed-high-side-splashproof-cat-toilet-pet-bedpans-with-litter-scoop-cleaning-cat-supplies/?add-to-wishlist=5384 HTTP/2.0" 200 70289 "-" "Mozilla/5.0 AppleWebKit/537.36 (KHTML, like Gecko; compatible; ClaudeBot/1.0; +claudebot@anthropic.com)" cozeellc.com 162.144.4.212
57.141.6.50 - - [07/Mar/2026:06:44:33 -0600] "GET /shop/?orderby=rating&filter_size=xl,m&filter_color=black,white,navy-blue,gray HTTP/1.1" 500 2653 "-" "meta-externalagent/1.1 (+https://developers.facebook.com/docs/sharing/webmasters/crawler)" cozeellc.com 162.144.4.212
57.141.6.50 - - [07/Mar/2026:06:44:33 -0600] "GET /shop/?orderby=rating&filter_size=xl,m&filter_color=black,white,navy-blue,gray HTTP/2.0" 500 2653 "-" "meta-externalagent/1.1 (+https://developers.facebook.com/docs/sharing/webmasters/crawler)" cozeellc.com 162.144.4.212
57.141.6.6 - - [07/Mar/2026:06:44:36 -0600] "GET /shop/?filter_color=style-a-2pcs,style-b-2pcs,style-c-1pc,style-c-2pcs,style-e-2pcs,style-d-2pcs,style-a-3pcs HTTP/1.1" 200 181130 "-" "meta-externalagent/1.1 (+https://developers.facebook.com/docs/sharing/webmasters/crawler)" cozeellc.com 162.144.4.212
57.141.6.6 - - [07/Mar/2026:06:44:36 -0600] "GET /shop/?filter_color=style-a-2pcs,style-b-2pcs,style-c-1pc,style-c-2pcs,style-e-2pcs,style-d-2pcs,style-a-3pcs HTTP/2.0" 200 181130 "-" "meta-externalagent/1.1 (+https://developers.facebook.com/docs/sharing/webmasters/crawler)" cozeellc.com 162.144.4.212
216.73.216.122 - - [07/Mar/2026:06:44:38 -0600] "GET /product/dog-professional-hair-clipper-electrical-grooming-trimmer-for-pets-usb-rechargeable-cat-shaver-animals-haircut-machine/?add-to-wishlist=5384 HTTP/1.1" 200 66278 "-" "Mozilla/5.0 AppleWebKit/537.36 (KHTML, like Gecko; compatible; ClaudeBot/1.0; +claudebot@anthropic.com)" cozeellc.com 162.144.4.212
216.73.216.122 - - [07/Mar/2026:06:44:38 -0600] "GET /product/dog-professional-hair-clipper-electrical-grooming-trimmer-for-pets-usb-rechargeable-cat-shaver-animals-haircut-machine/?add-to-wishlist=5384 HTTP/2.0" 200 66278 "-" "Mozilla/5.0 AppleWebKit/537.36 (KHTML, like Gecko; compatible; ClaudeBot/1.0; +claudebot@anthropic.com)" cozeellc.com 162.144.4.212
57.141.6.28 - - [07/Mar/2026:06:44:38 -0600] "GET /shop/?filter_color=style-a-3pcs,style-a-1pc,style-e-2pcs,style-d-2pcs,style-f-1pc,style-f-3pcs HTTP/1.1" 200 165433 "-" "meta-externalagent/1.1 (+https://developers.facebook.com/docs/sharing/webmasters/crawler)" cozeellc.com 162.144.4.212
57.141.6.49 - - [07/Mar/2026:06:44:38 -0600] "GET /product-category/health-beauty/?orderby=popularity&filter_color=style-e-1pc,style-d-2pcs,style-a-1pc,style-a-2pcs,style-b-2pcs,style-e-3pcs HTTP/1.1" 200 163482 "-" "meta-externalagent/1.1 (+https://developers.facebook.com/docs/sharing/webmasters/crawler)" cozeellc.com 162.144.4.212
57.141.6.28 - - [07/Mar/2026:06:44:38 -0600] "GET /shop/?filter_color=style-a-3pcs,style-a-1pc,style-e-2pcs,style-d-2pcs,style-f-1pc,style-f-3pcs HTTP/2.0" 200 165433 "-" "meta-externalagent/1.1 (+https://developers.facebook.com/docs/sharing/webmasters/crawler)" cozeellc.com 162.144.4.212
57.141.6.49 - - [07/Mar/2026:06:44:38 -0600] "GET /product-category/health-beauty/?orderby=popularity&filter_color=style-e-1pc,style-d-2pcs,style-a-1pc,style-a-2pcs,style-b-2pcs,style-e-3pcs HTTP/2.0" 200 163482 "-" "meta-externalagent/1.1 (+https://developers.facebook.com/docs/sharing/webmasters/crawler)" cozeellc.com 162.144.4.212
57.141.6.68 - - [07/Mar/2026:06:44:41 -0600] "GET /product-category/health-beauty/?filter_color=style-d-1pc,style-e-2pcs,style-c-1pc,style-a-3pcs,style-a-2pcs,style-e-1pc,style-b-3pcs HTTP/1.1" 200 163506 "-" "meta-externalagent/1.1 (+https://developers.facebook.com/docs/sharing/webmasters/crawler)" cozeellc.com 162.144.4.212
57.141.6.68 - - [07/Mar/2026:06:44:41 -0600] "GET /product-category/health-beauty/?filter_color=style-d-1pc,style-e-2pcs,style-c-1pc,style-a-3pcs,style-a-2pcs,style-e-1pc,style-b-3pcs HTTP/2.0" 200 163506 "-" "meta-externalagent/1.1 (+https://developers.facebook.com/docs/sharing/webmasters/crawler)" cozeellc.com 162.144.4.212
216.73.216.122 - - [07/Mar/2026:06:44:43 -0600] "GET /product/nano-facial-hydrator-sprayer-nebulizer-women-beauty-instruments-home-use-mini-usb-rechargeable-humidifier-face-steamer-skin-care/?add-to-wishlist=4992 HTTP/1.1" 200 69308 "-" "Mozilla/5.0 AppleWebKit/537.36 (KHTML, like Gecko; compatible; ClaudeBot/1.0; +claudebot@anthropic.com)" cozeellc.com 162.144.4.212
216.73.216.122 - - [07/Mar/2026:06:44:43 -0600] "GET /product/nano-facial-hydrator-sprayer-nebulizer-women-beauty-instruments-home-use-mini-usb-rechargeable-humidifier-face-steamer-skin-care/?add-to-wishlist=4992 HTTP/2.0" 200 69308 "-" "Mozilla/5.0 AppleWebKit/537.36 (KHTML, like Gecko; compatible; ClaudeBot/1.0; +claudebot@anthropic.com)" cozeellc.com 162.144.4.212
57.141.6.9 - - [07/Mar/2026:06:44:44 -0600] "GET /product-category/health-beauty/?filter_color=style-a-3pcs,style-d-1pc,style-a-2pcs,style-d-3pcs,style-c-3pcs,style-e-2pcs HTTP/1.1" 200 162942 "-" "meta-externalagent/1.1 (+https://developers.facebook.com/docs/sharing/webmasters/crawler)" cozeellc.com 162.144.4.212
57.141.6.9 - - [07/Mar/2026:06:44:44 -0600] "GET /product-category/health-beauty/?filter_color=style-a-3pcs,style-d-1pc,style-a-2pcs,style-d-3pcs,style-c-3pcs,style-e-2pcs HTTP/2.0" 200 162942 "-" "meta-externalagent/1.1 (+https://developers.facebook.com/docs/sharing/webmasters/crawler)" cozeellc.com 162.144.4.212
57.141.6.73 - - [07/Mar/2026:06:44:46 -0600] "GET /product-category/health-beauty/?orderby=date&filter_color=style-a-3pcs,style-e-2pcs,style-d-2pcs,style-d-3pcs,style-b-3pcs,style-a-1pc,style-a-2pcs HTTP/1.1" 200 164005 "-" "meta-externalagent/1.1 (+https://developers.facebook.com/docs/sharing/webmasters/crawler)" cozeellc.com 162.144.4.212
57.141.6.73 - - [07/Mar/2026:06:44:46 -0600] "GET /product-category/health-beauty/?orderby=date&filter_color=style-a-3pcs,style-e-2pcs,style-d-2pcs,style-d-3pcs,style-b-3pcs,style-a-1pc,style-a-2pcs HTTP/2.0" 200 164005 "-" "meta-externalagent/1.1 (+https://developers.facebook.com/docs/sharing/webmasters/crawler)" cozeellc.com 162.144.4.212
216.73.216.122 - - [07/Mar/2026:06:44:48 -0600] "GET /product/bed-for-cats-pet-products-cushions-kitten-goods-accessories-dog-all-houses-supplies-things-accessory-habitats-basket-house-beds/?remove_compare_item=7fbe9c04f99dbfbc738ae9079740a314 HTTP/1.1" 200 71760 "-" "Mozilla/5.0 AppleWebKit/537.36 (KHTML, like Gecko; compatible; ClaudeBot/1.0; +claudebot@anthropic.com)" cozeellc.com 162.144.4.212
216.73.216.122 - - [07/Mar/2026:06:44:48 -0600] "GET /product/bed-for-cats-pet-products-cushions-kitten-goods-accessories-dog-all-houses-supplies-things-accessory-habitats-basket-house-beds/?remove_compare_item=7fbe9c04f99dbfbc738ae9079740a314 HTTP/2.0" 200 71760 "-" "Mozilla/5.0 AppleWebKit/537.36 (KHTML, like Gecko; compatible; ClaudeBot/1.0; +claudebot@anthropic.com)" cozeellc.com 162.144.4.212
222.252.140.232 - - [07/Mar/2026:06:44:48 -0600] "GET /product-category/health-beauty/page/1/?add-to-wishlist=4992 HTTP/1.1" 301 - "-" "Mozilla/5.0 (Macintosh; Intel Mac OS X 10_15_6) AppleWebKit/537.36 (KHTML, like Gecko) Brave Chrome/83.0.4103.106 Safari/537.36" cozeellc.com 162.144.4.212
222.252.140.232 - - [07/Mar/2026:06:44:48 -0600] "GET /product-category/health-beauty/page/1/?add-to-wishlist=4992 HTTP/1.1" 301 - "-" "Mozilla/5.0 (Macintosh; Intel Mac OS X 10_15_6) AppleWebKit/537.36 (KHTML, like Gecko) Brave Chrome/83.0.4103.106 Safari/537.36" cozeellc.com 162.144.4.212
173.201.185.67 - - [07/Mar/2026:06:44:49 -0600] "HEAD /2026/03/07/get-unlimluck-united-kingdom/ HTTP/1.1" 200 - "https://cozeellc.com/2026/03/07/get-unlimluck-united-kingdom/" "WordPress/5.9.12; https://www.lionsroarcapital.com" cozeellc.com 162.144.4.212
57.141.6.43 - - [07/Mar/2026:06:44:49 -0600] "GET /shop/?orderby=date&filter_color=style-e-2pcs,style-a-3pcs,style-f-2pcs,style-d-1pc,style-b-1pc,style-e-1pc,style-c-2pcs HTTP/1.1" 200 166533 "-" "meta-externalagent/1.1 (+https://developers.facebook.com/docs/sharing/webmasters/crawler)" cozeellc.com 162.144.4.212
57.141.6.43 - - [07/Mar/2026:06:44:49 -0600] "GET /shop/?orderby=date&filter_color=style-e-2pcs,style-a-3pcs,style-f-2pcs,style-d-1pc,style-b-1pc,style-e-1pc,style-c-2pcs HTTP/2.0" 200 166533 "-" "meta-externalagent/1.1 (+https://developers.facebook.com/docs/sharing/webmasters/crawler)" cozeellc.com 162.144.4.212
222.252.140.232 - - [07/Mar/2026:06:44:49 -0600] "GET /product-category/health-beauty/?add-to-wishlist=4992 HTTP/1.1" 200 90769 "-" "Mozilla/5.0 (Macintosh; Intel Mac OS X 10_15_6) AppleWebKit/537.36 (KHTML, like Gecko) Brave Chrome/83.0.4103.106 Safari/537.36" cozeellc.com 162.144.4.212
173.201.185.67 - - [07/Mar/2026:06:44:50 -0600] "POST /xmlrpc.php HTTP/1.1" 200 212 "https://cozeellc.com/xmlrpc.php" "The Incutio XML-RPC PHP Library -- WordPress/5.9.12" cozeellc.com 162.144.4.212
222.252.140.232 - - [07/Mar/2026:06:44:49 -0600] "GET /product-category/health-beauty/?add-to-wishlist=4992 HTTP/1.1" 200 90769 "-" "Mozilla/5.0 (Macintosh; Intel Mac OS X 10_15_6) AppleWebKit/537.36 (KHTML, like Gecko) Brave Chrome/83.0.4103.106 Safari/537.36" cozeellc.com 162.144.4.212
216.73.216.122 - - [07/Mar/2026:06:44:50 -0600] "GET /product-category/health-beauty/hair-care/page/2/?add-to-wishlist=5005 HTTP/1.1" 200 69023 "-" "Mozilla/5.0 AppleWebKit/537.36 (KHTML, like Gecko; compatible; ClaudeBot/1.0; +claudebot@anthropic.com)" cozeellc.com 162.144.4.212
216.73.216.122 - - [07/Mar/2026:06:44:50 -0600] "GET /product-category/health-beauty/hair-care/page/2/?add-to-wishlist=5005 HTTP/2.0" 200 69023 "-" "Mozilla/5.0 AppleWebKit/537.36 (KHTML, like Gecko; compatible; ClaudeBot/1.0; +claudebot@anthropic.com)" cozeellc.com 162.144.4.212
57.141.6.47 - - [07/Mar/2026:06:44:51 -0600] "GET /shop/?orderby=price-desc&filter_color=style-f-2pcs,style-f-3pcs,style-c-3pcs,style-c-2pcs,style-e-2pcs,style-d-1pc,style-a-2pcs,style-b-3pcs HTTP/1.1" 200 167438 "-" "meta-externalagent/1.1 (+https://developers.facebook.com/docs/sharing/webmasters/crawler)" cozeellc.com 162.144.4.212
57.141.6.47 - - [07/Mar/2026:06:44:51 -0600] "GET /shop/?orderby=price-desc&filter_color=style-f-2pcs,style-f-3pcs,style-c-3pcs,style-c-2pcs,style-e-2pcs,style-d-1pc,style-a-2pcs,style-b-3pcs HTTP/2.0" 200 167438 "-" "meta-externalagent/1.1 (+https://developers.facebook.com/docs/sharing/webmasters/crawler)" cozeellc.com 162.144.4.212
216.73.216.122 - - [07/Mar/2026:06:44:53 -0600] "GET /product/abs-plastic-dog-collar-chain-diamond-inlay-sparkle-bulldog-necklace-cat-collars-pet-accessories-small-medium-large-dogs-golden/?add-to-wishlist=5416 HTTP/1.1" 200 76144 "-" "Mozilla/5.0 AppleWebKit/537.36 (KHTML, like Gecko; compatible; ClaudeBot/1.0; +claudebot@anthropic.com)" cozeellc.com 162.144.4.212
216.73.216.122 - - [07/Mar/2026:06:44:53 -0600] "GET /product/abs-plastic-dog-collar-chain-diamond-inlay-sparkle-bulldog-necklace-cat-collars-pet-accessories-small-medium-large-dogs-golden/?add-to-wishlist=5416 HTTP/2.0" 200 76144 "-" "Mozilla/5.0 AppleWebKit/537.36 (KHTML, like Gecko; compatible; ClaudeBot/1.0; +claudebot@anthropic.com)" cozeellc.com 162.144.4.212
57.141.6.34 - - [07/Mar/2026:06:44:54 -0600] "GET /product-category/clothing-apparel/?orderby=price&filter_color=zyq-1104&filter_size=l,xl,xxxl,s,4xl HTTP/1.1" 500 2653 "-" "meta-externalagent/1.1 (+https://developers.facebook.com/docs/sharing/webmasters/crawler)" cozeellc.com 162.144.4.212
57.141.6.34 - - [07/Mar/2026:06:44:54 -0600] "GET /product-category/clothing-apparel/?orderby=price&filter_color=zyq-1104&filter_size=l,xl,xxxl,s,4xl HTTP/2.0" 500 2653 "-" "meta-externalagent/1.1 (+https://developers.facebook.com/docs/sharing/webmasters/crawler)" cozeellc.com 162.144.4.212
216.73.216.122 - - [07/Mar/2026:06:44:55 -0600] "GET /product-category/health-beauty/hair-care/page/2/?add-to-wishlist=4953 HTTP/1.1" 200 69062 "-" "Mozilla/5.0 AppleWebKit/537.36 (KHTML, like Gecko; compatible; ClaudeBot/1.0; +claudebot@anthropic.com)" cozeellc.com 162.144.4.212
216.73.216.122 - - [07/Mar/2026:06:44:55 -0600] "GET /product-category/health-beauty/hair-care/page/2/?add-to-wishlist=4953 HTTP/2.0" 200 69062 "-" "Mozilla/5.0 AppleWebKit/537.36 (KHTML, like Gecko; compatible; ClaudeBot/1.0; +claudebot@anthropic.com)" cozeellc.com 162.144.4.212
192.161.169.134 - - [07/Mar/2026:06:44:57 -0600] "GET /product-category/health-beauty/?filter_color=style-c-1pc%2Cstyle-e-2pcs%2Cstyle-a-1pc%2Cstyle-a-2pcs%2Cstyle-b-3pcs%2Cstyle-c-2pcs%2Cstyle-b-2pcs&orderby=popularity HTTP/1.1" 200 33848 "-" "Mozilla/5.0 (Linux; Android 8.0; Pixel 2 Build/OPD3.170816.012) AppleWebKit/537.36 (KHTML, like Gecko) Chrome/45.0.9357.1298 Mobile Safari/537.36" cozeellc.com 162.144.4.212
192.161.169.134 - - [07/Mar/2026:06:44:57 -0600] "GET /product-category/health-beauty/?filter_color=style-c-1pc%2Cstyle-e-2pcs%2Cstyle-a-1pc%2Cstyle-a-2pcs%2Cstyle-b-3pcs%2Cstyle-c-2pcs%2Cstyle-b-2pcs&orderby=popularity HTTP/2.0" 200 33848 "-" "Mozilla/5.0 (Linux; Android 8.0; Pixel 2 Build/OPD3.170816.012) AppleWebKit/537.36 (KHTML, like Gecko) Chrome/45.0.9357.1298 Mobile Safari/537.36" cozeellc.com 162.144.4.212
57.141.6.67 - - [07/Mar/2026:06:44:56 -0600] "GET /shop/?orderby=rating&filter_color=style-f-2pcs,style-a-3pcs,style-d-2pcs,style-b-1pc,style-f-1pc,style-a-2pcs,style-d-1pc HTTP/1.1" 500 2653 "-" "meta-externalagent/1.1 (+https://developers.facebook.com/docs/sharing/webmasters/crawler)" cozeellc.com 162.144.4.212
57.141.6.67 - - [07/Mar/2026:06:44:56 -0600] "GET /shop/?orderby=rating&filter_color=style-f-2pcs,style-a-3pcs,style-d-2pcs,style-b-1pc,style-f-1pc,style-a-2pcs,style-d-1pc HTTP/2.0" 500 2653 "-" "meta-externalagent/1.1 (+https://developers.facebook.com/docs/sharing/webmasters/crawler)" cozeellc.com 162.144.4.212
216.73.216.122 - - [07/Mar/2026:06:44:58 -0600] "GET /product/abs-plastic-dog-collar-chain-diamond-inlay-sparkle-bulldog-necklace-cat-collars-pet-accessories-small-medium-large-dogs-golden/?add-to-wishlist=5431 HTTP/1.1" 200 75582 "-" "Mozilla/5.0 AppleWebKit/537.36 (KHTML, like Gecko; compatible; ClaudeBot/1.0; +claudebot@anthropic.com)" cozeellc.com 162.144.4.212
216.73.216.122 - - [07/Mar/2026:06:44:58 -0600] "GET /product/abs-plastic-dog-collar-chain-diamond-inlay-sparkle-bulldog-necklace-cat-collars-pet-accessories-small-medium-large-dogs-golden/?add-to-wishlist=5431 HTTP/2.0" 200 75582 "-" "Mozilla/5.0 AppleWebKit/537.36 (KHTML, like Gecko; compatible; ClaudeBot/1.0; +claudebot@anthropic.com)" cozeellc.com 162.144.4.212
57.141.6.4 - - [07/Mar/2026:06:44:58 -0600] "GET /shop/?orderby=price&filter_color=zyq-1100&filter_size=m,l,xxxl,xl,xxl,5xl,4xl,s HTTP/1.1" 200 162735 "-" "meta-externalagent/1.1 (+https://developers.facebook.com/docs/sharing/webmasters/crawler)" cozeellc.com 162.144.4.212
57.141.6.4 - - [07/Mar/2026:06:44:58 -0600] "GET /shop/?orderby=price&filter_color=zyq-1100&filter_size=m,l,xxxl,xl,xxl,5xl,4xl,s HTTP/2.0" 200 162735 "-" "meta-externalagent/1.1 (+https://developers.facebook.com/docs/sharing/webmasters/crawler)" cozeellc.com 162.144.4.212
57.141.6.19 - - [07/Mar/2026:06:44:59 -0600] "GET /shop/?orderby=date&filter_color=style-f-1pc,style-d-1pc,style-c-3pcs,style-f-3pcs,style-b-2pcs,style-d-3pcs,style-e-2pcs HTTP/1.1" 200 166562 "-" "meta-externalagent/1.1 (+https://developers.facebook.com/docs/sharing/webmasters/crawler)" cozeellc.com 162.144.4.212
57.141.6.19 - - [07/Mar/2026:06:44:59 -0600] "GET /shop/?orderby=date&filter_color=style-f-1pc,style-d-1pc,style-c-3pcs,style-f-3pcs,style-b-2pcs,style-d-3pcs,style-e-2pcs HTTP/2.0" 200 166562 "-" "meta-externalagent/1.1 (+https://developers.facebook.com/docs/sharing/webmasters/crawler)" cozeellc.com 162.144.4.212
216.73.216.122 - - [07/Mar/2026:06:45:00 -0600] "GET /product/dog-professional-hair-clipper-electrical-grooming-trimmer-for-pets-usb-rechargeable-cat-shaver-animals-haircut-machine/?add_to_compare=5476 HTTP/1.1" 200 66805 "-" "Mozilla/5.0 AppleWebKit/537.36 (KHTML, like Gecko; compatible; ClaudeBot/1.0; +claudebot@anthropic.com)" cozeellc.com 162.144.4.212
216.73.216.122 - - [07/Mar/2026:06:45:00 -0600] "GET /product/dog-professional-hair-clipper-electrical-grooming-trimmer-for-pets-usb-rechargeable-cat-shaver-animals-haircut-machine/?add_to_compare=5476 HTTP/2.0" 200 66805 "-" "Mozilla/5.0 AppleWebKit/537.36 (KHTML, like Gecko; compatible; ClaudeBot/1.0; +claudebot@anthropic.com)" cozeellc.com 162.144.4.212
57.141.6.62 - - [07/Mar/2026:06:45:01 -0600] "GET /product-category/health-beauty/?filter_color=style-b-3pcs,style-c-2pcs,style-d-3pcs,style-a-1pc,style-c-1pc,style-e-2pcs HTTP/1.1" 200 162917 "-" "meta-externalagent/1.1 (+https://developers.facebook.com/docs/sharing/webmasters/crawler)" cozeellc.com 162.144.4.212
57.141.6.62 - - [07/Mar/2026:06:45:01 -0600] "GET /product-category/health-beauty/?filter_color=style-b-3pcs,style-c-2pcs,style-d-3pcs,style-a-1pc,style-c-1pc,style-e-2pcs HTTP/2.0" 200 162917 "-" "meta-externalagent/1.1 (+https://developers.facebook.com/docs/sharing/webmasters/crawler)" cozeellc.com 162.144.4.212
57.141.6.45 - - [07/Mar/2026:06:45:02 -0600] "GET /product-category/jewelry-watches/?orderby=date&filter_color=diver-watches-9,diver-watches-7,diver-watches-3,diver-watches-2,diver-watches-5,diver-watches-6,diver-watches-8,diver-watches-1,diver-watches-10 HTTP/1.1" 200 164124 "-" "meta-externalagent/1.1 (+https://developers.facebook.com/docs/sharing/webmasters/crawler)" cozeellc.com 162.144.4.212
57.141.6.45 - - [07/Mar/2026:06:45:02 -0600] "GET /product-category/jewelry-watches/?orderby=date&filter_color=diver-watches-9,diver-watches-7,diver-watches-3,diver-watches-2,diver-watches-5,diver-watches-6,diver-watches-8,diver-watches-1,diver-watches-10 HTTP/2.0" 200 164124 "-" "meta-externalagent/1.1 (+https://developers.facebook.com/docs/sharing/webmasters/crawler)" cozeellc.com 162.144.4.212
216.73.216.122 - - [07/Mar/2026:06:45:05 -0600] "GET /product/cat-litter-box-kitty-sandbox-semi-enclosed-high-side-splashproof-cat-toilet-pet-bedpans-with-litter-scoop-cleaning-cat-supplies/?add_to_compare=5384 HTTP/1.1" 200 70082 "-" "Mozilla/5.0 AppleWebKit/537.36 (KHTML, like Gecko; compatible; ClaudeBot/1.0; +claudebot@anthropic.com)" cozeellc.com 162.144.4.212
216.73.216.122 - - [07/Mar/2026:06:45:05 -0600] "GET /product/cat-litter-box-kitty-sandbox-semi-enclosed-high-side-splashproof-cat-toilet-pet-bedpans-with-litter-scoop-cleaning-cat-supplies/?add_to_compare=5384 HTTP/2.0" 200 70082 "-" "Mozilla/5.0 AppleWebKit/537.36 (KHTML, like Gecko; compatible; ClaudeBot/1.0; +claudebot@anthropic.com)" cozeellc.com 162.144.4.212
57.141.6.32 - - [07/Mar/2026:06:45:04 -0600] "GET /shop/?orderby=price-desc&filter_color=style-a-3pcs,style-c-3pcs,style-d-1pc,style-e-3pcs,style-e-2pcs,style-b-1pc,style-d-3pcs HTTP/1.1" 200 181770 "-" "meta-externalagent/1.1 (+https://developers.facebook.com/docs/sharing/webmasters/crawler)" cozeellc.com 162.144.4.212
57.141.6.32 - - [07/Mar/2026:06:45:04 -0600] "GET /shop/?orderby=price-desc&filter_color=style-a-3pcs,style-c-3pcs,style-d-1pc,style-e-3pcs,style-e-2pcs,style-b-1pc,style-d-3pcs HTTP/2.0" 200 181770 "-" "meta-externalagent/1.1 (+https://developers.facebook.com/docs/sharing/webmasters/crawler)" cozeellc.com 162.144.4.212
57.141.6.47 - - [07/Mar/2026:06:45:07 -0600] "GET /shop/?orderby=rating&filter_color=style-f-1pc,style-f-3pcs,style-a-1pc,style-a-2pcs,style-c-2pcs,style-b-3pcs HTTP/1.1" 200 165974 "-" "meta-externalagent/1.1 (+https://developers.facebook.com/docs/sharing/webmasters/crawler)" cozeellc.com 162.144.4.212
57.141.6.47 - - [07/Mar/2026:06:45:07 -0600] "GET /shop/?orderby=rating&filter_color=style-f-1pc,style-f-3pcs,style-a-1pc,style-a-2pcs,style-c-2pcs,style-b-3pcs HTTP/2.0" 200 165974 "-" "meta-externalagent/1.1 (+https://developers.facebook.com/docs/sharing/webmasters/crawler)" cozeellc.com 162.144.4.212
57.141.6.50 - - [07/Mar/2026:06:45:09 -0600] "GET /shop/?orderby=rating&filter_color=red,gray,navy-blue,blue&filter_size=xl,xxxl,m HTTP/1.1" 200 160794 "-" "meta-externalagent/1.1 (+https://developers.facebook.com/docs/sharing/webmasters/crawler)" cozeellc.com 162.144.4.212
57.141.6.50 - - [07/Mar/2026:06:45:09 -0600] "GET /shop/?orderby=rating&filter_color=red,gray,navy-blue,blue&filter_size=xl,xxxl,m HTTP/2.0" 200 160794 "-" "meta-externalagent/1.1 (+https://developers.facebook.com/docs/sharing/webmasters/crawler)" cozeellc.com 162.144.4.212
216.73.216.122 - - [07/Mar/2026:06:45:11 -0600] "GET /product/abs-plastic-dog-collar-chain-diamond-inlay-sparkle-bulldog-necklace-cat-collars-pet-accessories-small-medium-large-dogs-golden/?add-to-wishlist=5476 HTTP/1.1" 200 75979 "-" "Mozilla/5.0 AppleWebKit/537.36 (KHTML, like Gecko; compatible; ClaudeBot/1.0; +claudebot@anthropic.com)" cozeellc.com 162.144.4.212
216.73.216.122 - - [07/Mar/2026:06:45:11 -0600] "GET /product/abs-plastic-dog-collar-chain-diamond-inlay-sparkle-bulldog-necklace-cat-collars-pet-accessories-small-medium-large-dogs-golden/?add-to-wishlist=5476 HTTP/2.0" 200 75979 "-" "Mozilla/5.0 AppleWebKit/537.36 (KHTML, like Gecko; compatible; ClaudeBot/1.0; +claudebot@anthropic.com)" cozeellc.com 162.144.4.212
57.141.6.63 - - [07/Mar/2026:06:45:12 -0600] "GET /shop/?orderby=price&filter_color=zyq-1103&filter_size=xl,5xl,xxl,xxxl,m,l HTTP/1.1" 200 162069 "-" "meta-externalagent/1.1 (+https://developers.facebook.com/docs/sharing/webmasters/crawler)" cozeellc.com 162.144.4.212
57.141.6.63 - - [07/Mar/2026:06:45:12 -0600] "GET /shop/?orderby=price&filter_color=zyq-1103&filter_size=xl,5xl,xxl,xxxl,m,l HTTP/2.0" 200 162069 "-" "meta-externalagent/1.1 (+https://developers.facebook.com/docs/sharing/webmasters/crawler)" cozeellc.com 162.144.4.212
216.73.216.122 - - [07/Mar/2026:06:45:14 -0600] "GET /product/cat-litter-box-kitty-sandbox-semi-enclosed-high-side-splashproof-cat-toilet-pet-bedpans-with-litter-scoop-cleaning-cat-supplies/?add_to_compare=5450 HTTP/1.1" 200 70397 "-" "Mozilla/5.0 AppleWebKit/537.36 (KHTML, like Gecko; compatible; ClaudeBot/1.0; +claudebot@anthropic.com)" cozeellc.com 162.144.4.212
216.73.216.122 - - [07/Mar/2026:06:45:14 -0600] "GET /product/cat-litter-box-kitty-sandbox-semi-enclosed-high-side-splashproof-cat-toilet-pet-bedpans-with-litter-scoop-cleaning-cat-supplies/?add_to_compare=5450 HTTP/2.0" 200 70397 "-" "Mozilla/5.0 AppleWebKit/537.36 (KHTML, like Gecko; compatible; ClaudeBot/1.0; +claudebot@anthropic.com)" cozeellc.com 162.144.4.212
57.141.6.24 - - [07/Mar/2026:06:45:14 -0600] "GET /shop/?filter_color=style-d-3pcs,style-c-1pc,style-d-1pc,style-b-1pc,style-e-3pcs,style-f-3pcs,style-a-1pc,style-b-2pcs HTTP/1.1" 200 166655 "-" "meta-externalagent/1.1 (+https://developers.facebook.com/docs/sharing/webmasters/crawler)" cozeellc.com 162.144.4.212
57.141.6.24 - - [07/Mar/2026:06:45:14 -0600] "GET /shop/?filter_color=style-d-3pcs,style-c-1pc,style-d-1pc,style-b-1pc,style-e-3pcs,style-f-3pcs,style-a-1pc,style-b-2pcs HTTP/2.0" 200 166655 "-" "meta-externalagent/1.1 (+https://developers.facebook.com/docs/sharing/webmasters/crawler)" cozeellc.com 162.144.4.212
57.141.6.66 - - [07/Mar/2026:06:45:16 -0600] "GET /shop/?orderby=date&filter_color=style-a-1pc,style-b-2pcs,style-b-1pc,style-d-2pcs,style-e-1pc,style-b-3pcs,style-d-3pcs HTTP/1.1" 200 181573 "-" "meta-externalagent/1.1 (+https://developers.facebook.com/docs/sharing/webmasters/crawler)" cozeellc.com 162.144.4.212
57.141.6.66 - - [07/Mar/2026:06:45:16 -0600] "GET /shop/?orderby=date&filter_color=style-a-1pc,style-b-2pcs,style-b-1pc,style-d-2pcs,style-e-1pc,style-b-3pcs,style-d-3pcs HTTP/2.0" 200 181573 "-" "meta-externalagent/1.1 (+https://developers.facebook.com/docs/sharing/webmasters/crawler)" cozeellc.com 162.144.4.212
162.144.4.212 - - [07/Mar/2026:06:45:19 -0600] "POST /wp-cron.php?doing_wp_cron=1772887519.8406870365142822265625 HTTP/1.1" 200 - "-" "WordPress/6.9; https://cozeellc.com" cozeellc.com 162.144.4.212
216.73.216.122 - - [07/Mar/2026:06:45:19 -0600] "GET /product/abs-plastic-dog-collar-chain-diamond-inlay-sparkle-bulldog-necklace-cat-collars-pet-accessories-small-medium-large-dogs-golden/?add-to-wishlist=5384 HTTP/1.1" 200 75779 "-" "Mozilla/5.0 AppleWebKit/537.36 (KHTML, like Gecko; compatible; ClaudeBot/1.0; +claudebot@anthropic.com)" cozeellc.com 162.144.4.212
216.73.216.122 - - [07/Mar/2026:06:45:19 -0600] "GET /product/abs-plastic-dog-collar-chain-diamond-inlay-sparkle-bulldog-necklace-cat-collars-pet-accessories-small-medium-large-dogs-golden/?add-to-wishlist=5384 HTTP/2.0" 200 75779 "-" "Mozilla/5.0 AppleWebKit/537.36 (KHTML, like Gecko; compatible; ClaudeBot/1.0; +claudebot@anthropic.com)" cozeellc.com 162.144.4.212
162.144.4.212 - - [07/Mar/2026:06:45:20 -0600] "POST /wp-cron.php?doing_wp_cron=1772887520.2795040607452392578125 HTTP/1.1" 200 - "-" "WordPress/6.9; https://cozeellc.com" cozeellc.com 162.144.4.212
57.141.6.20 - - [07/Mar/2026:06:45:19 -0600] "GET /shop/?orderby=price&filter_color=zyq-1100&filter_size=m,l,5xl,s,xxxl,4xl,xxl HTTP/1.1" 200 162399 "-" "meta-externalagent/1.1 (+https://developers.facebook.com/docs/sharing/webmasters/crawler)" cozeellc.com 162.144.4.212
57.141.6.20 - - [07/Mar/2026:06:45:19 -0600] "GET /shop/?orderby=price&filter_color=zyq-1100&filter_size=m,l,5xl,s,xxxl,4xl,xxl HTTP/2.0" 200 162399 "-" "meta-externalagent/1.1 (+https://developers.facebook.com/docs/sharing/webmasters/crawler)" cozeellc.com 162.144.4.212
