216.73.216.122 - - [07/Mar/2026:06:42:07 -0600] "GET /product-category/health-beauty/?add-to-wishlist=4968 HTTP/2.0" 200 90768 "https://cozeellc.com/product-category/health-beauty/page/1/?add-to-wishlist=4968" "Mozilla/5.0 AppleWebKit/537.36 (KHTML, like Gecko; compatible; ClaudeBot/1.0; +claudebot@anthropic.com)" cozeellc.com 162.144.4.212
216.73.216.122 - - [07/Mar/2026:06:42:09 -0600] "GET /product-category/health-beauty/?add-to-wishlist=5098&orderby=date HTTP/1.1" 200 90236 "-" "Mozilla/5.0 AppleWebKit/537.36 (KHTML, like Gecko; compatible; ClaudeBot/1.0; +claudebot@anthropic.com)" cozeellc.com 162.144.4.212
216.73.216.122 - - [07/Mar/2026:06:42:09 -0600] "GET /product-category/health-beauty/?add-to-wishlist=5098&orderby=date HTTP/2.0" 200 90236 "-" "Mozilla/5.0 AppleWebKit/537.36 (KHTML, like Gecko; compatible; ClaudeBot/1.0; +claudebot@anthropic.com)" cozeellc.com 162.144.4.212
57.141.6.15 - - [07/Mar/2026:06:42:10 -0600] "GET /shop/?orderby=popularity&filter_color=zyq-1102&filter_size=5xl,m,xxxl,l,4xl,xxl HTTP/1.1" 200 162196 "-" "meta-externalagent/1.1 (+https://developers.facebook.com/docs/sharing/webmasters/crawler)" cozeellc.com 162.144.4.212
57.141.6.15 - - [07/Mar/2026:06:42:10 -0600] "GET /shop/?orderby=popularity&filter_color=zyq-1102&filter_size=5xl,m,xxxl,l,4xl,xxl HTTP/2.0" 200 162196 "-" "meta-externalagent/1.1 (+https://developers.facebook.com/docs/sharing/webmasters/crawler)" cozeellc.com 162.144.4.212
216.73.216.122 - - [07/Mar/2026:06:42:12 -0600] "GET /product-category/health-beauty/?add_to_compare=4960&orderby=rating HTTP/1.1" 200 90801 "-" "Mozilla/5.0 AppleWebKit/537.36 (KHTML, like Gecko; compatible; ClaudeBot/1.0; +claudebot@anthropic.com)" cozeellc.com 162.144.4.212
216.73.216.122 - - [07/Mar/2026:06:42:12 -0600] "GET /product-category/health-beauty/?add_to_compare=4960&orderby=rating HTTP/2.0" 200 90801 "-" "Mozilla/5.0 AppleWebKit/537.36 (KHTML, like Gecko; compatible; ClaudeBot/1.0; +claudebot@anthropic.com)" cozeellc.com 162.144.4.212
57.141.6.16 - - [07/Mar/2026:06:42:13 -0600] "GET /shop/?filter_color=style-f-2pcs,style-f-1pc,style-d-2pcs,style-a-3pcs,style-c-2pcs,style-c-3pcs,style-e-2pcs HTTP/1.1" 200 166090 "-" "meta-externalagent/1.1 (+https://developers.facebook.com/docs/sharing/webmasters/crawler)" cozeellc.com 162.144.4.212
57.141.6.16 - - [07/Mar/2026:06:42:13 -0600] "GET /shop/?filter_color=style-f-2pcs,style-f-1pc,style-d-2pcs,style-a-3pcs,style-c-2pcs,style-c-3pcs,style-e-2pcs HTTP/2.0" 200 166090 "-" "meta-externalagent/1.1 (+https://developers.facebook.com/docs/sharing/webmasters/crawler)" cozeellc.com 162.144.4.212
173.44.33.107 - - [07/Mar/2026:06:42:14 -0600] "GET /product-category/health-beauty/?filter_color=style-d-1pc%2Cstyle-a-3pcs%2Cstyle-e-1pc%2Cstyle-a-1pc%2Cstyle-a-2pcs%2Cstyle-b-3pcs%2Cstyle-d-3pcs%2Cstyle-b-1pc%2Cstyle-c-3pcs%2Cstyle-c-1pc HTTP/1.1" 500 1177 "-" "Mozilla/5.0 (Linux; Android 8.0; Pixel 2 Build/OPD3.170816.012) AppleWebKit/537.36 (KHTML, like Gecko) Chrome/39.0.6352.1558 Mobile Safari/537.36" cozeellc.com 162.144.4.212
173.44.33.107 - - [07/Mar/2026:06:42:14 -0600] "GET /product-category/health-beauty/?filter_color=style-d-1pc%2Cstyle-a-3pcs%2Cstyle-e-1pc%2Cstyle-a-1pc%2Cstyle-a-2pcs%2Cstyle-b-3pcs%2Cstyle-d-3pcs%2Cstyle-b-1pc%2Cstyle-c-3pcs%2Cstyle-c-1pc HTTP/2.0" 500 1177 "-" "Mozilla/5.0 (Linux; Android 8.0; Pixel 2 Build/OPD3.170816.012) AppleWebKit/537.36 (KHTML, like Gecko) Chrome/39.0.6352.1558 Mobile Safari/537.36" cozeellc.com 162.144.4.212
57.141.6.19 - - [07/Mar/2026:06:42:16 -0600] "GET /product-category/health-beauty/?orderby=rating&filter_color=style-a-1pc,style-e-1pc,style-e-2pcs,style-b-3pcs,style-b-2pcs,style-a-2pcs,style-c-3pcs,style-d-1pc,style-c-2pcs HTTP/1.1" 200 165353 "-" "meta-externalagent/1.1 (+https://developers.facebook.com/docs/sharing/webmasters/crawler)" cozeellc.com 162.144.4.212
57.141.6.19 - - [07/Mar/2026:06:42:16 -0600] "GET /product-category/health-beauty/?orderby=rating&filter_color=style-a-1pc,style-e-1pc,style-e-2pcs,style-b-3pcs,style-b-2pcs,style-a-2pcs,style-c-3pcs,style-d-1pc,style-c-2pcs HTTP/2.0" 200 165353 "-" "meta-externalagent/1.1 (+https://developers.facebook.com/docs/sharing/webmasters/crawler)" cozeellc.com 162.144.4.212
216.73.216.122 - - [07/Mar/2026:06:42:17 -0600] "GET /product-category/health-beauty/?add_to_compare=4992&orderby=price HTTP/1.1" 200 90489 "-" "Mozilla/5.0 AppleWebKit/537.36 (KHTML, like Gecko; compatible; ClaudeBot/1.0; +claudebot@anthropic.com)" cozeellc.com 162.144.4.212
216.73.216.122 - - [07/Mar/2026:06:42:17 -0600] "GET /product-category/health-beauty/?add_to_compare=4992&orderby=price HTTP/2.0" 200 90489 "-" "Mozilla/5.0 AppleWebKit/537.36 (KHTML, like Gecko; compatible; ClaudeBot/1.0; +claudebot@anthropic.com)" cozeellc.com 162.144.4.212
57.141.6.32 - - [07/Mar/2026:06:42:19 -0600] "GET /product-category/health-beauty/?orderby=price&filter_color=style-c-1pc,style-b-2pcs,style-a-3pcs,style-e-3pcs,style-e-1pc HTTP/1.1" 200 162772 "-" "meta-externalagent/1.1 (+https://developers.facebook.com/docs/sharing/webmasters/crawler)" cozeellc.com 162.144.4.212
57.141.6.32 - - [07/Mar/2026:06:42:19 -0600] "GET /product-category/health-beauty/?orderby=price&filter_color=style-c-1pc,style-b-2pcs,style-a-3pcs,style-e-3pcs,style-e-1pc HTTP/2.0" 200 162772 "-" "meta-externalagent/1.1 (+https://developers.facebook.com/docs/sharing/webmasters/crawler)" cozeellc.com 162.144.4.212
216.73.216.122 - - [07/Mar/2026:06:42:22 -0600] "GET /product-category/health-beauty/page/2/?add-to-wishlist=5082 HTTP/1.1" 200 70172 "-" "Mozilla/5.0 AppleWebKit/537.36 (KHTML, like Gecko; compatible; ClaudeBot/1.0; +claudebot@anthropic.com)" cozeellc.com 162.144.4.212
216.73.216.122 - - [07/Mar/2026:06:42:22 -0600] "GET /product-category/health-beauty/page/2/?add-to-wishlist=5082 HTTP/2.0" 200 70172 "-" "Mozilla/5.0 AppleWebKit/537.36 (KHTML, like Gecko; compatible; ClaudeBot/1.0; +claudebot@anthropic.com)" cozeellc.com 162.144.4.212
57.141.6.49 - - [07/Mar/2026:06:42:22 -0600] "GET /shop/?orderby=price&filter_color=zyq-1094&filter_size=4xl,m,l,5xl,s HTTP/1.1" 200 161673 "-" "meta-externalagent/1.1 (+https://developers.facebook.com/docs/sharing/webmasters/crawler)" cozeellc.com 162.144.4.212
57.141.6.49 - - [07/Mar/2026:06:42:22 -0600] "GET /shop/?orderby=price&filter_color=zyq-1094&filter_size=4xl,m,l,5xl,s HTTP/2.0" 200 161673 "-" "meta-externalagent/1.1 (+https://developers.facebook.com/docs/sharing/webmasters/crawler)" cozeellc.com 162.144.4.212
162.144.4.212 - - [07/Mar/2026:06:42:25 -0600] "POST /wp-cron.php?doing_wp_cron=1772887345.8015859127044677734375 HTTP/1.1" 200 - "-" "WordPress/6.9; https://cozeellc.com" cozeellc.com 162.144.4.212
57.141.6.54 - - [07/Mar/2026:06:42:24 -0600] "GET /product-category/health-beauty/?orderby=price&filter_color=style-e-1pc,style-e-3pcs,style-a-3pcs,style-a-2pcs,style-a-1pc,style-d-1pc,style-d-3pcs HTTP/1.1" 200 163988 "-" "meta-externalagent/1.1 (+https://developers.facebook.com/docs/sharing/webmasters/crawler)" cozeellc.com 162.144.4.212
57.141.6.54 - - [07/Mar/2026:06:42:24 -0600] "GET /product-category/health-beauty/?orderby=price&filter_color=style-e-1pc,style-e-3pcs,style-a-3pcs,style-a-2pcs,style-a-1pc,style-d-1pc,style-d-3pcs HTTP/2.0" 200 163988 "-" "meta-externalagent/1.1 (+https://developers.facebook.com/docs/sharing/webmasters/crawler)" cozeellc.com 162.144.4.212
162.144.4.212 - - [07/Mar/2026:06:42:26 -0600] "POST /wp-admin/admin-ajax.php?action=async_litespeed&nonce=KUC4H71ZguFv0Hd56XrFFefqbDqW31pd&litespeed_type=imgoptm HTTP/1.1" 500 155 "-" "WordPress/6.9; https://cozeellc.com" cozeellc.com 162.144.4.212
162.144.4.212 - - [07/Mar/2026:06:42:26 -0600] "PURGE /.* HTTP/1.1" 204 - "-" "WordPress/6.9; https://cozeellc.com; EPC/v2.2.2/epc_scheduled_purge_all" cozeellc.com 162.144.4.212
162.144.4.212 - - [07/Mar/2026:06:42:26 -0600] "PURGE /.* HTTP/1.1" 204 - "-" "WordPress/6.9; https://cozeellc.com; EPC/v2.2.2/epc_scheduled_purge_all" cozeellc.com 162.144.4.212
216.73.216.122 - - [07/Mar/2026:06:42:27 -0600] "GET /product-category/health-beauty/page/1/?add-to-wishlist=4977 HTTP/1.1" 301 - "-" "Mozilla/5.0 AppleWebKit/537.36 (KHTML, like Gecko; compatible; ClaudeBot/1.0; +claudebot@anthropic.com)" cozeellc.com 162.144.4.212
216.73.216.122 - - [07/Mar/2026:06:42:27 -0600] "GET /product-category/health-beauty/page/1/?add-to-wishlist=4977 HTTP/2.0" 301 - "-" "Mozilla/5.0 AppleWebKit/537.36 (KHTML, like Gecko; compatible; ClaudeBot/1.0; +claudebot@anthropic.com)" cozeellc.com 162.144.4.212
57.141.6.39 - - [07/Mar/2026:06:42:27 -0600] "GET /shop/?orderby=date&filter_size=l,5xl,m,xl,xxl&filter_color=zyq-1103,zyq-1100 HTTP/1.1" 200 162201 "-" "meta-externalagent/1.1 (+https://developers.facebook.com/docs/sharing/webmasters/crawler)" cozeellc.com 162.144.4.212
57.141.6.39 - - [07/Mar/2026:06:42:27 -0600] "GET /shop/?orderby=date&filter_size=l,5xl,m,xl,xxl&filter_color=zyq-1103,zyq-1100 HTTP/2.0" 200 162201 "-" "meta-externalagent/1.1 (+https://developers.facebook.com/docs/sharing/webmasters/crawler)" cozeellc.com 162.144.4.212
216.73.216.122 - - [07/Mar/2026:06:42:27 -0600] "GET /product-category/health-beauty/?add-to-wishlist=4977 HTTP/1.1" 200 90766 "https://cozeellc.com/product-category/health-beauty/page/1/?add-to-wishlist=4977" "Mozilla/5.0 AppleWebKit/537.36 (KHTML, like Gecko; compatible; ClaudeBot/1.0; +claudebot@anthropic.com)" cozeellc.com 162.144.4.212
216.73.216.122 - - [07/Mar/2026:06:42:27 -0600] "GET /product-category/health-beauty/?add-to-wishlist=4977 HTTP/2.0" 200 90766 "https://cozeellc.com/product-category/health-beauty/page/1/?add-to-wishlist=4977" "Mozilla/5.0 AppleWebKit/537.36 (KHTML, like Gecko; compatible; ClaudeBot/1.0; +claudebot@anthropic.com)" cozeellc.com 162.144.4.212
57.141.6.14 - - [07/Mar/2026:06:42:29 -0600] "GET /product-category/jewelry-watches/?orderby=price-desc&filter_color=diver-watches-7,diver-watches-2,diver-watches-6,diver-watches-1,diver-watches-3,diver-watches-4,diver-watches-8 HTTP/1.1" 200 162819 "-" "meta-externalagent/1.1 (+https://developers.facebook.com/docs/sharing/webmasters/crawler)" cozeellc.com 162.144.4.212
57.141.6.14 - - [07/Mar/2026:06:42:29 -0600] "GET /product-category/jewelry-watches/?orderby=price-desc&filter_color=diver-watches-7,diver-watches-2,diver-watches-6,diver-watches-1,diver-watches-3,diver-watches-4,diver-watches-8 HTTP/2.0" 200 162819 "-" "meta-externalagent/1.1 (+https://developers.facebook.com/docs/sharing/webmasters/crawler)" cozeellc.com 162.144.4.212
216.73.216.122 - - [07/Mar/2026:06:42:32 -0600] "GET /product-category/health-beauty/?add_to_compare=4968&orderby=rating HTTP/1.1" 200 90807 "-" "Mozilla/5.0 AppleWebKit/537.36 (KHTML, like Gecko; compatible; ClaudeBot/1.0; +claudebot@anthropic.com)" cozeellc.com 162.144.4.212
216.73.216.122 - - [07/Mar/2026:06:42:32 -0600] "GET /product-category/health-beauty/?add_to_compare=4968&orderby=rating HTTP/2.0" 200 90807 "-" "Mozilla/5.0 AppleWebKit/537.36 (KHTML, like Gecko; compatible; ClaudeBot/1.0; +claudebot@anthropic.com)" cozeellc.com 162.144.4.212
57.141.6.30 - - [07/Mar/2026:06:42:32 -0600] "GET /shop/?orderby=popularity&filter_color=zyq-1103,zyq-1100&filter_size=l,4xl,xl,xxxl,m,xxl,s HTTP/1.1" 200 163060 "-" "meta-externalagent/1.1 (+https://developers.facebook.com/docs/sharing/webmasters/crawler)" cozeellc.com 162.144.4.212
57.141.6.30 - - [07/Mar/2026:06:42:32 -0600] "GET /shop/?orderby=popularity&filter_color=zyq-1103,zyq-1100&filter_size=l,4xl,xl,xxxl,m,xxl,s HTTP/2.0" 200 163060 "-" "meta-externalagent/1.1 (+https://developers.facebook.com/docs/sharing/webmasters/crawler)" cozeellc.com 162.144.4.212
57.141.6.40 - - [07/Mar/2026:06:42:34 -0600] "GET /shop/?orderby=date&filter_color=style-e-3pcs,style-c-3pcs,style-d-3pcs,style-d-1pc,style-c-1pc,style-b-3pcs,style-a-3pcs HTTP/1.1" 200 181602 "-" "meta-externalagent/1.1 (+https://developers.facebook.com/docs/sharing/webmasters/crawler)" cozeellc.com 162.144.4.212
57.141.6.40 - - [07/Mar/2026:06:42:34 -0600] "GET /shop/?orderby=date&filter_color=style-e-3pcs,style-c-3pcs,style-d-3pcs,style-d-1pc,style-c-1pc,style-b-3pcs,style-a-3pcs HTTP/2.0" 200 181602 "-" "meta-externalagent/1.1 (+https://developers.facebook.com/docs/sharing/webmasters/crawler)" cozeellc.com 162.144.4.212
57.141.6.45 - - [07/Mar/2026:06:42:36 -0600] "GET /product-category/health-beauty/?orderby=price&filter_color=style-c-1pc,style-a-2pcs,style-b-1pc,style-e-3pcs,style-d-3pcs,style-d-2pcs,style-d-1pc,style-c-3pcs HTTP/1.1" 200 164647 "-" "meta-externalagent/1.1 (+https://developers.facebook.com/docs/sharing/webmasters/crawler)" cozeellc.com 162.144.4.212
57.141.6.45 - - [07/Mar/2026:06:42:36 -0600] "GET /product-category/health-beauty/?orderby=price&filter_color=style-c-1pc,style-a-2pcs,style-b-1pc,style-e-3pcs,style-d-3pcs,style-d-2pcs,style-d-1pc,style-c-3pcs HTTP/2.0" 200 164647 "-" "meta-externalagent/1.1 (+https://developers.facebook.com/docs/sharing/webmasters/crawler)" cozeellc.com 162.144.4.212
216.73.216.122 - - [07/Mar/2026:06:42:37 -0600] "GET /product-category/health-beauty/page/2/?add-to-wishlist=4983 HTTP/1.1" 200 69745 "-" "Mozilla/5.0 AppleWebKit/537.36 (KHTML, like Gecko; compatible; ClaudeBot/1.0; +claudebot@anthropic.com)" cozeellc.com 162.144.4.212
216.73.216.122 - - [07/Mar/2026:06:42:37 -0600] "GET /product-category/health-beauty/page/2/?add-to-wishlist=4983 HTTP/2.0" 200 69745 "-" "Mozilla/5.0 AppleWebKit/537.36 (KHTML, like Gecko; compatible; ClaudeBot/1.0; +claudebot@anthropic.com)" cozeellc.com 162.144.4.212
192.161.168.238 - - [07/Mar/2026:06:42:39 -0600] "GET /product-category/health-beauty/?filter_color=style-d-1pc%2Cstyle-e-1pc%2Cstyle-b-2pcs%2Cstyle-a-2pcs%2Cstyle-c-1pc%2Cstyle-e-2pcs%2Cstyle-b-1pc%2Cstyle-b-3pcs%2Cstyle-e-3pcs HTTP/1.1" 200 33860 "-" "Mozilla/5.0 (Linux; Android 8.0; Pixel 2 Build/OPD3.170816.012) AppleWebKit/537.36 (KHTML, like Gecko) Chrome/49.0.1179.1700 Mobile Safari/537.36" cozeellc.com 162.144.4.212
192.161.168.238 - - [07/Mar/2026:06:42:38 -0600] "GET /product-category/health-beauty/?filter_color=style-d-1pc%2Cstyle-e-1pc%2Cstyle-b-2pcs%2Cstyle-a-2pcs%2Cstyle-c-1pc%2Cstyle-e-2pcs%2Cstyle-b-1pc%2Cstyle-b-3pcs%2Cstyle-e-3pcs HTTP/2.0" 200 33860 "-" "Mozilla/5.0 (Linux; Android 8.0; Pixel 2 Build/OPD3.170816.012) AppleWebKit/537.36 (KHTML, like Gecko) Chrome/49.0.1179.1700 Mobile Safari/537.36" cozeellc.com 162.144.4.212
57.141.6.22 - - [07/Mar/2026:06:42:39 -0600] "GET /shop/?orderby=date&filter_size=m%2Cxl%2Cxxxl%2Cxxl&filter_color=gray,black HTTP/1.1" 200 160293 "-" "meta-externalagent/1.1 (+https://developers.facebook.com/docs/sharing/webmasters/crawler)" cozeellc.com 162.144.4.212
57.141.6.22 - - [07/Mar/2026:06:42:39 -0600] "GET /shop/?orderby=date&filter_size=m%2Cxl%2Cxxxl%2Cxxl&filter_color=gray,black HTTP/2.0" 200 160293 "-" "meta-externalagent/1.1 (+https://developers.facebook.com/docs/sharing/webmasters/crawler)" cozeellc.com 162.144.4.212
216.73.216.122 - - [07/Mar/2026:06:42:42 -0600] "GET /product-category/health-beauty/?add_to_compare=4977&orderby=rating HTTP/1.1" 200 90809 "-" "Mozilla/5.0 AppleWebKit/537.36 (KHTML, like Gecko; compatible; ClaudeBot/1.0; +claudebot@anthropic.com)" cozeellc.com 162.144.4.212
216.73.216.122 - - [07/Mar/2026:06:42:42 -0600] "GET /product-category/health-beauty/?add_to_compare=4977&orderby=rating HTTP/2.0" 200 90809 "-" "Mozilla/5.0 AppleWebKit/537.36 (KHTML, like Gecko; compatible; ClaudeBot/1.0; +claudebot@anthropic.com)" cozeellc.com 162.144.4.212
57.141.6.64 - - [07/Mar/2026:06:42:41 -0600] "GET /shop/?orderby=popularity&filter_color=style-d-2pcs,style-a-1pc,style-f-1pc,style-e-2pcs,style-c-1pc HTTP/1.1" 500 2653 "-" "meta-externalagent/1.1 (+https://developers.facebook.com/docs/sharing/webmasters/crawler)" cozeellc.com 162.144.4.212
57.141.6.64 - - [07/Mar/2026:06:42:41 -0600] "GET /shop/?orderby=popularity&filter_color=style-d-2pcs,style-a-1pc,style-f-1pc,style-e-2pcs,style-c-1pc HTTP/2.0" 500 2653 "-" "meta-externalagent/1.1 (+https://developers.facebook.com/docs/sharing/webmasters/crawler)" cozeellc.com 162.144.4.212
57.141.6.3 - - [07/Mar/2026:06:42:44 -0600] "GET /product-category/health-beauty/?filter_color=style-d-3pcs,style-b-3pcs,style-a-1pc,style-e-1pc,style-c-1pc,style-b-2pcs HTTP/1.1" 200 162892 "-" "meta-externalagent/1.1 (+https://developers.facebook.com/docs/sharing/webmasters/crawler)" cozeellc.com 162.144.4.212
57.141.6.3 - - [07/Mar/2026:06:42:44 -0600] "GET /product-category/health-beauty/?filter_color=style-d-3pcs,style-b-3pcs,style-a-1pc,style-e-1pc,style-c-1pc,style-b-2pcs HTTP/2.0" 200 162892 "-" "meta-externalagent/1.1 (+https://developers.facebook.com/docs/sharing/webmasters/crawler)" cozeellc.com 162.144.4.212
57.141.6.73 - - [07/Mar/2026:06:42:45 -0600] "GET /shop/?filter_size=s%2Cxxl%2Cm%2C4xl%2C5xl%2Cl&filter_color=zyq-1100,zyq-1102 HTTP/1.1" 200 162093 "-" "meta-externalagent/1.1 (+https://developers.facebook.com/docs/sharing/webmasters/crawler)" cozeellc.com 162.144.4.212
57.141.6.73 - - [07/Mar/2026:06:42:45 -0600] "GET /shop/?filter_size=s%2Cxxl%2Cm%2C4xl%2C5xl%2Cl&filter_color=zyq-1100,zyq-1102 HTTP/2.0" 200 162093 "-" "meta-externalagent/1.1 (+https://developers.facebook.com/docs/sharing/webmasters/crawler)" cozeellc.com 162.144.4.212
57.141.6.45 - - [07/Mar/2026:06:42:46 -0600] "GET /product-category/health-beauty/?orderby=date&filter_color=style-b-2pcs,style-e-3pcs,style-c-3pcs,style-d-1pc,style-e-1pc,style-b-3pcs,style-b-1pc HTTP/1.1" 200 163953 "-" "meta-externalagent/1.1 (+https://developers.facebook.com/docs/sharing/webmasters/crawler)" cozeellc.com 162.144.4.212
57.141.6.45 - - [07/Mar/2026:06:42:46 -0600] "GET /product-category/health-beauty/?orderby=date&filter_color=style-b-2pcs,style-e-3pcs,style-c-3pcs,style-d-1pc,style-e-1pc,style-b-3pcs,style-b-1pc HTTP/2.0" 200 163953 "-" "meta-externalagent/1.1 (+https://developers.facebook.com/docs/sharing/webmasters/crawler)" cozeellc.com 162.144.4.212
216.73.216.122 - - [07/Mar/2026:06:42:47 -0600] "GET /product-category/health-beauty/page/2/?add-to-wishlist=4960 HTTP/1.1" 200 69873 "-" "Mozilla/5.0 AppleWebKit/537.36 (KHTML, like Gecko; compatible; ClaudeBot/1.0; +claudebot@anthropic.com)" cozeellc.com 162.144.4.212
216.73.216.122 - - [07/Mar/2026:06:42:47 -0600] "GET /product-category/health-beauty/page/2/?add-to-wishlist=4960 HTTP/2.0" 200 69873 "-" "Mozilla/5.0 AppleWebKit/537.36 (KHTML, like Gecko; compatible; ClaudeBot/1.0; +claudebot@anthropic.com)" cozeellc.com 162.144.4.212
57.141.6.65 - - [07/Mar/2026:06:42:48 -0600] "GET /shop/?orderby=price&filter_color=zyq-1104%2Czyq-1094%2Czyq-1103%2Czyq-1102&filter_size=xxl,xl,5xl HTTP/1.1" 200 162601 "-" "meta-externalagent/1.1 (+https://developers.facebook.com/docs/sharing/webmasters/crawler)" cozeellc.com 162.144.4.212
57.141.6.65 - - [07/Mar/2026:06:42:48 -0600] "GET /shop/?orderby=price&filter_color=zyq-1104%2Czyq-1094%2Czyq-1103%2Czyq-1102&filter_size=xxl,xl,5xl HTTP/2.0" 200 162601 "-" "meta-externalagent/1.1 (+https://developers.facebook.com/docs/sharing/webmasters/crawler)" cozeellc.com 162.144.4.212
14.185.168.118 - - [07/Mar/2026:06:42:49 -0600] "GET /product-category/health-beauty/?filter_color=style-c-3pcs%2Cstyle-e-3pcs%2Cstyle-c-2pcs%2Cstyle-b-1pc&orderby=price-desc HTTP/1.1" 200 44156 "-" "Mozilla/5.0 (Windows NT 6.1) AppleWebKit/537.36 (KHTML, like Gecko) Chrome/68.0.3440.84 Safari/537.36" cozeellc.com 162.144.4.212
14.185.168.118 - - [07/Mar/2026:06:42:49 -0600] "GET /product-category/health-beauty/?filter_color=style-c-3pcs%2Cstyle-e-3pcs%2Cstyle-c-2pcs%2Cstyle-b-1pc&orderby=price-desc HTTP/1.1" 200 44156 "-" "Mozilla/5.0 (Windows NT 6.1) AppleWebKit/537.36 (KHTML, like Gecko) Chrome/68.0.3440.84 Safari/537.36" cozeellc.com 162.144.4.212
57.141.6.4 - - [07/Mar/2026:06:42:50 -0600] "GET /product-category/health-beauty/?orderby=price&filter_color=style-c-2pcs,style-e-2pcs,style-d-1pc,style-c-3pcs,style-a-3pcs,style-b-3pcs,style-b-1pc HTTP/1.1" 200 164014 "-" "meta-externalagent/1.1 (+https://developers.facebook.com/docs/sharing/webmasters/crawler)" cozeellc.com 162.144.4.212
57.141.6.4 - - [07/Mar/2026:06:42:50 -0600] "GET /product-category/health-beauty/?orderby=price&filter_color=style-c-2pcs,style-e-2pcs,style-d-1pc,style-c-3pcs,style-a-3pcs,style-b-3pcs,style-b-1pc HTTP/2.0" 200 164014 "-" "meta-externalagent/1.1 (+https://developers.facebook.com/docs/sharing/webmasters/crawler)" cozeellc.com 162.144.4.212
216.73.216.122 - - [07/Mar/2026:06:42:52 -0600] "GET /product-category/health-beauty/page/2/?add-to-wishlist=5108 HTTP/1.1" 200 70453 "-" "Mozilla/5.0 AppleWebKit/537.36 (KHTML, like Gecko; compatible; ClaudeBot/1.0; +claudebot@anthropic.com)" cozeellc.com 162.144.4.212
216.73.216.122 - - [07/Mar/2026:06:42:52 -0600] "GET /product-category/health-beauty/page/2/?add-to-wishlist=5108 HTTP/2.0" 200 70453 "-" "Mozilla/5.0 AppleWebKit/537.36 (KHTML, like Gecko; compatible; ClaudeBot/1.0; +claudebot@anthropic.com)" cozeellc.com 162.144.4.212
57.141.6.66 - - [07/Mar/2026:06:42:53 -0600] "GET /shop/?filter_size=5xl%2Cm%2Cl%2Cxl%2Cxxl%2C4xl&filter_color=zyq-1100,zyq-1103,zyq-1102 HTTP/1.1" 200 162629 "-" "meta-externalagent/1.1 (+https://developers.facebook.com/docs/sharing/webmasters/crawler)" cozeellc.com 162.144.4.212
57.141.6.66 - - [07/Mar/2026:06:42:53 -0600] "GET /shop/?filter_size=5xl%2Cm%2Cl%2Cxl%2Cxxl%2C4xl&filter_color=zyq-1100,zyq-1103,zyq-1102 HTTP/2.0" 200 162629 "-" "meta-externalagent/1.1 (+https://developers.facebook.com/docs/sharing/webmasters/crawler)" cozeellc.com 162.144.4.212
57.141.6.40 - - [07/Mar/2026:06:42:55 -0600] "GET /shop/?filter_color=style-f-1pc,style-d-3pcs,style-e-2pcs,style-c-1pc,style-b-2pcs,style-c-2pcs,style-e-3pcs,style-f-2pcs HTTP/1.1" 200 166715 "-" "meta-externalagent/1.1 (+https://developers.facebook.com/docs/sharing/webmasters/crawler)" cozeellc.com 162.144.4.212
57.141.6.40 - - [07/Mar/2026:06:42:55 -0600] "GET /shop/?filter_color=style-f-1pc,style-d-3pcs,style-e-2pcs,style-c-1pc,style-b-2pcs,style-c-2pcs,style-e-3pcs,style-f-2pcs HTTP/2.0" 200 166715 "-" "meta-externalagent/1.1 (+https://developers.facebook.com/docs/sharing/webmasters/crawler)" cozeellc.com 162.144.4.212
216.73.216.122 - - [07/Mar/2026:06:42:57 -0600] "GET /product-category/health-beauty/page/2/?add-to-wishlist=4968 HTTP/1.1" 200 69878 "-" "Mozilla/5.0 AppleWebKit/537.36 (KHTML, like Gecko; compatible; ClaudeBot/1.0; +claudebot@anthropic.com)" cozeellc.com 162.144.4.212
216.73.216.122 - - [07/Mar/2026:06:42:57 -0600] "GET /product-category/health-beauty/page/2/?add-to-wishlist=4968 HTTP/2.0" 200 69878 "-" "Mozilla/5.0 AppleWebKit/537.36 (KHTML, like Gecko; compatible; ClaudeBot/1.0; +claudebot@anthropic.com)" cozeellc.com 162.144.4.212
57.141.6.43 - - [07/Mar/2026:06:42:57 -0600] "GET /shop/?orderby=popularity&filter_color=style-e-2pcs,style-b-3pcs,style-d-1pc,style-a-1pc,style-c-3pcs,style-f-2pcs,style-b-1pc,style-e-3pcs,style-a-3pcs HTTP/1.1" 200 168073 "-" "meta-externalagent/1.1 (+https://developers.facebook.com/docs/sharing/webmasters/crawler)" cozeellc.com 162.144.4.212
57.141.6.43 - - [07/Mar/2026:06:42:57 -0600] "GET /shop/?orderby=popularity&filter_color=style-e-2pcs,style-b-3pcs,style-d-1pc,style-a-1pc,style-c-3pcs,style-f-2pcs,style-b-1pc,style-e-3pcs,style-a-3pcs HTTP/2.0" 200 168073 "-" "meta-externalagent/1.1 (+https://developers.facebook.com/docs/sharing/webmasters/crawler)" cozeellc.com 162.144.4.212
57.141.6.14 - - [07/Mar/2026:06:42:59 -0600] "GET /product-category/health-beauty/?orderby=date&filter_color=style-a-3pcs,style-c-3pcs,style-d-1pc,style-a-1pc,style-e-3pcs,style-b-1pc,style-b-3pcs,style-d-3pcs HTTP/1.1" 200 164611 "-" "meta-externalagent/1.1 (+https://developers.facebook.com/docs/sharing/webmasters/crawler)" cozeellc.com 162.144.4.212
57.141.6.14 - - [07/Mar/2026:06:42:59 -0600] "GET /product-category/health-beauty/?orderby=date&filter_color=style-a-3pcs,style-c-3pcs,style-d-1pc,style-a-1pc,style-e-3pcs,style-b-1pc,style-b-3pcs,style-d-3pcs HTTP/2.0" 200 164611 "-" "meta-externalagent/1.1 (+https://developers.facebook.com/docs/sharing/webmasters/crawler)" cozeellc.com 162.144.4.212
57.141.6.45 - - [07/Mar/2026:06:43:01 -0600] "GET /shop/?orderby=date&filter_size=xl,s&filter_color=zyq-1102,zyq-1104,zyq-1103,zyq-1094 HTTP/1.1" 200 162140 "-" "meta-externalagent/1.1 (+https://developers.facebook.com/docs/sharing/webmasters/crawler)" cozeellc.com 162.144.4.212
57.141.6.45 - - [07/Mar/2026:06:43:01 -0600] "GET /shop/?orderby=date&filter_size=xl,s&filter_color=zyq-1102,zyq-1104,zyq-1103,zyq-1094 HTTP/2.0" 200 162140 "-" "meta-externalagent/1.1 (+https://developers.facebook.com/docs/sharing/webmasters/crawler)" cozeellc.com 162.144.4.212
216.73.216.122 - - [07/Mar/2026:06:43:02 -0600] "GET /product-category/health-beauty/?add-to-wishlist=5089&orderby=date HTTP/1.1" 200 90218 "-" "Mozilla/5.0 AppleWebKit/537.36 (KHTML, like Gecko; compatible; ClaudeBot/1.0; +claudebot@anthropic.com)" cozeellc.com 162.144.4.212
216.73.216.122 - - [07/Mar/2026:06:43:02 -0600] "GET /product-category/health-beauty/?add-to-wishlist=5089&orderby=date HTTP/2.0" 200 90218 "-" "Mozilla/5.0 AppleWebKit/537.36 (KHTML, like Gecko; compatible; ClaudeBot/1.0; +claudebot@anthropic.com)" cozeellc.com 162.144.4.212
57.141.6.22 - - [07/Mar/2026:06:43:03 -0600] "GET /shop/?orderby=popularity&filter_color=style-f-1pc,style-b-1pc,style-c-1pc,style-a-3pcs,style-e-1pc,style-f-3pcs,style-c-3pcs,style-d-2pcs,style-a-1pc,style-b-3pcs HTTP/1.1" 500 2653 "-" "meta-externalagent/1.1 (+https://developers.facebook.com/docs/sharing/webmasters/crawler)" cozeellc.com 162.144.4.212
57.141.6.22 - - [07/Mar/2026:06:43:03 -0600] "GET /shop/?orderby=popularity&filter_color=style-f-1pc,style-b-1pc,style-c-1pc,style-a-3pcs,style-e-1pc,style-f-3pcs,style-c-3pcs,style-d-2pcs,style-a-1pc,style-b-3pcs HTTP/2.0" 500 2653 "-" "meta-externalagent/1.1 (+https://developers.facebook.com/docs/sharing/webmasters/crawler)" cozeellc.com 162.144.4.212
57.141.6.15 - - [07/Mar/2026:06:43:05 -0600] "GET /shop/?orderby=price-desc&filter_color=style-a-2pcs,style-e-3pcs,style-f-3pcs,style-e-2pcs,style-b-3pcs,style-c-1pc HTTP/1.1" 200 166106 "-" "meta-externalagent/1.1 (+https://developers.facebook.com/docs/sharing/webmasters/crawler)" cozeellc.com 162.144.4.212
57.141.6.15 - - [07/Mar/2026:06:43:05 -0600] "GET /shop/?orderby=price-desc&filter_color=style-a-2pcs,style-e-3pcs,style-f-3pcs,style-e-2pcs,style-b-3pcs,style-c-1pc HTTP/2.0" 200 166106 "-" "meta-externalagent/1.1 (+https://developers.facebook.com/docs/sharing/webmasters/crawler)" cozeellc.com 162.144.4.212
216.73.216.122 - - [07/Mar/2026:06:43:07 -0600] "GET /product-category/health-beauty/?add-to-wishlist=5005&orderby=date HTTP/1.1" 200 90799 "-" "Mozilla/5.0 AppleWebKit/537.36 (KHTML, like Gecko; compatible; ClaudeBot/1.0; +claudebot@anthropic.com)" cozeellc.com 162.144.4.212
216.73.216.122 - - [07/Mar/2026:06:43:07 -0600] "GET /product-category/health-beauty/?add-to-wishlist=5005&orderby=date HTTP/2.0" 200 90799 "-" "Mozilla/5.0 AppleWebKit/537.36 (KHTML, like Gecko; compatible; ClaudeBot/1.0; +claudebot@anthropic.com)" cozeellc.com 162.144.4.212
57.141.6.19 - - [07/Mar/2026:06:43:07 -0600] "GET /shop/?filter_color=style-e-1pc,style-d-1pc,style-a-1pc,style-a-3pcs,style-c-1pc,style-b-3pcs,style-d-2pcs,style-b-1pc HTTP/1.1" 500 2653 "-" "meta-externalagent/1.1 (+https://developers.facebook.com/docs/sharing/webmasters/crawler)" cozeellc.com 162.144.4.212
57.141.6.19 - - [07/Mar/2026:06:43:07 -0600] "GET /shop/?filter_color=style-e-1pc,style-d-1pc,style-a-1pc,style-a-3pcs,style-c-1pc,style-b-3pcs,style-d-2pcs,style-b-1pc HTTP/2.0" 500 2653 "-" "meta-externalagent/1.1 (+https://developers.facebook.com/docs/sharing/webmasters/crawler)" cozeellc.com 162.144.4.212
57.141.6.31 - - [07/Mar/2026:06:43:07 -0600] "GET /shop/?orderby=price-desc&filter_color=style-d-1pc,style-b-2pcs,style-f-1pc,style-a-2pcs,style-f-3pcs,style-f-2pcs,style-e-1pc,style-e-2pcs,style-a-3pcs,style-d-2pcs HTTP/1.1" 500 2653 "-" "meta-externalagent/1.1 (+https://developers.facebook.com/docs/sharing/webmasters/crawler)" cozeellc.com 162.144.4.212
57.141.6.31 - - [07/Mar/2026:06:43:07 -0600] "GET /shop/?orderby=price-desc&filter_color=style-d-1pc,style-b-2pcs,style-f-1pc,style-a-2pcs,style-f-3pcs,style-f-2pcs,style-e-1pc,style-e-2pcs,style-a-3pcs,style-d-2pcs HTTP/2.0" 500 2653 "-" "meta-externalagent/1.1 (+https://developers.facebook.com/docs/sharing/webmasters/crawler)" cozeellc.com 162.144.4.212
57.141.6.7 - - [07/Mar/2026:06:43:09 -0600] "GET /shop/?orderby=rating&filter_color=style-b-1pc,style-e-1pc,style-e-2pcs,style-c-1pc,style-b-3pcs,style-c-3pcs,style-b-2pcs HTTP/1.1" 200 181633 "-" "meta-externalagent/1.1 (+https://developers.facebook.com/docs/sharing/webmasters/crawler)" cozeellc.com 162.144.4.212
57.141.6.7 - - [07/Mar/2026:06:43:09 -0600] "GET /shop/?orderby=rating&filter_color=style-b-1pc,style-e-1pc,style-e-2pcs,style-c-1pc,style-b-3pcs,style-c-3pcs,style-b-2pcs HTTP/2.0" 200 181633 "-" "meta-externalagent/1.1 (+https://developers.facebook.com/docs/sharing/webmasters/crawler)" cozeellc.com 162.144.4.212
57.141.6.59 - - [07/Mar/2026:06:43:12 -0600] "GET /shop/?orderby=date&filter_size=m%2Cs%2Cxxl%2Cxl%2Cl&filter_color=black,white,navy-blue,yellow HTTP/1.1" 200 160548 "-" "meta-externalagent/1.1 (+https://developers.facebook.com/docs/sharing/webmasters/crawler)" cozeellc.com 162.144.4.212
57.141.6.59 - - [07/Mar/2026:06:43:11 -0600] "GET /shop/?orderby=date&filter_size=m%2Cs%2Cxxl%2Cxl%2Cl&filter_color=black,white,navy-blue,yellow HTTP/2.0" 200 160548 "-" "meta-externalagent/1.1 (+https://developers.facebook.com/docs/sharing/webmasters/crawler)" cozeellc.com 162.144.4.212
161.123.173.154 - - [07/Mar/2026:06:43:12 -0600] "GET /product-category/health-beauty/?filter_color=style-d-2pcs%2Cstyle-d-3pcs%2Cstyle-b-2pcs%2Cstyle-b-3pcs%2Cstyle-e-1pc%2Cstyle-a-1pc%2Cstyle-a-2pcs%2Cstyle-a-3pcs%2Cstyle-c-1pc&orderby=popularity HTTP/1.1" 200 33917 "-" "Mozilla/5.0 (iPhone; CPU iPhone OS 11_0 like Mac OS X) AppleWebKit/537.36 (KHTML, like Gecko) Chrome/48.0.7371.1261 Mobile Safari/537.36" cozeellc.com 162.144.4.212
161.123.173.154 - - [07/Mar/2026:06:43:12 -0600] "GET /product-category/health-beauty/?filter_color=style-d-2pcs%2Cstyle-d-3pcs%2Cstyle-b-2pcs%2Cstyle-b-3pcs%2Cstyle-e-1pc%2Cstyle-a-1pc%2Cstyle-a-2pcs%2Cstyle-a-3pcs%2Cstyle-c-1pc&orderby=popularity HTTP/2.0" 200 33917 "-" "Mozilla/5.0 (iPhone; CPU iPhone OS 11_0 like Mac OS X) AppleWebKit/537.36 (KHTML, like Gecko) Chrome/48.0.7371.1261 Mobile Safari/537.36" cozeellc.com 162.144.4.212
57.141.6.32 - - [07/Mar/2026:06:43:12 -0600] "GET /shop/?filter_color=style-d-1pc,style-c-3pcs,style-e-3pcs,style-b-2pcs,style-c-1pc,style-f-2pcs,style-a-2pcs HTTP/1.1" 200 166061 "-" "meta-externalagent/1.1 (+https://developers.facebook.com/docs/sharing/webmasters/crawler)" cozeellc.com 162.144.4.212
57.141.6.32 - - [07/Mar/2026:06:43:12 -0600] "GET /shop/?filter_color=style-d-1pc,style-c-3pcs,style-e-3pcs,style-b-2pcs,style-c-1pc,style-f-2pcs,style-a-2pcs HTTP/2.0" 200 166061 "-" "meta-externalagent/1.1 (+https://developers.facebook.com/docs/sharing/webmasters/crawler)" cozeellc.com 162.144.4.212
216.73.216.122 - - [07/Mar/2026:06:43:12 -0600] "GET /product-category/health-beauty/?add-to-wishlist=4992&orderby=price-desc HTTP/1.1" 200 90955 "-" "Mozilla/5.0 AppleWebKit/537.36 (KHTML, like Gecko; compatible; ClaudeBot/1.0; +claudebot@anthropic.com)" cozeellc.com 162.144.4.212
216.73.216.122 - - [07/Mar/2026:06:43:12 -0600] "GET /product-category/health-beauty/?add-to-wishlist=4992&orderby=price-desc HTTP/2.0" 200 90955 "-" "Mozilla/5.0 AppleWebKit/537.36 (KHTML, like Gecko; compatible; ClaudeBot/1.0; +claudebot@anthropic.com)" cozeellc.com 162.144.4.212
57.141.6.14 - - [07/Mar/2026:06:43:15 -0600] "GET /shop/?filter_size=l%2Cxxxl%2C5xl%2Cxl%2Cm&filter_color=zyq-1101,zyq-1100,zyq-1102 HTTP/1.1" 200 162291 "-" "meta-externalagent/1.1 (+https://developers.facebook.com/docs/sharing/webmasters/crawler)" cozeellc.com 162.144.4.212
57.141.6.14 - - [07/Mar/2026:06:43:15 -0600] "GET /shop/?filter_size=l%2Cxxxl%2C5xl%2Cxl%2Cm&filter_color=zyq-1101,zyq-1100,zyq-1102 HTTP/2.0" 200 162291 "-" "meta-externalagent/1.1 (+https://developers.facebook.com/docs/sharing/webmasters/crawler)" cozeellc.com 162.144.4.212
162.144.4.212 - - [07/Mar/2026:06:43:18 -0600] "POST /wp-cron.php?doing_wp_cron=1772887398.0259289741516113281250 HTTP/1.1" 200 - "-" "WordPress/6.9; https://cozeellc.com" cozeellc.com 162.144.4.212
216.73.216.122 - - [07/Mar/2026:06:43:17 -0600] "GET /product/new-mango-pet-comb-cat-dog-electric-spray-brush-massage-comb-one-button-spray-anti-fly-hair-massage-wash/?remove_compare_item=a0dc078ca0d99b5ebb465a9f1cad54ba HTTP/1.1" 200 69277 "-" "Mozilla/5.0 AppleWebKit/537.36 (KHTML, like Gecko; compatible; ClaudeBot/1.0; +claudebot@anthropic.com)" cozeellc.com 162.144.4.212
216.73.216.122 - - [07/Mar/2026:06:43:17 -0600] "GET /product/new-mango-pet-comb-cat-dog-electric-spray-brush-massage-comb-one-button-spray-anti-fly-hair-massage-wash/?remove_compare_item=a0dc078ca0d99b5ebb465a9f1cad54ba HTTP/2.0" 200 69277 "-" "Mozilla/5.0 AppleWebKit/537.36 (KHTML, like Gecko; compatible; ClaudeBot/1.0; +claudebot@anthropic.com)" cozeellc.com 162.144.4.212
57.141.6.47 - - [07/Mar/2026:06:43:17 -0600] "GET /shop/?orderby=price&filter_color=style-a-2pcs,style-a-1pc,style-d-3pcs,style-e-2pcs,style-e-3pcs,style-a-3pcs HTTP/1.1" 200 181021 "-" "meta-externalagent/1.1 (+https://developers.facebook.com/docs/sharing/webmasters/crawler)" cozeellc.com 162.144.4.212
57.141.6.47 - - [07/Mar/2026:06:43:17 -0600] "GET /shop/?orderby=price&filter_color=style-a-2pcs,style-a-1pc,style-d-3pcs,style-e-2pcs,style-e-3pcs,style-a-3pcs HTTP/2.0" 200 181021 "-" "meta-externalagent/1.1 (+https://developers.facebook.com/docs/sharing/webmasters/crawler)" cozeellc.com 162.144.4.212
162.144.4.212 - - [07/Mar/2026:06:43:20 -0600] "POST /wp-cron.php?doing_wp_cron=1772887400.5312979221343994140625 HTTP/1.1" 200 - "-" "WordPress/6.9; https://cozeellc.com" cozeellc.com 162.144.4.212
123.19.97.217 - - [07/Mar/2026:06:43:18 -0600] "GET /product-category/health-beauty/?filter_color=style-d-3pcs%2Cstyle-b-3pcs%2Cstyle-a-1pc HTTP/1.1" 500 1177 "-" "Mozilla/5.0 (Windows NT 10.0; Win64; x64) AppleWebKit/537.36 (KHTML, like Gecko) Chrome/135.0.0.0 Safari/537.36" cozeellc.com 162.144.4.212
123.19.97.217 - - [07/Mar/2026:06:43:18 -0600] "GET /product-category/health-beauty/?filter_color=style-d-3pcs%2Cstyle-b-3pcs%2Cstyle-a-1pc HTTP/2.0" 500 1177 "-" "Mozilla/5.0 (Windows NT 10.0; Win64; x64) AppleWebKit/537.36 (KHTML, like Gecko) Chrome/135.0.0.0 Safari/537.36" cozeellc.com 162.144.4.212
162.144.4.212 - - [07/Mar/2026:06:43:22 -0600] "POST /wp-cron.php?doing_wp_cron=1772887402.0974450111389160156250 HTTP/1.1" 200 - "-" "WordPress/6.9; https://cozeellc.com" cozeellc.com 162.144.4.212
57.141.6.48 - - [07/Mar/2026:06:43:20 -0600] "GET /product-category/health-beauty/skin-care/?filter_color=style-b-3pcs,style-c-2pcs,style-e-1pc,style-e-2pcs,style-a-3pcs,style-c-3pcs HTTP/1.1" 500 2653 "-" "meta-externalagent/1.1 (+https://developers.facebook.com/docs/sharing/webmasters/crawler)" cozeellc.com 162.144.4.212
57.141.6.48 - - [07/Mar/2026:06:43:20 -0600] "GET /product-category/health-beauty/skin-care/?filter_color=style-b-3pcs,style-c-2pcs,style-e-1pc,style-e-2pcs,style-a-3pcs,style-c-3pcs HTTP/2.0" 500 2653 "-" "meta-externalagent/1.1 (+https://developers.facebook.com/docs/sharing/webmasters/crawler)" cozeellc.com 162.144.4.212
162.144.4.212 - - [07/Mar/2026:06:43:22 -0600] "POST /wp-admin/admin-ajax.php?action=async_litespeed&nonce=4MNTSWdSUgSZWd3O2lsS29HlTUOyrv9b&litespeed_type=imgoptm HTTP/1.1" 500 155 "-" "WordPress/6.9; https://cozeellc.com" cozeellc.com 162.144.4.212
57.141.6.32 - - [07/Mar/2026:06:43:22 -0600] "GET /shop/?orderby=date&filter_color=style-f-3pcs,style-f-1pc,style-a-1pc,style-e-2pcs,style-c-3pcs,style-b-1pc HTTP/1.1" 200 165888 "-" "meta-externalagent/1.1 (+https://developers.facebook.com/docs/sharing/webmasters/crawler)" cozeellc.com 162.144.4.212
216.73.216.122 - - [07/Mar/2026:06:43:22 -0600] "GET /product/new-mango-pet-comb-cat-dog-electric-spray-brush-massage-comb-one-button-spray-anti-fly-hair-massage-wash/?remove_compare_item=9ba82616fac74de9ce334ea7532cfddc HTTP/1.1" 200 69181 "-" "Mozilla/5.0 AppleWebKit/537.36 (KHTML, like Gecko; compatible; ClaudeBot/1.0; +claudebot@anthropic.com)" cozeellc.com 162.144.4.212
216.73.216.122 - - [07/Mar/2026:06:43:22 -0600] "GET /product/new-mango-pet-comb-cat-dog-electric-spray-brush-massage-comb-one-button-spray-anti-fly-hair-massage-wash/?remove_compare_item=9ba82616fac74de9ce334ea7532cfddc HTTP/2.0" 200 69181 "-" "Mozilla/5.0 AppleWebKit/537.36 (KHTML, like Gecko; compatible; ClaudeBot/1.0; +claudebot@anthropic.com)" cozeellc.com 162.144.4.212
57.141.6.32 - - [07/Mar/2026:06:43:22 -0600] "GET /shop/?orderby=date&filter_color=style-f-3pcs,style-f-1pc,style-a-1pc,style-e-2pcs,style-c-3pcs,style-b-1pc HTTP/2.0" 200 165888 "-" "meta-externalagent/1.1 (+https://developers.facebook.com/docs/sharing/webmasters/crawler)" cozeellc.com 162.144.4.212
57.141.6.2 - - [07/Mar/2026:06:43:24 -0600] "GET /product-category/health-beauty/?orderby=price-desc&filter_color=style-c-3pcs,style-e-3pcs,style-e-2pcs,style-b-2pcs,style-c-2pcs HTTP/1.1" 200 162925 "-" "meta-externalagent/1.1 (+https://developers.facebook.com/docs/sharing/webmasters/crawler)" cozeellc.com 162.144.4.212
57.141.6.2 - - [07/Mar/2026:06:43:24 -0600] "GET /product-category/health-beauty/?orderby=price-desc&filter_color=style-c-3pcs,style-e-3pcs,style-e-2pcs,style-b-2pcs,style-c-2pcs HTTP/2.0" 200 162925 "-" "meta-externalagent/1.1 (+https://developers.facebook.com/docs/sharing/webmasters/crawler)" cozeellc.com 162.144.4.212
57.141.6.51 - - [07/Mar/2026:06:43:25 -0600] "GET /shop/?filter_color=style-b-3pcs,style-b-2pcs,style-f-1pc,style-c-1pc,style-a-1pc,style-e-3pcs,style-a-3pcs,style-e-2pcs,style-c-3pcs HTTP/1.1" 200 167364 "-" "meta-externalagent/1.1 (+https://developers.facebook.com/docs/sharing/webmasters/crawler)" cozeellc.com 162.144.4.212
57.141.6.51 - - [07/Mar/2026:06:43:24 -0600] "GET /shop/?filter_color=style-b-3pcs,style-b-2pcs,style-f-1pc,style-c-1pc,style-a-1pc,style-e-3pcs,style-a-3pcs,style-e-2pcs,style-c-3pcs HTTP/2.0" 200 167364 "-" "meta-externalagent/1.1 (+https://developers.facebook.com/docs/sharing/webmasters/crawler)" cozeellc.com 162.144.4.212
162.144.4.212 - - [07/Mar/2026:06:43:28 -0600] "POST /wp-cron.php?doing_wp_cron=1772887408.1204090118408203125000 HTTP/1.1" 200 - "-" "WordPress/6.9; https://cozeellc.com" cozeellc.com 162.144.4.212
57.141.6.24 - - [07/Mar/2026:06:43:27 -0600] "GET /shop/?filter_size=xl%2Cm%2Cxxxl%2C5xl%2Cxxl&filter_color=zyq-1103,zyq-1102 HTTP/1.1" 200 161847 "-" "meta-externalagent/1.1 (+https://developers.facebook.com/docs/sharing/webmasters/crawler)" cozeellc.com 162.144.4.212
57.141.6.24 - - [07/Mar/2026:06:43:27 -0600] "GET /shop/?filter_size=xl%2Cm%2Cxxxl%2C5xl%2Cxxl&filter_color=zyq-1103,zyq-1102 HTTP/2.0" 200 161847 "-" "meta-externalagent/1.1 (+https://developers.facebook.com/docs/sharing/webmasters/crawler)" cozeellc.com 162.144.4.212
162.144.4.212 - - [07/Mar/2026:06:43:28 -0600] "PURGE /.* HTTP/1.1" 204 - "-" "WordPress/6.9; https://cozeellc.com; EPC/v2.2.2/epc_scheduled_purge_all" cozeellc.com 162.144.4.212
162.144.4.212 - - [07/Mar/2026:06:43:28 -0600] "PURGE /.* HTTP/1.1" 204 - "-" "WordPress/6.9; https://cozeellc.com; EPC/v2.2.2/epc_scheduled_purge_all" cozeellc.com 162.144.4.212
162.144.4.212 - - [07/Mar/2026:06:43:28 -0600] "POST /wp-cron.php?doing_wp_cron=1772887408.7152049541473388671875 HTTP/1.1" 200 - "-" "WordPress/6.9; https://cozeellc.com" cozeellc.com 162.144.4.212
216.73.216.122 - - [07/Mar/2026:06:43:27 -0600] "GET /product-category/health-beauty/?add-to-wishlist=5098&orderby=price HTTP/1.1" 200 89377 "-" "Mozilla/5.0 AppleWebKit/537.36 (KHTML, like Gecko; compatible; ClaudeBot/1.0; +claudebot@anthropic.com)" cozeellc.com 162.144.4.212
216.73.216.122 - - [07/Mar/2026:06:43:27 -0600] "GET /product-category/health-beauty/?add-to-wishlist=5098&orderby=price HTTP/2.0" 200 89377 "-" "Mozilla/5.0 AppleWebKit/537.36 (KHTML, like Gecko; compatible; ClaudeBot/1.0; +claudebot@anthropic.com)" cozeellc.com 162.144.4.212
216.73.216.122 - - [07/Mar/2026:06:43:29 -0600] "GET /product/abs-plastic-dog-collar-chain-diamond-inlay-sparkle-bulldog-necklace-cat-collars-pet-accessories-small-medium-large-dogs-golden/?remove_compare_item=85f3375756047fba207ce9b85780313b HTTP/1.1" 200 75625 "-" "Mozilla/5.0 AppleWebKit/537.36 (KHTML, like Gecko; compatible; ClaudeBot/1.0; +claudebot@anthropic.com)" cozeellc.com 162.144.4.212
216.73.216.122 - - [07/Mar/2026:06:43:29 -0600] "GET /product/abs-plastic-dog-collar-chain-diamond-inlay-sparkle-bulldog-necklace-cat-collars-pet-accessories-small-medium-large-dogs-golden/?remove_compare_item=85f3375756047fba207ce9b85780313b HTTP/2.0" 200 75625 "-" "Mozilla/5.0 AppleWebKit/537.36 (KHTML, like Gecko; compatible; ClaudeBot/1.0; +claudebot@anthropic.com)" cozeellc.com 162.144.4.212
57.141.6.46 - - [07/Mar/2026:06:43:29 -0600] "GET /shop/?orderby=date&filter_size=s%2C5xl%2Cm%2Cxl%2Cxxl%2Cl&filter_color=zyq-1100,zyq-1094 HTTP/1.1" 200 162514 "-" "meta-externalagent/1.1 (+https://developers.facebook.com/docs/sharing/webmasters/crawler)" cozeellc.com 162.144.4.212
57.141.6.46 - - [07/Mar/2026:06:43:29 -0600] "GET /shop/?orderby=date&filter_size=s%2C5xl%2Cm%2Cxl%2Cxxl%2Cl&filter_color=zyq-1100,zyq-1094 HTTP/2.0" 200 162514 "-" "meta-externalagent/1.1 (+https://developers.facebook.com/docs/sharing/webmasters/crawler)" cozeellc.com 162.144.4.212
57.141.6.18 - - [07/Mar/2026:06:43:31 -0600] "GET /shop/?orderby=price-desc&filter_color=style-e-2pcs,style-a-3pcs,style-e-1pc,style-c-2pcs,style-a-2pcs,style-c-1pc,style-b-2pcs HTTP/1.1" 200 181770 "-" "meta-externalagent/1.1 (+https://developers.facebook.com/docs/sharing/webmasters/crawler)" cozeellc.com 162.144.4.212
57.141.6.18 - - [07/Mar/2026:06:43:31 -0600] "GET /shop/?orderby=price-desc&filter_color=style-e-2pcs,style-a-3pcs,style-e-1pc,style-c-2pcs,style-a-2pcs,style-c-1pc,style-b-2pcs HTTP/2.0" 200 181770 "-" "meta-externalagent/1.1 (+https://developers.facebook.com/docs/sharing/webmasters/crawler)" cozeellc.com 162.144.4.212
216.73.216.122 - - [07/Mar/2026:06:43:32 -0600] "GET /product-category/health-beauty/?add-to-wishlist=5094&orderby=price HTTP/1.1" 200 89966 "-" "Mozilla/5.0 AppleWebKit/537.36 (KHTML, like Gecko; compatible; ClaudeBot/1.0; +claudebot@anthropic.com)" cozeellc.com 162.144.4.212
216.73.216.122 - - [07/Mar/2026:06:43:32 -0600] "GET /product-category/health-beauty/?add-to-wishlist=5094&orderby=price HTTP/2.0" 200 89966 "-" "Mozilla/5.0 AppleWebKit/537.36 (KHTML, like Gecko; compatible; ClaudeBot/1.0; +claudebot@anthropic.com)" cozeellc.com 162.144.4.212
216.73.216.122 - - [07/Mar/2026:06:43:34 -0600] "GET /product/dog-professional-hair-clipper-electrical-grooming-trimmer-for-pets-usb-rechargeable-cat-shaver-animals-haircut-machine/?remove_compare_item=13d4635deccc230c944e4ff6e03404b5 HTTP/1.1" 200 66284 "-" "Mozilla/5.0 AppleWebKit/537.36 (KHTML, like Gecko; compatible; ClaudeBot/1.0; +claudebot@anthropic.com)" cozeellc.com 162.144.4.212
216.73.216.122 - - [07/Mar/2026:06:43:34 -0600] "GET /product/dog-professional-hair-clipper-electrical-grooming-trimmer-for-pets-usb-rechargeable-cat-shaver-animals-haircut-machine/?remove_compare_item=13d4635deccc230c944e4ff6e03404b5 HTTP/2.0" 200 66284 "-" "Mozilla/5.0 AppleWebKit/537.36 (KHTML, like Gecko; compatible; ClaudeBot/1.0; +claudebot@anthropic.com)" cozeellc.com 162.144.4.212
57.141.6.69 - - [07/Mar/2026:06:43:34 -0600] "GET /shop/?orderby=rating&filter_size=m%2Cs%2Cxxl%2Cl&filter_color=yellow,red,navy-blue HTTP/1.1" 200 159809 "-" "meta-externalagent/1.1 (+https://developers.facebook.com/docs/sharing/webmasters/crawler)" cozeellc.com 162.144.4.212
57.141.6.69 - - [07/Mar/2026:06:43:34 -0600] "GET /shop/?orderby=rating&filter_size=m%2Cs%2Cxxl%2Cl&filter_color=yellow,red,navy-blue HTTP/2.0" 200 159809 "-" "meta-externalagent/1.1 (+https://developers.facebook.com/docs/sharing/webmasters/crawler)" cozeellc.com 162.144.4.212
57.141.6.53 - - [07/Mar/2026:06:43:36 -0600] "GET /shop/?orderby=price-desc&filter_color=style-d-1pc,style-b-3pcs,style-a-2pcs,style-b-1pc,style-d-2pcs,style-c-2pcs HTTP/1.1" 200 181118 "-" "meta-externalagent/1.1 (+https://developers.facebook.com/docs/sharing/webmasters/crawler)" cozeellc.com 162.144.4.212
57.141.6.53 - - [07/Mar/2026:06:43:36 -0600] "GET /shop/?orderby=price-desc&filter_color=style-d-1pc,style-b-3pcs,style-a-2pcs,style-b-1pc,style-d-2pcs,style-c-2pcs HTTP/2.0" 200 181118 "-" "meta-externalagent/1.1 (+https://developers.facebook.com/docs/sharing/webmasters/crawler)" cozeellc.com 162.144.4.212
216.73.216.122 - - [07/Mar/2026:06:43:37 -0600] "GET /product-category/health-beauty/?add-to-wishlist=5089&orderby=price HTTP/1.1" 200 89355 "-" "Mozilla/5.0 AppleWebKit/537.36 (KHTML, like Gecko; compatible; ClaudeBot/1.0; +claudebot@anthropic.com)" cozeellc.com 162.144.4.212
216.73.216.122 - - [07/Mar/2026:06:43:37 -0600] "GET /product-category/health-beauty/?add-to-wishlist=5089&orderby=price HTTP/2.0" 200 89355 "-" "Mozilla/5.0 AppleWebKit/537.36 (KHTML, like Gecko; compatible; ClaudeBot/1.0; +claudebot@anthropic.com)" cozeellc.com 162.144.4.212
57.141.6.59 - - [07/Mar/2026:06:43:38 -0600] "GET /product-category/health-beauty/?filter_color=style-c-1pc,style-e-2pcs,style-b-2pcs,style-a-1pc,style-b-3pcs,style-e-1pc,style-d-2pcs,style-d-1pc HTTP/1.1" 200 164119 "-" "meta-externalagent/1.1 (+https://developers.facebook.com/docs/sharing/webmasters/crawler)" cozeellc.com 162.144.4.212
57.141.6.59 - - [07/Mar/2026:06:43:38 -0600] "GET /product-category/health-beauty/?filter_color=style-c-1pc,style-e-2pcs,style-b-2pcs,style-a-1pc,style-b-3pcs,style-e-1pc,style-d-2pcs,style-d-1pc HTTP/2.0" 200 164119 "-" "meta-externalagent/1.1 (+https://developers.facebook.com/docs/sharing/webmasters/crawler)" cozeellc.com 162.144.4.212
57.141.6.34 - - [07/Mar/2026:06:43:41 -0600] "GET /shop/?orderby=rating&filter_color=red%2Cnavy-blue%2Cblack%2Cblue%2Cwhite&filter_size=l,xl,m,xxl HTTP/1.1" 200 161528 "-" "meta-externalagent/1.1 (+https://developers.facebook.com/docs/sharing/webmasters/crawler)" cozeellc.com 162.144.4.212
57.141.6.34 - - [07/Mar/2026:06:43:41 -0600] "GET /shop/?orderby=rating&filter_color=red%2Cnavy-blue%2Cblack%2Cblue%2Cwhite&filter_size=l,xl,m,xxl HTTP/2.0" 200 161528 "-" "meta-externalagent/1.1 (+https://developers.facebook.com/docs/sharing/webmasters/crawler)" cozeellc.com 162.144.4.212
216.73.216.122 - - [07/Mar/2026:06:43:42 -0600] "GET /product/abs-plastic-dog-collar-chain-diamond-inlay-sparkle-bulldog-necklace-cat-collars-pet-accessories-small-medium-large-dogs-golden/?remove_compare_item=7cc5ca26d6fbb6db2b134ef07cc68925 HTTP/1.1" 200 75401 "-" "Mozilla/5.0 AppleWebKit/537.36 (KHTML, like Gecko; compatible; ClaudeBot/1.0; +claudebot@anthropic.com)" cozeellc.com 162.144.4.212
216.73.216.122 - - [07/Mar/2026:06:43:42 -0600] "GET /product/abs-plastic-dog-collar-chain-diamond-inlay-sparkle-bulldog-necklace-cat-collars-pet-accessories-small-medium-large-dogs-golden/?remove_compare_item=7cc5ca26d6fbb6db2b134ef07cc68925 HTTP/2.0" 200 75401 "-" "Mozilla/5.0 AppleWebKit/537.36 (KHTML, like Gecko; compatible; ClaudeBot/1.0; +claudebot@anthropic.com)" cozeellc.com 162.144.4.212
57.141.6.66 - - [07/Mar/2026:06:43:43 -0600] "GET /product-category/health-beauty/?orderby=rating&filter_color=style-b-2pcs,style-c-3pcs,style-e-3pcs,style-b-3pcs,style-a-2pcs,style-a-1pc,style-e-1pc HTTP/1.1" 200 164033 "-" "meta-externalagent/1.1 (+https://developers.facebook.com/docs/sharing/webmasters/crawler)" cozeellc.com 162.144.4.212
57.141.6.66 - - [07/Mar/2026:06:43:43 -0600] "GET /product-category/health-beauty/?orderby=rating&filter_color=style-b-2pcs,style-c-3pcs,style-e-3pcs,style-b-3pcs,style-a-2pcs,style-a-1pc,style-e-1pc HTTP/2.0" 200 164033 "-" "meta-externalagent/1.1 (+https://developers.facebook.com/docs/sharing/webmasters/crawler)" cozeellc.com 162.144.4.212
57.141.6.48 - - [07/Mar/2026:06:43:45 -0600] "GET /product-category/health-beauty/?filter_color=style-b-3pcs,style-c-1pc,style-c-3pcs,style-e-2pcs,style-e-1pc,style-b-2pcs,style-c-2pcs,style-a-2pcs HTTP/1.1" 200 164173 "-" "meta-externalagent/1.1 (+https://developers.facebook.com/docs/sharing/webmasters/crawler)" cozeellc.com 162.144.4.212
57.141.6.48 - - [07/Mar/2026:06:43:45 -0600] "GET /product-category/health-beauty/?filter_color=style-b-3pcs,style-c-1pc,style-c-3pcs,style-e-2pcs,style-e-1pc,style-b-2pcs,style-c-2pcs,style-a-2pcs HTTP/2.0" 200 164173 "-" "meta-externalagent/1.1 (+https://developers.facebook.com/docs/sharing/webmasters/crawler)" cozeellc.com 162.144.4.212
216.73.216.122 - - [07/Mar/2026:06:43:47 -0600] "GET /product/new-mango-pet-comb-cat-dog-electric-spray-brush-massage-comb-one-button-spray-anti-fly-hair-massage-wash/?remove_compare_item=7fbe9c04f99dbfbc738ae9079740a314 HTTP/1.1" 200 69173 "-" "Mozilla/5.0 AppleWebKit/537.36 (KHTML, like Gecko; compatible; ClaudeBot/1.0; +claudebot@anthropic.com)" cozeellc.com 162.144.4.212
216.73.216.122 - - [07/Mar/2026:06:43:47 -0600] "GET /product/new-mango-pet-comb-cat-dog-electric-spray-brush-massage-comb-one-button-spray-anti-fly-hair-massage-wash/?remove_compare_item=7fbe9c04f99dbfbc738ae9079740a314 HTTP/2.0" 200 69173 "-" "Mozilla/5.0 AppleWebKit/537.36 (KHTML, like Gecko; compatible; ClaudeBot/1.0; +claudebot@anthropic.com)" cozeellc.com 162.144.4.212
57.141.6.13 - - [07/Mar/2026:06:43:47 -0600] "GET /shop/?orderby=date&filter_color=zyq-1103,zyq-1104&filter_size=xxl,l,m,4xl,5xl,s HTTP/1.1" 200 162540 "-" "meta-externalagent/1.1 (+https://developers.facebook.com/docs/sharing/webmasters/crawler)" cozeellc.com 162.144.4.212
57.141.6.13 - - [07/Mar/2026:06:43:47 -0600] "GET /shop/?orderby=date&filter_color=zyq-1103,zyq-1104&filter_size=xxl,l,m,4xl,5xl,s HTTP/2.0" 200 162540 "-" "meta-externalagent/1.1 (+https://developers.facebook.com/docs/sharing/webmasters/crawler)" cozeellc.com 162.144.4.212
