57.141.6.35 - - [07/Mar/2026:06:33:41 -0600] "GET /shop/?orderby=rating&filter_size=xl,m,s,xxl&filter_color=navy-blue,red,yellow,black HTTP/1.1" 200 160230 "-" "meta-externalagent/1.1 (+https://developers.facebook.com/docs/sharing/webmasters/crawler)" cozeellc.com 162.144.4.212
57.141.6.35 - - [07/Mar/2026:06:33:41 -0600] "GET /shop/?orderby=rating&filter_size=xl,m,s,xxl&filter_color=navy-blue,red,yellow,black HTTP/2.0" 200 160230 "-" "meta-externalagent/1.1 (+https://developers.facebook.com/docs/sharing/webmasters/crawler)" cozeellc.com 162.144.4.212
57.141.6.31 - - [07/Mar/2026:06:33:41 -0600] "GET /product-category/health-beauty/?orderby=rating&filter_color=style-e-1pc,style-e-3pcs,style-d-1pc,style-b-3pcs,style-c-3pcs,style-a-1pc,style-d-2pcs HTTP/1.1" 200 164007 "-" "meta-externalagent/1.1 (+https://developers.facebook.com/docs/sharing/webmasters/crawler)" cozeellc.com 162.144.4.212
57.141.6.31 - - [07/Mar/2026:06:33:41 -0600] "GET /product-category/health-beauty/?orderby=rating&filter_color=style-e-1pc,style-e-3pcs,style-d-1pc,style-b-3pcs,style-c-3pcs,style-a-1pc,style-d-2pcs HTTP/2.0" 200 164007 "-" "meta-externalagent/1.1 (+https://developers.facebook.com/docs/sharing/webmasters/crawler)" cozeellc.com 162.144.4.212
57.141.6.11 - - [07/Mar/2026:06:33:44 -0600] "GET /shop/?orderby=rating&filter_color=style-d-2pcs,style-d-3pcs,style-d-1pc,style-a-2pcs,style-b-2pcs,style-b-1pc,style-f-3pcs,style-c-1pc,style-e-1pc HTTP/1.1" 500 2653 "-" "meta-externalagent/1.1 (+https://developers.facebook.com/docs/sharing/webmasters/crawler)" cozeellc.com 162.144.4.212
57.141.6.11 - - [07/Mar/2026:06:33:44 -0600] "GET /shop/?orderby=rating&filter_color=style-d-2pcs,style-d-3pcs,style-d-1pc,style-a-2pcs,style-b-2pcs,style-b-1pc,style-f-3pcs,style-c-1pc,style-e-1pc HTTP/2.0" 500 2653 "-" "meta-externalagent/1.1 (+https://developers.facebook.com/docs/sharing/webmasters/crawler)" cozeellc.com 162.144.4.212
216.73.216.122 - - [07/Mar/2026:06:33:46 -0600] "GET /product/anti-aging-collagen-gel-patch-10pcs-forehead-line-removal-firming-mask-frown-lines-face-skin-care-stickers/?add-to-wishlist=5089 HTTP/1.1" 200 68840 "-" "Mozilla/5.0 AppleWebKit/537.36 (KHTML, like Gecko; compatible; ClaudeBot/1.0; +claudebot@anthropic.com)" cozeellc.com 162.144.4.212
216.73.216.122 - - [07/Mar/2026:06:33:46 -0600] "GET /product/anti-aging-collagen-gel-patch-10pcs-forehead-line-removal-firming-mask-frown-lines-face-skin-care-stickers/?add-to-wishlist=5089 HTTP/2.0" 200 68840 "-" "Mozilla/5.0 AppleWebKit/537.36 (KHTML, like Gecko; compatible; ClaudeBot/1.0; +claudebot@anthropic.com)" cozeellc.com 162.144.4.212
57.141.6.51 - - [07/Mar/2026:06:33:47 -0600] "GET /shop/?filter_color=style-c-3pcs,style-e-3pcs,style-a-2pcs,style-d-1pc,style-a-1pc,style-c-2pcs,style-a-3pcs,style-d-3pcs,style-f-2pcs HTTP/1.1" 500 2653 "-" "meta-externalagent/1.1 (+https://developers.facebook.com/docs/sharing/webmasters/crawler)" cozeellc.com 162.144.4.212
57.141.6.51 - - [07/Mar/2026:06:33:47 -0600] "GET /shop/?filter_color=style-c-3pcs,style-e-3pcs,style-a-2pcs,style-d-1pc,style-a-1pc,style-c-2pcs,style-a-3pcs,style-d-3pcs,style-f-2pcs HTTP/2.0" 500 2653 "-" "meta-externalagent/1.1 (+https://developers.facebook.com/docs/sharing/webmasters/crawler)" cozeellc.com 162.144.4.212
57.141.6.67 - - [07/Mar/2026:06:33:50 -0600] "GET /shop/?orderby=date&filter_color=zyq-1100&filter_size=m,4xl,xl,s,5xl,l,xxl,xxxl HTTP/1.1" 200 162699 "-" "meta-externalagent/1.1 (+https://developers.facebook.com/docs/sharing/webmasters/crawler)" cozeellc.com 162.144.4.212
57.141.6.67 - - [07/Mar/2026:06:33:50 -0600] "GET /shop/?orderby=date&filter_color=zyq-1100&filter_size=m,4xl,xl,s,5xl,l,xxl,xxxl HTTP/2.0" 200 162699 "-" "meta-externalagent/1.1 (+https://developers.facebook.com/docs/sharing/webmasters/crawler)" cozeellc.com 162.144.4.212
57.141.6.30 - - [07/Mar/2026:06:33:50 -0600] "GET /product-category/health-beauty/?orderby=date&filter_color=style-a-3pcs,style-b-3pcs,style-b-2pcs,style-c-3pcs,style-d-3pcs,style-a-1pc HTTP/1.1" 200 163371 "-" "meta-externalagent/1.1 (+https://developers.facebook.com/docs/sharing/webmasters/crawler)" cozeellc.com 162.144.4.212
57.141.6.17 - - [07/Mar/2026:06:33:49 -0600] "GET /shop/?orderby=date&filter_color=style-e-1pc,style-d-1pc,style-a-3pcs,style-e-2pcs,style-a-1pc,style-d-3pcs,style-b-1pc,style-f-1pc HTTP/1.1" 500 2653 "-" "meta-externalagent/1.1 (+https://developers.facebook.com/docs/sharing/webmasters/crawler)" cozeellc.com 162.144.4.212
57.141.6.17 - - [07/Mar/2026:06:33:49 -0600] "GET /shop/?orderby=date&filter_color=style-e-1pc,style-d-1pc,style-a-3pcs,style-e-2pcs,style-a-1pc,style-d-3pcs,style-b-1pc,style-f-1pc HTTP/2.0" 500 2653 "-" "meta-externalagent/1.1 (+https://developers.facebook.com/docs/sharing/webmasters/crawler)" cozeellc.com 162.144.4.212
57.141.6.30 - - [07/Mar/2026:06:33:50 -0600] "GET /product-category/health-beauty/?orderby=date&filter_color=style-a-3pcs,style-b-3pcs,style-b-2pcs,style-c-3pcs,style-d-3pcs,style-a-1pc HTTP/2.0" 200 163371 "-" "meta-externalagent/1.1 (+https://developers.facebook.com/docs/sharing/webmasters/crawler)" cozeellc.com 162.144.4.212
216.73.216.122 - - [07/Mar/2026:06:33:51 -0600] "GET /product-category/health-beauty/hair-care/?add_to_compare=5098&orderby=price-desc HTTP/1.1" 200 91677 "-" "Mozilla/5.0 AppleWebKit/537.36 (KHTML, like Gecko; compatible; ClaudeBot/1.0; +claudebot@anthropic.com)" cozeellc.com 162.144.4.212
216.73.216.122 - - [07/Mar/2026:06:33:51 -0600] "GET /product-category/health-beauty/hair-care/?add_to_compare=5098&orderby=price-desc HTTP/2.0" 200 91677 "-" "Mozilla/5.0 AppleWebKit/537.36 (KHTML, like Gecko; compatible; ClaudeBot/1.0; +claudebot@anthropic.com)" cozeellc.com 162.144.4.212
57.141.6.5 - - [07/Mar/2026:06:33:54 -0600] "GET /product-category/health-beauty/?filter_color=style-b-3pcs,style-d-1pc,style-a-1pc,style-d-3pcs,style-c-1pc,style-b-2pcs,style-e-2pcs HTTP/1.1" 200 163506 "-" "meta-externalagent/1.1 (+https://developers.facebook.com/docs/sharing/webmasters/crawler)" cozeellc.com 162.144.4.212
57.141.6.44 - - [07/Mar/2026:06:33:54 -0600] "GET /shop/?orderby=date&filter_color=style-b-1pc,style-c-3pcs,style-e-2pcs,style-e-3pcs,style-c-2pcs,style-f-3pcs,style-f-2pcs HTTP/1.1" 200 166591 "-" "meta-externalagent/1.1 (+https://developers.facebook.com/docs/sharing/webmasters/crawler)" cozeellc.com 162.144.4.212
57.141.6.5 - - [07/Mar/2026:06:33:54 -0600] "GET /product-category/health-beauty/?filter_color=style-b-3pcs,style-d-1pc,style-a-1pc,style-d-3pcs,style-c-1pc,style-b-2pcs,style-e-2pcs HTTP/2.0" 200 163506 "-" "meta-externalagent/1.1 (+https://developers.facebook.com/docs/sharing/webmasters/crawler)" cozeellc.com 162.144.4.212
57.141.6.44 - - [07/Mar/2026:06:33:54 -0600] "GET /shop/?orderby=date&filter_color=style-b-1pc,style-c-3pcs,style-e-2pcs,style-e-3pcs,style-c-2pcs,style-f-3pcs,style-f-2pcs HTTP/2.0" 200 166591 "-" "meta-externalagent/1.1 (+https://developers.facebook.com/docs/sharing/webmasters/crawler)" cozeellc.com 162.144.4.212
216.73.216.122 - - [07/Mar/2026:06:33:56 -0600] "GET /product-category/health-beauty/hair-care/?add_to_compare=5094&orderby=price-desc HTTP/1.1" 200 91819 "-" "Mozilla/5.0 AppleWebKit/537.36 (KHTML, like Gecko; compatible; ClaudeBot/1.0; +claudebot@anthropic.com)" cozeellc.com 162.144.4.212
216.73.216.122 - - [07/Mar/2026:06:33:56 -0600] "GET /product-category/health-beauty/hair-care/?add_to_compare=5094&orderby=price-desc HTTP/2.0" 200 91819 "-" "Mozilla/5.0 AppleWebKit/537.36 (KHTML, like Gecko; compatible; ClaudeBot/1.0; +claudebot@anthropic.com)" cozeellc.com 162.144.4.212
57.141.6.20 - - [07/Mar/2026:06:33:57 -0600] "GET /shop/?orderby=rating&filter_size=m%2Cxxxl%2Cl%2Cs%2Cxxl&filter_color=zyq-1094,zyq-1103 HTTP/1.1" 200 162253 "-" "meta-externalagent/1.1 (+https://developers.facebook.com/docs/sharing/webmasters/crawler)" cozeellc.com 162.144.4.212
57.141.6.20 - - [07/Mar/2026:06:33:57 -0600] "GET /shop/?orderby=rating&filter_size=m%2Cxxxl%2Cl%2Cs%2Cxxl&filter_color=zyq-1094,zyq-1103 HTTP/2.0" 200 162253 "-" "meta-externalagent/1.1 (+https://developers.facebook.com/docs/sharing/webmasters/crawler)" cozeellc.com 162.144.4.212
57.141.6.4 - - [07/Mar/2026:06:34:01 -0600] "GET /product-category/health-beauty/?orderby=rating&filter_color=style-c-2pcs,style-b-2pcs,style-a-2pcs,style-e-3pcs,style-a-1pc,style-e-2pcs,style-c-1pc,style-b-3pcs HTTP/1.1" 200 164694 "-" "meta-externalagent/1.1 (+https://developers.facebook.com/docs/sharing/webmasters/crawler)" cozeellc.com 162.144.4.212
57.141.6.4 - - [07/Mar/2026:06:34:01 -0600] "GET /product-category/health-beauty/?orderby=rating&filter_color=style-c-2pcs,style-b-2pcs,style-a-2pcs,style-e-3pcs,style-a-1pc,style-e-2pcs,style-c-1pc,style-b-3pcs HTTP/2.0" 200 164694 "-" "meta-externalagent/1.1 (+https://developers.facebook.com/docs/sharing/webmasters/crawler)" cozeellc.com 162.144.4.212
216.73.216.122 - - [07/Mar/2026:06:34:01 -0600] "GET /product-category/health-beauty/hair-care/?add_to_compare=5089&orderby=price-desc HTTP/1.1" 200 91943 "-" "Mozilla/5.0 AppleWebKit/537.36 (KHTML, like Gecko; compatible; ClaudeBot/1.0; +claudebot@anthropic.com)" cozeellc.com 162.144.4.212
216.73.216.122 - - [07/Mar/2026:06:34:01 -0600] "GET /product-category/health-beauty/hair-care/?add_to_compare=5089&orderby=price-desc HTTP/2.0" 200 91943 "-" "Mozilla/5.0 AppleWebKit/537.36 (KHTML, like Gecko; compatible; ClaudeBot/1.0; +claudebot@anthropic.com)" cozeellc.com 162.144.4.212
57.141.6.47 - - [07/Mar/2026:06:34:04 -0600] "GET /shop/?orderby=date&filter_size=s&filter_color=zyq-1103,zyq-1101,zyq-1104,zyq-1100 HTTP/1.1" 200 161754 "-" "meta-externalagent/1.1 (+https://developers.facebook.com/docs/sharing/webmasters/crawler)" cozeellc.com 162.144.4.212
57.141.6.47 - - [07/Mar/2026:06:34:04 -0600] "GET /shop/?orderby=date&filter_size=s&filter_color=zyq-1103,zyq-1101,zyq-1104,zyq-1100 HTTP/2.0" 200 161754 "-" "meta-externalagent/1.1 (+https://developers.facebook.com/docs/sharing/webmasters/crawler)" cozeellc.com 162.144.4.212
216.73.216.122 - - [07/Mar/2026:06:34:06 -0600] "GET /product-category/health-beauty/skin-care/?add-to-wishlist=5122&orderby=price HTTP/1.1" 200 89619 "-" "Mozilla/5.0 AppleWebKit/537.36 (KHTML, like Gecko; compatible; ClaudeBot/1.0; +claudebot@anthropic.com)" cozeellc.com 162.144.4.212
216.73.216.122 - - [07/Mar/2026:06:34:06 -0600] "GET /product-category/health-beauty/skin-care/?add-to-wishlist=5122&orderby=price HTTP/2.0" 200 89619 "-" "Mozilla/5.0 AppleWebKit/537.36 (KHTML, like Gecko; compatible; ClaudeBot/1.0; +claudebot@anthropic.com)" cozeellc.com 162.144.4.212
57.141.6.18 - - [07/Mar/2026:06:34:07 -0600] "GET /shop/?orderby=price&filter_color=style-f-2pcs,style-b-2pcs,style-c-1pc,style-c-2pcs,style-b-1pc,style-f-3pcs,style-f-1pc,style-e-3pcs,style-d-1pc HTTP/1.1" 500 2653 "-" "meta-externalagent/1.1 (+https://developers.facebook.com/docs/sharing/webmasters/crawler)" cozeellc.com 162.144.4.212
57.141.6.18 - - [07/Mar/2026:06:34:07 -0600] "GET /shop/?orderby=price&filter_color=style-f-2pcs,style-b-2pcs,style-c-1pc,style-c-2pcs,style-b-1pc,style-f-3pcs,style-f-1pc,style-e-3pcs,style-d-1pc HTTP/2.0" 500 2653 "-" "meta-externalagent/1.1 (+https://developers.facebook.com/docs/sharing/webmasters/crawler)" cozeellc.com 162.144.4.212
216.73.216.122 - - [07/Mar/2026:06:34:11 -0600] "GET /product-category/health-beauty/skin-care/?orderby=rating HTTP/1.1" 200 90525 "-" "Mozilla/5.0 AppleWebKit/537.36 (KHTML, like Gecko; compatible; ClaudeBot/1.0; +claudebot@anthropic.com)" cozeellc.com 162.144.4.212
216.73.216.122 - - [07/Mar/2026:06:34:11 -0600] "GET /product-category/health-beauty/skin-care/?orderby=rating HTTP/2.0" 200 90525 "-" "Mozilla/5.0 AppleWebKit/537.36 (KHTML, like Gecko; compatible; ClaudeBot/1.0; +claudebot@anthropic.com)" cozeellc.com 162.144.4.212
57.141.6.15 - - [07/Mar/2026:06:34:10 -0600] "GET /shop/?filter_color=style-a-1pc,style-a-3pcs,style-b-2pcs,style-e-3pcs,style-b-3pcs,style-d-2pcs,style-e-2pcs HTTP/1.1" 500 2653 "-" "meta-externalagent/1.1 (+https://developers.facebook.com/docs/sharing/webmasters/crawler)" cozeellc.com 162.144.4.212
57.141.6.15 - - [07/Mar/2026:06:34:10 -0600] "GET /shop/?filter_color=style-a-1pc,style-a-3pcs,style-b-2pcs,style-e-3pcs,style-b-3pcs,style-d-2pcs,style-e-2pcs HTTP/2.0" 500 2653 "-" "meta-externalagent/1.1 (+https://developers.facebook.com/docs/sharing/webmasters/crawler)" cozeellc.com 162.144.4.212
57.141.6.7 - - [07/Mar/2026:06:34:13 -0600] "GET /shop/?orderby=price&filter_color=style-e-3pcs,style-a-2pcs,style-c-3pcs,style-b-2pcs,style-b-3pcs,style-c-1pc,style-c-2pcs HTTP/1.1" 200 181669 "-" "meta-externalagent/1.1 (+https://developers.facebook.com/docs/sharing/webmasters/crawler)" cozeellc.com 162.144.4.212
57.141.6.7 - - [07/Mar/2026:06:34:13 -0600] "GET /shop/?orderby=price&filter_color=style-e-3pcs,style-a-2pcs,style-c-3pcs,style-b-2pcs,style-b-3pcs,style-c-1pc,style-c-2pcs HTTP/2.0" 200 181669 "-" "meta-externalagent/1.1 (+https://developers.facebook.com/docs/sharing/webmasters/crawler)" cozeellc.com 162.144.4.212
57.141.6.35 - - [07/Mar/2026:06:34:14 -0600] "GET /shop/?orderby=price-desc&filter_color=skin,gray,white,black,yellow&filter_size=xxl,xl,l HTTP/1.1" 200 160887 "-" "meta-externalagent/1.1 (+https://developers.facebook.com/docs/sharing/webmasters/crawler)" cozeellc.com 162.144.4.212
57.141.6.35 - - [07/Mar/2026:06:34:14 -0600] "GET /shop/?orderby=price-desc&filter_color=skin,gray,white,black,yellow&filter_size=xxl,xl,l HTTP/2.0" 200 160887 "-" "meta-externalagent/1.1 (+https://developers.facebook.com/docs/sharing/webmasters/crawler)" cozeellc.com 162.144.4.212
57.141.6.53 - - [07/Mar/2026:06:34:14 -0600] "GET /shop/?orderby=date&filter_color=style-f-2pcs,style-e-3pcs,style-c-2pcs,style-a-3pcs,style-b-1pc HTTP/1.1" 500 2653 "-" "meta-externalagent/1.1 (+https://developers.facebook.com/docs/sharing/webmasters/crawler)" cozeellc.com 162.144.4.212
57.141.6.53 - - [07/Mar/2026:06:34:14 -0600] "GET /shop/?orderby=date&filter_color=style-f-2pcs,style-e-3pcs,style-c-2pcs,style-a-3pcs,style-b-1pc HTTP/2.0" 500 2653 "-" "meta-externalagent/1.1 (+https://developers.facebook.com/docs/sharing/webmasters/crawler)" cozeellc.com 162.144.4.212
216.73.216.122 - - [07/Mar/2026:06:34:16 -0600] "GET /product/6pcs-2024-simple-creative-design-line-solid-color-cotton-t-shirts-mens-new-arrival-style-short-sleeve-men-t-shirt-plus-size/feed HTTP/1.1" 301 - "-" "Mozilla/5.0 AppleWebKit/537.36 (KHTML, like Gecko; compatible; ClaudeBot/1.0; +claudebot@anthropic.com)" cozeellc.com 162.144.4.212
216.73.216.122 - - [07/Mar/2026:06:34:16 -0600] "GET /product/6pcs-2024-simple-creative-design-line-solid-color-cotton-t-shirts-mens-new-arrival-style-short-sleeve-men-t-shirt-plus-size/feed HTTP/2.0" 301 - "-" "Mozilla/5.0 AppleWebKit/537.36 (KHTML, like Gecko; compatible; ClaudeBot/1.0; +claudebot@anthropic.com)" cozeellc.com 162.144.4.212
216.73.216.122 - - [07/Mar/2026:06:34:16 -0600] "GET /product/6pcs-2024-simple-creative-design-line-solid-color-cotton-t-shirts-mens-new-arrival-style-short-sleeve-men-t-shirt-plus-size/feed/ HTTP/1.1" 200 542 "https://cozeellc.com/product/6pcs-2024-simple-creative-design-line-solid-color-cotton-t-shirts-mens-new-arrival-style-short-sleeve-men-t-shirt-plus-size/feed" "Mozilla/5.0 AppleWebKit/537.36 (KHTML, like Gecko; compatible; ClaudeBot/1.0; +claudebot@anthropic.com)" cozeellc.com 162.144.4.212
216.73.216.122 - - [07/Mar/2026:06:34:16 -0600] "GET /product/6pcs-2024-simple-creative-design-line-solid-color-cotton-t-shirts-mens-new-arrival-style-short-sleeve-men-t-shirt-plus-size/feed/ HTTP/2.0" 200 542 "https://cozeellc.com/product/6pcs-2024-simple-creative-design-line-solid-color-cotton-t-shirts-mens-new-arrival-style-short-sleeve-men-t-shirt-plus-size/feed" "Mozilla/5.0 AppleWebKit/537.36 (KHTML, like Gecko; compatible; ClaudeBot/1.0; +claudebot@anthropic.com)" cozeellc.com 162.144.4.212
162.144.4.212 - - [07/Mar/2026:06:34:19 -0600] "POST /wp-cron.php?doing_wp_cron=1772886859.1247980594635009765625 HTTP/1.1" 200 - "-" "WordPress/6.9; https://cozeellc.com" cozeellc.com 162.144.4.212
57.141.6.16 - - [07/Mar/2026:06:34:18 -0600] "GET /shop/?orderby=date&filter_color=style-f-1pc,style-d-1pc,style-e-1pc,style-b-2pcs,style-f-2pcs,style-f-3pcs,style-d-2pcs HTTP/1.1" 200 166533 "-" "meta-externalagent/1.1 (+https://developers.facebook.com/docs/sharing/webmasters/crawler)" cozeellc.com 162.144.4.212
57.141.6.16 - - [07/Mar/2026:06:34:18 -0600] "GET /shop/?orderby=date&filter_color=style-f-1pc,style-d-1pc,style-e-1pc,style-b-2pcs,style-f-2pcs,style-f-3pcs,style-d-2pcs HTTP/2.0" 200 166533 "-" "meta-externalagent/1.1 (+https://developers.facebook.com/docs/sharing/webmasters/crawler)" cozeellc.com 162.144.4.212
57.141.6.62 - - [07/Mar/2026:06:34:18 -0600] "GET /shop/?orderby=price-desc&filter_color=zyq-1102,zyq-1100&filter_size=5xl,l,s,m,4xl,xl HTTP/1.1" 200 162664 "-" "meta-externalagent/1.1 (+https://developers.facebook.com/docs/sharing/webmasters/crawler)" cozeellc.com 162.144.4.212
57.141.6.62 - - [07/Mar/2026:06:34:18 -0600] "GET /shop/?orderby=price-desc&filter_color=zyq-1102,zyq-1100&filter_size=5xl,l,s,m,4xl,xl HTTP/2.0" 200 162664 "-" "meta-externalagent/1.1 (+https://developers.facebook.com/docs/sharing/webmasters/crawler)" cozeellc.com 162.144.4.212
162.144.4.212 - - [07/Mar/2026:06:34:22 -0600] "POST /wp-cron.php?doing_wp_cron=1772886862.4774539470672607421875 HTTP/1.1" 200 - "-" "WordPress/6.9; https://cozeellc.com" cozeellc.com 162.144.4.212
216.73.216.122 - - [07/Mar/2026:06:34:21 -0600] "GET /product-category/health-beauty/makeup/page/2/?add-to-wishlist=5005 HTTP/1.1" 200 69008 "-" "Mozilla/5.0 AppleWebKit/537.36 (KHTML, like Gecko; compatible; ClaudeBot/1.0; +claudebot@anthropic.com)" cozeellc.com 162.144.4.212
216.73.216.122 - - [07/Mar/2026:06:34:21 -0600] "GET /product-category/health-beauty/makeup/page/2/?add-to-wishlist=5005 HTTP/2.0" 200 69008 "-" "Mozilla/5.0 AppleWebKit/537.36 (KHTML, like Gecko; compatible; ClaudeBot/1.0; +claudebot@anthropic.com)" cozeellc.com 162.144.4.212
162.144.4.212 - - [07/Mar/2026:06:34:22 -0600] "POST /wp-admin/admin-ajax.php?action=async_litespeed&nonce=GjStDoMAsz2dGUqbqgkqGjzqbMsDlQP4&litespeed_type=imgoptm HTTP/1.1" 500 155 "-" "WordPress/6.9; https://cozeellc.com" cozeellc.com 162.144.4.212
162.144.4.212 - - [07/Mar/2026:06:34:23 -0600] "POST /wp-cron.php?doing_wp_cron=1772886863.6088840961456298828125 HTTP/1.1" 200 - "-" "WordPress/6.9; https://cozeellc.com" cozeellc.com 162.144.4.212
57.141.6.27 - - [07/Mar/2026:06:34:22 -0600] "GET /shop/?orderby=price&filter_color=style-d-1pc,style-a-1pc,style-e-2pcs,style-f-1pc,style-d-3pcs,style-c-1pc HTTP/1.1" 200 165897 "-" "meta-externalagent/1.1 (+https://developers.facebook.com/docs/sharing/webmasters/crawler)" cozeellc.com 162.144.4.212
57.141.6.27 - - [07/Mar/2026:06:34:22 -0600] "GET /shop/?orderby=price&filter_color=style-d-1pc,style-a-1pc,style-e-2pcs,style-f-1pc,style-d-3pcs,style-c-1pc HTTP/2.0" 200 165897 "-" "meta-externalagent/1.1 (+https://developers.facebook.com/docs/sharing/webmasters/crawler)" cozeellc.com 162.144.4.212
216.73.216.122 - - [07/Mar/2026:06:34:26 -0600] "GET /product/1-2-3pcs-nano-mist-facial-sprayer-usb-rechargeable-face-care-handheld-mini-humidifier-cool-mist-maker-fogger HTTP/1.1" 301 - "-" "Mozilla/5.0 AppleWebKit/537.36 (KHTML, like Gecko; compatible; ClaudeBot/1.0; +claudebot@anthropic.com)" cozeellc.com 162.144.4.212
216.73.216.122 - - [07/Mar/2026:06:34:26 -0600] "GET /product/1-2-3pcs-nano-mist-facial-sprayer-usb-rechargeable-face-care-handheld-mini-humidifier-cool-mist-maker-fogger HTTP/2.0" 301 - "-" "Mozilla/5.0 AppleWebKit/537.36 (KHTML, like Gecko; compatible; ClaudeBot/1.0; +claudebot@anthropic.com)" cozeellc.com 162.144.4.212
57.141.6.20 - - [07/Mar/2026:06:34:25 -0600] "GET /product-category/health-beauty/?orderby=price-desc&filter_color=style-b-2pcs,style-e-3pcs,style-a-2pcs,style-e-2pcs,style-c-1pc,style-a-1pc HTTP/1.1" 200 163490 "-" "meta-externalagent/1.1 (+https://developers.facebook.com/docs/sharing/webmasters/crawler)" cozeellc.com 162.144.4.212
57.141.6.20 - - [07/Mar/2026:06:34:25 -0600] "GET /product-category/health-beauty/?orderby=price-desc&filter_color=style-b-2pcs,style-e-3pcs,style-a-2pcs,style-e-2pcs,style-c-1pc,style-a-1pc HTTP/2.0" 200 163490 "-" "meta-externalagent/1.1 (+https://developers.facebook.com/docs/sharing/webmasters/crawler)" cozeellc.com 162.144.4.212
216.73.216.122 - - [07/Mar/2026:06:34:26 -0600] "GET /product/1-2-3pcs-nano-mist-facial-sprayer-usb-rechargeable-face-care-handheld-mini-humidifier-cool-mist-maker-fogger/ HTTP/1.1" 200 75517 "https://cozeellc.com/product/1-2-3pcs-nano-mist-facial-sprayer-usb-rechargeable-face-care-handheld-mini-humidifier-cool-mist-maker-fogger" "Mozilla/5.0 AppleWebKit/537.36 (KHTML, like Gecko; compatible; ClaudeBot/1.0; +claudebot@anthropic.com)" cozeellc.com 162.144.4.212
216.73.216.122 - - [07/Mar/2026:06:34:26 -0600] "GET /product/1-2-3pcs-nano-mist-facial-sprayer-usb-rechargeable-face-care-handheld-mini-humidifier-cool-mist-maker-fogger/ HTTP/2.0" 200 75517 "https://cozeellc.com/product/1-2-3pcs-nano-mist-facial-sprayer-usb-rechargeable-face-care-handheld-mini-humidifier-cool-mist-maker-fogger" "Mozilla/5.0 AppleWebKit/537.36 (KHTML, like Gecko; compatible; ClaudeBot/1.0; +claudebot@anthropic.com)" cozeellc.com 162.144.4.212
57.141.6.31 - - [07/Mar/2026:06:34:29 -0600] "GET /shop/?orderby=rating&filter_color=style-d-1pc,style-b-1pc,style-a-2pcs,style-c-2pcs,style-d-3pcs,style-f-3pcs,style-a-3pcs,style-e-1pc HTTP/1.1" 500 2653 "-" "meta-externalagent/1.1 (+https://developers.facebook.com/docs/sharing/webmasters/crawler)" cozeellc.com 162.144.4.212
57.141.6.31 - - [07/Mar/2026:06:34:29 -0600] "GET /shop/?orderby=rating&filter_color=style-d-1pc,style-b-1pc,style-a-2pcs,style-c-2pcs,style-d-3pcs,style-f-3pcs,style-a-3pcs,style-e-1pc HTTP/2.0" 500 2653 "-" "meta-externalagent/1.1 (+https://developers.facebook.com/docs/sharing/webmasters/crawler)" cozeellc.com 162.144.4.212
216.73.216.122 - - [07/Mar/2026:06:34:31 -0600] "GET /product/soft-cosmetic-makeup-brush-diy-mask-brushes-foundation-skin-face-care-tool-acrylic-handle-gel-cosmetic-beauty-tools HTTP/1.1" 301 - "-" "Mozilla/5.0 AppleWebKit/537.36 (KHTML, like Gecko; compatible; ClaudeBot/1.0; +claudebot@anthropic.com)" cozeellc.com 162.144.4.212
216.73.216.122 - - [07/Mar/2026:06:34:31 -0600] "GET /product/soft-cosmetic-makeup-brush-diy-mask-brushes-foundation-skin-face-care-tool-acrylic-handle-gel-cosmetic-beauty-tools HTTP/2.0" 301 - "-" "Mozilla/5.0 AppleWebKit/537.36 (KHTML, like Gecko; compatible; ClaudeBot/1.0; +claudebot@anthropic.com)" cozeellc.com 162.144.4.212
216.73.216.122 - - [07/Mar/2026:06:34:31 -0600] "GET /product/soft-cosmetic-makeup-brush-diy-mask-brushes-foundation-skin-face-care-tool-acrylic-handle-gel-cosmetic-beauty-tools/ HTTP/1.1" 200 67281 "https://cozeellc.com/product/soft-cosmetic-makeup-brush-diy-mask-brushes-foundation-skin-face-care-tool-acrylic-handle-gel-cosmetic-beauty-tools" "Mozilla/5.0 AppleWebKit/537.36 (KHTML, like Gecko; compatible; ClaudeBot/1.0; +claudebot@anthropic.com)" cozeellc.com 162.144.4.212
216.73.216.122 - - [07/Mar/2026:06:34:31 -0600] "GET /product/soft-cosmetic-makeup-brush-diy-mask-brushes-foundation-skin-face-care-tool-acrylic-handle-gel-cosmetic-beauty-tools/ HTTP/2.0" 200 67281 "https://cozeellc.com/product/soft-cosmetic-makeup-brush-diy-mask-brushes-foundation-skin-face-care-tool-acrylic-handle-gel-cosmetic-beauty-tools" "Mozilla/5.0 AppleWebKit/537.36 (KHTML, like Gecko; compatible; ClaudeBot/1.0; +claudebot@anthropic.com)" cozeellc.com 162.144.4.212
57.141.6.11 - - [07/Mar/2026:06:34:32 -0600] "GET /shop/?orderby=rating&filter_color=style-a-3pcs,style-c-1pc,style-f-2pcs,style-d-1pc,style-a-1pc,style-b-2pcs HTTP/1.1" 200 165946 "-" "meta-externalagent/1.1 (+https://developers.facebook.com/docs/sharing/webmasters/crawler)" cozeellc.com 162.144.4.212
57.141.6.11 - - [07/Mar/2026:06:34:32 -0600] "GET /shop/?orderby=rating&filter_color=style-a-3pcs,style-c-1pc,style-f-2pcs,style-d-1pc,style-a-1pc,style-b-2pcs HTTP/2.0" 200 165946 "-" "meta-externalagent/1.1 (+https://developers.facebook.com/docs/sharing/webmasters/crawler)" cozeellc.com 162.144.4.212
57.141.6.41 - - [07/Mar/2026:06:34:34 -0600] "GET /shop/?orderby=date&filter_color=zyq-1100%2Czyq-1103&filter_size=4xl,l,s,5xl,xxl,m HTTP/1.1" 200 162540 "-" "meta-externalagent/1.1 (+https://developers.facebook.com/docs/sharing/webmasters/crawler)" cozeellc.com 162.144.4.212
57.141.6.41 - - [07/Mar/2026:06:34:33 -0600] "GET /shop/?orderby=date&filter_color=zyq-1100%2Czyq-1103&filter_size=4xl,l,s,5xl,xxl,m HTTP/2.0" 200 162540 "-" "meta-externalagent/1.1 (+https://developers.facebook.com/docs/sharing/webmasters/crawler)" cozeellc.com 162.144.4.212
216.73.216.122 - - [07/Mar/2026:06:34:36 -0600] "GET /product-category/health-beauty/makeup/page/2/?add-to-wishlist=5060 HTTP/1.1" 200 69633 "-" "Mozilla/5.0 AppleWebKit/537.36 (KHTML, like Gecko; compatible; ClaudeBot/1.0; +claudebot@anthropic.com)" cozeellc.com 162.144.4.212
216.73.216.122 - - [07/Mar/2026:06:34:36 -0600] "GET /product-category/health-beauty/makeup/page/2/?add-to-wishlist=5060 HTTP/2.0" 200 69633 "-" "Mozilla/5.0 AppleWebKit/537.36 (KHTML, like Gecko; compatible; ClaudeBot/1.0; +claudebot@anthropic.com)" cozeellc.com 162.144.4.212
57.141.6.74 - - [07/Mar/2026:06:34:37 -0600] "GET /shop/?orderby=price&filter_color=style-a-1pc,style-d-2pcs,style-b-2pcs,style-e-1pc,style-a-2pcs,style-c-1pc HTTP/1.1" 200 180965 "-" "meta-externalagent/1.1 (+https://developers.facebook.com/docs/sharing/webmasters/crawler)" cozeellc.com 162.144.4.212
57.141.6.74 - - [07/Mar/2026:06:34:36 -0600] "GET /shop/?orderby=price&filter_color=style-a-1pc,style-d-2pcs,style-b-2pcs,style-e-1pc,style-a-2pcs,style-c-1pc HTTP/2.0" 200 180965 "-" "meta-externalagent/1.1 (+https://developers.facebook.com/docs/sharing/webmasters/crawler)" cozeellc.com 162.144.4.212
57.141.6.29 - - [07/Mar/2026:06:34:40 -0600] "GET /shop/?orderby=price&filter_color=style-f-3pcs,style-f-2pcs,style-d-3pcs,style-a-2pcs,style-e-2pcs,style-a-1pc HTTP/1.1" 200 165981 "-" "meta-externalagent/1.1 (+https://developers.facebook.com/docs/sharing/webmasters/crawler)" cozeellc.com 162.144.4.212
57.141.6.29 - - [07/Mar/2026:06:34:40 -0600] "GET /shop/?orderby=price&filter_color=style-f-3pcs,style-f-2pcs,style-d-3pcs,style-a-2pcs,style-e-2pcs,style-a-1pc HTTP/2.0" 200 165981 "-" "meta-externalagent/1.1 (+https://developers.facebook.com/docs/sharing/webmasters/crawler)" cozeellc.com 162.144.4.212
216.73.216.122 - - [07/Mar/2026:06:34:41 -0600] "GET /product-category/health-beauty/makeup/page/2/?add-to-wishlist=4953 HTTP/1.1" 200 69050 "-" "Mozilla/5.0 AppleWebKit/537.36 (KHTML, like Gecko; compatible; ClaudeBot/1.0; +claudebot@anthropic.com)" cozeellc.com 162.144.4.212
216.73.216.122 - - [07/Mar/2026:06:34:41 -0600] "GET /product-category/health-beauty/makeup/page/2/?add-to-wishlist=4953 HTTP/2.0" 200 69050 "-" "Mozilla/5.0 AppleWebKit/537.36 (KHTML, like Gecko; compatible; ClaudeBot/1.0; +claudebot@anthropic.com)" cozeellc.com 162.144.4.212
58.68.223.177 - - [07/Mar/2026:06:34:42 -0600] "GET /product-category/health-beauty/?filter_color=style-c-2pcs%2Cstyle-e-2pcs%2Cstyle-a-1pc%2Cstyle-b-2pcs&orderby=popularity HTTP/1.1" 200 33762 "-" "Mozilla/5.0 (Linux; Android 6.0; Nexus 5 Build/MRA58N) AppleWebKit/537.36 (KHTML, like Gecko) Chrome/48.0.8374.1967 Mobile Safari/537.36" cozeellc.com 162.144.4.212
58.68.223.177 - - [07/Mar/2026:06:34:42 -0600] "GET /product-category/health-beauty/?filter_color=style-c-2pcs%2Cstyle-e-2pcs%2Cstyle-a-1pc%2Cstyle-b-2pcs&orderby=popularity HTTP/2.0" 200 33762 "-" "Mozilla/5.0 (Linux; Android 6.0; Nexus 5 Build/MRA58N) AppleWebKit/537.36 (KHTML, like Gecko) Chrome/48.0.8374.1967 Mobile Safari/537.36" cozeellc.com 162.144.4.212
57.141.6.73 - - [07/Mar/2026:06:34:43 -0600] "GET /shop/?orderby=date&filter_color=style-a-2pcs,style-e-1pc,style-d-3pcs,style-e-3pcs,style-c-3pcs,style-b-1pc HTTP/1.1" 200 180956 "-" "meta-externalagent/1.1 (+https://developers.facebook.com/docs/sharing/webmasters/crawler)" cozeellc.com 162.144.4.212
57.141.6.73 - - [07/Mar/2026:06:34:43 -0600] "GET /shop/?orderby=date&filter_color=style-a-2pcs,style-e-1pc,style-d-3pcs,style-e-3pcs,style-c-3pcs,style-b-1pc HTTP/2.0" 200 180956 "-" "meta-externalagent/1.1 (+https://developers.facebook.com/docs/sharing/webmasters/crawler)" cozeellc.com 162.144.4.212
216.73.216.122 - - [07/Mar/2026:06:34:46 -0600] "GET /product-category/health-beauty/makeup/page/2/?add-to-wishlist=4983 HTTP/1.1" 200 69045 "-" "Mozilla/5.0 AppleWebKit/537.36 (KHTML, like Gecko; compatible; ClaudeBot/1.0; +claudebot@anthropic.com)" cozeellc.com 162.144.4.212
216.73.216.122 - - [07/Mar/2026:06:34:46 -0600] "GET /product-category/health-beauty/makeup/page/2/?add-to-wishlist=4983 HTTP/2.0" 200 69045 "-" "Mozilla/5.0 AppleWebKit/537.36 (KHTML, like Gecko; compatible; ClaudeBot/1.0; +claudebot@anthropic.com)" cozeellc.com 162.144.4.212
57.141.6.64 - - [07/Mar/2026:06:34:47 -0600] "GET /shop/?filter_size=s%2C4xl%2Cm%2Cxxl%2Cl%2Cxl%2C5xl%2Cxxxl&filter_color=zyq-1101,zyq-1103 HTTP/1.1" 200 162809 "-" "meta-externalagent/1.1 (+https://developers.facebook.com/docs/sharing/webmasters/crawler)" cozeellc.com 162.144.4.212
57.141.6.64 - - [07/Mar/2026:06:34:47 -0600] "GET /shop/?filter_size=s%2C4xl%2Cm%2Cxxl%2Cl%2Cxl%2C5xl%2Cxxxl&filter_color=zyq-1101,zyq-1103 HTTP/2.0" 200 162809 "-" "meta-externalagent/1.1 (+https://developers.facebook.com/docs/sharing/webmasters/crawler)" cozeellc.com 162.144.4.212
57.141.6.67 - - [07/Mar/2026:06:34:50 -0600] "GET /shop/?orderby=rating&filter_color=style-c-2pcs,style-a-2pcs,style-f-3pcs,style-b-2pcs,style-a-3pcs,style-c-1pc,style-e-2pcs HTTP/1.1" 200 166651 "-" "meta-externalagent/1.1 (+https://developers.facebook.com/docs/sharing/webmasters/crawler)" cozeellc.com 162.144.4.212
57.141.6.67 - - [07/Mar/2026:06:34:50 -0600] "GET /shop/?orderby=rating&filter_color=style-c-2pcs,style-a-2pcs,style-f-3pcs,style-b-2pcs,style-a-3pcs,style-c-1pc,style-e-2pcs HTTP/2.0" 200 166651 "-" "meta-externalagent/1.1 (+https://developers.facebook.com/docs/sharing/webmasters/crawler)" cozeellc.com 162.144.4.212
216.73.216.122 - - [07/Mar/2026:06:34:51 -0600] "GET /product-category/jewelry-watches/?add_to_compare=4612&orderby=date HTTP/1.1" 200 88452 "-" "Mozilla/5.0 AppleWebKit/537.36 (KHTML, like Gecko; compatible; ClaudeBot/1.0; +claudebot@anthropic.com)" cozeellc.com 162.144.4.212
216.73.216.122 - - [07/Mar/2026:06:34:51 -0600] "GET /product-category/jewelry-watches/?add_to_compare=4612&orderby=date HTTP/2.0" 200 88452 "-" "Mozilla/5.0 AppleWebKit/537.36 (KHTML, like Gecko; compatible; ClaudeBot/1.0; +claudebot@anthropic.com)" cozeellc.com 162.144.4.212
57.141.6.15 - - [07/Mar/2026:06:34:53 -0600] "GET /shop/?orderby=price&filter_color=style-c-2pcs,style-e-3pcs,style-b-1pc,style-f-1pc,style-a-3pcs,style-f-2pcs,style-d-3pcs,style-d-1pc HTTP/1.1" 500 2653 "-" "meta-externalagent/1.1 (+https://developers.facebook.com/docs/sharing/webmasters/crawler)" cozeellc.com 162.144.4.212
57.141.6.15 - - [07/Mar/2026:06:34:53 -0600] "GET /shop/?orderby=price&filter_color=style-c-2pcs,style-e-3pcs,style-b-1pc,style-f-1pc,style-a-3pcs,style-f-2pcs,style-d-3pcs,style-d-1pc HTTP/2.0" 500 2653 "-" "meta-externalagent/1.1 (+https://developers.facebook.com/docs/sharing/webmasters/crawler)" cozeellc.com 162.144.4.212
216.73.216.122 - - [07/Mar/2026:06:34:56 -0600] "GET /product/official-yepo-intel-n95-windows-11-laptop-14-inch-2-2k-hd-touchscreen-computer-360-flip-fold-camera-ram-16gb-ssd-1tb-notebooks/feed HTTP/1.1" 301 - "-" "Mozilla/5.0 AppleWebKit/537.36 (KHTML, like Gecko; compatible; ClaudeBot/1.0; +claudebot@anthropic.com)" cozeellc.com 162.144.4.212
216.73.216.122 - - [07/Mar/2026:06:34:56 -0600] "GET /product/official-yepo-intel-n95-windows-11-laptop-14-inch-2-2k-hd-touchscreen-computer-360-flip-fold-camera-ram-16gb-ssd-1tb-notebooks/feed HTTP/2.0" 301 - "-" "Mozilla/5.0 AppleWebKit/537.36 (KHTML, like Gecko; compatible; ClaudeBot/1.0; +claudebot@anthropic.com)" cozeellc.com 162.144.4.212
216.73.216.122 - - [07/Mar/2026:06:34:56 -0600] "GET /product/official-yepo-intel-n95-windows-11-laptop-14-inch-2-2k-hd-touchscreen-computer-360-flip-fold-camera-ram-16gb-ssd-1tb-notebooks/feed/ HTTP/1.1" 200 566 "https://cozeellc.com/product/official-yepo-intel-n95-windows-11-laptop-14-inch-2-2k-hd-touchscreen-computer-360-flip-fold-camera-ram-16gb-ssd-1tb-notebooks/feed" "Mozilla/5.0 AppleWebKit/537.36 (KHTML, like Gecko; compatible; ClaudeBot/1.0; +claudebot@anthropic.com)" cozeellc.com 162.144.4.212
216.73.216.122 - - [07/Mar/2026:06:34:56 -0600] "GET /product/official-yepo-intel-n95-windows-11-laptop-14-inch-2-2k-hd-touchscreen-computer-360-flip-fold-camera-ram-16gb-ssd-1tb-notebooks/feed/ HTTP/2.0" 200 566 "https://cozeellc.com/product/official-yepo-intel-n95-windows-11-laptop-14-inch-2-2k-hd-touchscreen-computer-360-flip-fold-camera-ram-16gb-ssd-1tb-notebooks/feed" "Mozilla/5.0 AppleWebKit/537.36 (KHTML, like Gecko; compatible; ClaudeBot/1.0; +claudebot@anthropic.com)" cozeellc.com 162.144.4.212
57.141.6.37 - - [07/Mar/2026:06:34:56 -0600] "GET /shop/?orderby=date&filter_color=style-b-2pcs,style-c-2pcs,style-a-3pcs,style-b-1pc,style-d-2pcs,style-f-2pcs,style-f-1pc,style-d-1pc HTTP/1.1" 200 167204 "-" "meta-externalagent/1.1 (+https://developers.facebook.com/docs/sharing/webmasters/crawler)" cozeellc.com 162.144.4.212
57.141.6.37 - - [07/Mar/2026:06:34:56 -0600] "GET /shop/?orderby=date&filter_color=style-b-2pcs,style-c-2pcs,style-a-3pcs,style-b-1pc,style-d-2pcs,style-f-2pcs,style-f-1pc,style-d-1pc HTTP/2.0" 200 167204 "-" "meta-externalagent/1.1 (+https://developers.facebook.com/docs/sharing/webmasters/crawler)" cozeellc.com 162.144.4.212
57.141.6.61 - - [07/Mar/2026:06:34:59 -0600] "GET /shop/?orderby=rating&filter_color=style-f-3pcs,style-f-1pc,style-c-2pcs,style-e-3pcs,style-a-3pcs,style-a-2pcs HTTP/1.1" 200 166002 "-" "meta-externalagent/1.1 (+https://developers.facebook.com/docs/sharing/webmasters/crawler)" cozeellc.com 162.144.4.212
57.141.6.61 - - [07/Mar/2026:06:34:59 -0600] "GET /shop/?orderby=rating&filter_color=style-f-3pcs,style-f-1pc,style-c-2pcs,style-e-3pcs,style-a-3pcs,style-a-2pcs HTTP/2.0" 200 166002 "-" "meta-externalagent/1.1 (+https://developers.facebook.com/docs/sharing/webmasters/crawler)" cozeellc.com 162.144.4.212
57.141.6.15 - - [07/Mar/2026:06:34:59 -0600] "GET /shop/?orderby=price&filter_color=style-f-3pcs,style-b-1pc,style-e-2pcs,style-d-2pcs,style-d-3pcs,style-b-3pcs,style-e-1pc,style-c-2pcs HTTP/1.1" 200 167273 "-" "meta-externalagent/1.1 (+https://developers.facebook.com/docs/sharing/webmasters/crawler)" cozeellc.com 162.144.4.212
57.141.6.15 - - [07/Mar/2026:06:34:59 -0600] "GET /shop/?orderby=price&filter_color=style-f-3pcs,style-b-1pc,style-e-2pcs,style-d-2pcs,style-d-3pcs,style-b-3pcs,style-e-1pc,style-c-2pcs HTTP/2.0" 200 167273 "-" "meta-externalagent/1.1 (+https://developers.facebook.com/docs/sharing/webmasters/crawler)" cozeellc.com 162.144.4.212
216.73.216.122 - - [07/Mar/2026:06:35:01 -0600] "GET /product-category/health-beauty/makeup/page/2/?add-to-wishlist=4960 HTTP/1.1" 200 69046 "-" "Mozilla/5.0 AppleWebKit/537.36 (KHTML, like Gecko; compatible; ClaudeBot/1.0; +claudebot@anthropic.com)" cozeellc.com 162.144.4.212
216.73.216.122 - - [07/Mar/2026:06:35:01 -0600] "GET /product-category/health-beauty/makeup/page/2/?add-to-wishlist=4960 HTTP/2.0" 200 69046 "-" "Mozilla/5.0 AppleWebKit/537.36 (KHTML, like Gecko; compatible; ClaudeBot/1.0; +claudebot@anthropic.com)" cozeellc.com 162.144.4.212
179.6.51.29 - - [07/Mar/2026:06:35:00 -0600] "GET /product-category/health-beauty/hair-care/?filter_color=skin-color-s%2Cskin-color-l&orderby=popularity HTTP/1.1" 500 1177 "-" "Mozilla/5.0 (Macintosh; Intel Mac OS X 10_9_5) AppleWebKit/537.36 (KHTML, like Gecko) Chrome/67.0.3396.87 Safari/537.36" cozeellc.com 162.144.4.212
179.6.51.29 - - [07/Mar/2026:06:35:00 -0600] "GET /product-category/health-beauty/hair-care/?filter_color=skin-color-s%2Cskin-color-l&orderby=popularity HTTP/1.1" 500 1177 "-" "Mozilla/5.0 (Macintosh; Intel Mac OS X 10_9_5) AppleWebKit/537.36 (KHTML, like Gecko) Chrome/67.0.3396.87 Safari/537.36" cozeellc.com 162.144.4.212
57.141.6.29 - - [07/Mar/2026:06:35:02 -0600] "GET /shop/?orderby=popularity&filter_color=style-c-3pcs,style-b-2pcs,style-d-3pcs,style-c-2pcs,style-d-1pc,style-e-2pcs,style-e-3pcs HTTP/1.1" 200 181791 "-" "meta-externalagent/1.1 (+https://developers.facebook.com/docs/sharing/webmasters/crawler)" cozeellc.com 162.144.4.212
57.141.6.29 - - [07/Mar/2026:06:35:02 -0600] "GET /shop/?orderby=popularity&filter_color=style-c-3pcs,style-b-2pcs,style-d-3pcs,style-c-2pcs,style-d-1pc,style-e-2pcs,style-e-3pcs HTTP/2.0" 200 181791 "-" "meta-externalagent/1.1 (+https://developers.facebook.com/docs/sharing/webmasters/crawler)" cozeellc.com 162.144.4.212
216.73.216.122 - - [07/Mar/2026:06:35:06 -0600] "GET /product-category/health-beauty/makeup/?add_to_compare=5094&orderby=date HTTP/1.1" 200 90922 "-" "Mozilla/5.0 AppleWebKit/537.36 (KHTML, like Gecko; compatible; ClaudeBot/1.0; +claudebot@anthropic.com)" cozeellc.com 162.144.4.212
216.73.216.122 - - [07/Mar/2026:06:35:06 -0600] "GET /product-category/health-beauty/makeup/?add_to_compare=5094&orderby=date HTTP/2.0" 200 90922 "-" "Mozilla/5.0 AppleWebKit/537.36 (KHTML, like Gecko; compatible; ClaudeBot/1.0; +claudebot@anthropic.com)" cozeellc.com 162.144.4.212
57.141.6.3 - - [07/Mar/2026:06:35:05 -0600] "GET /shop/?orderby=price&filter_color=style-c-2pcs,style-d-3pcs,style-a-3pcs,style-f-1pc,style-d-1pc,style-b-2pcs,style-f-2pcs,style-d-2pcs,style-a-2pcs HTTP/1.1" 500 2653 "-" "meta-externalagent/1.1 (+https://developers.facebook.com/docs/sharing/webmasters/crawler)" cozeellc.com 162.144.4.212
57.141.6.3 - - [07/Mar/2026:06:35:05 -0600] "GET /shop/?orderby=price&filter_color=style-c-2pcs,style-d-3pcs,style-a-3pcs,style-f-1pc,style-d-1pc,style-b-2pcs,style-f-2pcs,style-d-2pcs,style-a-2pcs HTTP/2.0" 500 2653 "-" "meta-externalagent/1.1 (+https://developers.facebook.com/docs/sharing/webmasters/crawler)" cozeellc.com 162.144.4.212
57.141.6.73 - - [07/Mar/2026:06:35:08 -0600] "GET /shop/?orderby=popularity&filter_color=style-a-1pc,style-a-3pcs,style-c-3pcs,style-d-2pcs,style-f-1pc,style-b-2pcs HTTP/1.1" 200 166070 "-" "meta-externalagent/1.1 (+https://developers.facebook.com/docs/sharing/webmasters/crawler)" cozeellc.com 162.144.4.212
57.141.6.73 - - [07/Mar/2026:06:35:08 -0600] "GET /shop/?orderby=popularity&filter_color=style-a-1pc,style-a-3pcs,style-c-3pcs,style-d-2pcs,style-f-1pc,style-b-2pcs HTTP/2.0" 200 166070 "-" "meta-externalagent/1.1 (+https://developers.facebook.com/docs/sharing/webmasters/crawler)" cozeellc.com 162.144.4.212
216.73.216.122 - - [07/Mar/2026:06:35:11 -0600] "GET /product-category/jewelry-watches/?add_to_compare=4665&orderby=date HTTP/1.1" 200 88574 "-" "Mozilla/5.0 AppleWebKit/537.36 (KHTML, like Gecko; compatible; ClaudeBot/1.0; +claudebot@anthropic.com)" cozeellc.com 162.144.4.212
216.73.216.122 - - [07/Mar/2026:06:35:11 -0600] "GET /product-category/jewelry-watches/?add_to_compare=4665&orderby=date HTTP/2.0" 200 88574 "-" "Mozilla/5.0 AppleWebKit/537.36 (KHTML, like Gecko; compatible; ClaudeBot/1.0; +claudebot@anthropic.com)" cozeellc.com 162.144.4.212
57.141.6.65 - - [07/Mar/2026:06:35:11 -0600] "GET /shop/?orderby=price&filter_color=zyq-1103%2Czyq-1101%2Czyq-1094&filter_size=xl,s,m,5xl,l HTTP/1.1" 200 162695 "-" "meta-externalagent/1.1 (+https://developers.facebook.com/docs/sharing/webmasters/crawler)" cozeellc.com 162.144.4.212
57.141.6.65 - - [07/Mar/2026:06:35:11 -0600] "GET /shop/?orderby=price&filter_color=zyq-1103%2Czyq-1101%2Czyq-1094&filter_size=xl,s,m,5xl,l HTTP/2.0" 200 162695 "-" "meta-externalagent/1.1 (+https://developers.facebook.com/docs/sharing/webmasters/crawler)" cozeellc.com 162.144.4.212
57.141.6.59 - - [07/Mar/2026:06:35:11 -0600] "GET /shop/?orderby=price&filter_color=style-d-1pc,style-d-2pcs,style-e-1pc,style-c-2pcs,style-a-2pcs,style-c-1pc,style-b-3pcs HTTP/1.1" 500 2653 "-" "meta-externalagent/1.1 (+https://developers.facebook.com/docs/sharing/webmasters/crawler)" cozeellc.com 162.144.4.212
57.141.6.59 - - [07/Mar/2026:06:35:11 -0600] "GET /shop/?orderby=price&filter_color=style-d-1pc,style-d-2pcs,style-e-1pc,style-c-2pcs,style-a-2pcs,style-c-1pc,style-b-3pcs HTTP/2.0" 500 2653 "-" "meta-externalagent/1.1 (+https://developers.facebook.com/docs/sharing/webmasters/crawler)" cozeellc.com 162.144.4.212
57.141.6.12 - - [07/Mar/2026:06:35:15 -0600] "GET /product-category/health-beauty/?orderby=price&filter_color=style-b-3pcs,style-e-3pcs,style-a-3pcs,style-a-1pc,style-b-2pcs,style-c-3pcs,style-e-1pc,style-c-1pc HTTP/1.1" 200 164647 "-" "meta-externalagent/1.1 (+https://developers.facebook.com/docs/sharing/webmasters/crawler)" cozeellc.com 162.144.4.212
57.141.6.68 - - [07/Mar/2026:06:35:14 -0600] "GET /product-category/health-beauty/skin-care/?orderby=price&filter_color=style-c-1pc,style-b-1pc,style-b-2pcs,style-c-3pcs,style-d-1pc,style-c-2pcs HTTP/1.1" 500 2653 "-" "meta-externalagent/1.1 (+https://developers.facebook.com/docs/sharing/webmasters/crawler)" cozeellc.com 162.144.4.212
57.141.6.68 - - [07/Mar/2026:06:35:14 -0600] "GET /product-category/health-beauty/skin-care/?orderby=price&filter_color=style-c-1pc,style-b-1pc,style-b-2pcs,style-c-3pcs,style-d-1pc,style-c-2pcs HTTP/2.0" 500 2653 "-" "meta-externalagent/1.1 (+https://developers.facebook.com/docs/sharing/webmasters/crawler)" cozeellc.com 162.144.4.212
57.141.6.12 - - [07/Mar/2026:06:35:15 -0600] "GET /product-category/health-beauty/?orderby=price&filter_color=style-b-3pcs,style-e-3pcs,style-a-3pcs,style-a-1pc,style-b-2pcs,style-c-3pcs,style-e-1pc,style-c-1pc HTTP/2.0" 200 164647 "-" "meta-externalagent/1.1 (+https://developers.facebook.com/docs/sharing/webmasters/crawler)" cozeellc.com 162.144.4.212
216.73.216.122 - - [07/Mar/2026:06:35:16 -0600] "GET /product-category/health-beauty/makeup/?add_to_compare=5098&orderby=date HTTP/1.1" 200 91042 "-" "Mozilla/5.0 AppleWebKit/537.36 (KHTML, like Gecko; compatible; ClaudeBot/1.0; +claudebot@anthropic.com)" cozeellc.com 162.144.4.212
216.73.216.122 - - [07/Mar/2026:06:35:16 -0600] "GET /product-category/health-beauty/makeup/?add_to_compare=5098&orderby=date HTTP/2.0" 200 91042 "-" "Mozilla/5.0 AppleWebKit/537.36 (KHTML, like Gecko; compatible; ClaudeBot/1.0; +claudebot@anthropic.com)" cozeellc.com 162.144.4.212
106.49.58.108 - - [07/Mar/2026:06:35:17 -0600] "GET /product-category/health-beauty/?filter_color=style-d-1pc%2Cstyle-e-1pc%2Cstyle-a-1pc%2Cstyle-d-3pcs%2Cstyle-e-3pcs%2Cstyle-b-2pcs&orderby=popularity HTTP/1.1" 200 33791 "-" "Mozilla/5.0 (Linux; Android 8.0; Pixel 2 Build/OPD3.170816.012) AppleWebKit/537.36 (KHTML, like Gecko) Chrome/39.0.5312.1792 Mobile Safari/537.36" cozeellc.com 162.144.4.212
106.49.58.108 - - [07/Mar/2026:06:35:17 -0600] "GET /product-category/health-beauty/?filter_color=style-d-1pc%2Cstyle-e-1pc%2Cstyle-a-1pc%2Cstyle-d-3pcs%2Cstyle-e-3pcs%2Cstyle-b-2pcs&orderby=popularity HTTP/2.0" 200 33791 "-" "Mozilla/5.0 (Linux; Android 8.0; Pixel 2 Build/OPD3.170816.012) AppleWebKit/537.36 (KHTML, like Gecko) Chrome/39.0.5312.1792 Mobile Safari/537.36" cozeellc.com 162.144.4.212
57.141.6.2 - - [07/Mar/2026:06:35:18 -0600] "GET /shop/?orderby=date&filter_color=style-d-1pc,style-f-2pcs,style-c-1pc,style-b-1pc,style-d-3pcs HTTP/1.1" 200 165269 "-" "meta-externalagent/1.1 (+https://developers.facebook.com/docs/sharing/webmasters/crawler)" cozeellc.com 162.144.4.212
57.141.6.2 - - [07/Mar/2026:06:35:18 -0600] "GET /shop/?orderby=date&filter_color=style-d-1pc,style-f-2pcs,style-c-1pc,style-b-1pc,style-d-3pcs HTTP/2.0" 200 165269 "-" "meta-externalagent/1.1 (+https://developers.facebook.com/docs/sharing/webmasters/crawler)" cozeellc.com 162.144.4.212
57.141.6.40 - - [07/Mar/2026:06:35:18 -0600] "GET /product-category/health-beauty/?orderby=price-desc&filter_color=style-a-3pcs,style-a-1pc,style-a-2pcs,style-e-2pcs,style-c-2pcs,style-c-1pc HTTP/1.1" 200 163490 "-" "meta-externalagent/1.1 (+https://developers.facebook.com/docs/sharing/webmasters/crawler)" cozeellc.com 162.144.4.212
57.141.6.40 - - [07/Mar/2026:06:35:18 -0600] "GET /product-category/health-beauty/?orderby=price-desc&filter_color=style-a-3pcs,style-a-1pc,style-a-2pcs,style-e-2pcs,style-c-2pcs,style-c-1pc HTTP/2.0" 200 163490 "-" "meta-externalagent/1.1 (+https://developers.facebook.com/docs/sharing/webmasters/crawler)" cozeellc.com 162.144.4.212
216.73.216.122 - - [07/Mar/2026:06:35:21 -0600] "GET /product-category/jewelry-watches/?add_to_compare=4651&orderby=date HTTP/1.1" 200 88712 "-" "Mozilla/5.0 AppleWebKit/537.36 (KHTML, like Gecko; compatible; ClaudeBot/1.0; +claudebot@anthropic.com)" cozeellc.com 162.144.4.212
216.73.216.122 - - [07/Mar/2026:06:35:21 -0600] "GET /product-category/jewelry-watches/?add_to_compare=4651&orderby=date HTTP/2.0" 200 88712 "-" "Mozilla/5.0 AppleWebKit/537.36 (KHTML, like Gecko; compatible; ClaudeBot/1.0; +claudebot@anthropic.com)" cozeellc.com 162.144.4.212
57.141.6.66 - - [07/Mar/2026:06:35:22 -0600] "GET /shop/?orderby=popularity&filter_color=zyq-1102&filter_size=s,m,l,xxl,4xl,xl,xxxl HTTP/1.1" 200 162480 "-" "meta-externalagent/1.1 (+https://developers.facebook.com/docs/sharing/webmasters/crawler)" cozeellc.com 162.144.4.212
57.141.6.66 - - [07/Mar/2026:06:35:22 -0600] "GET /shop/?orderby=popularity&filter_color=zyq-1102&filter_size=s,m,l,xxl,4xl,xl,xxxl HTTP/2.0" 200 162480 "-" "meta-externalagent/1.1 (+https://developers.facebook.com/docs/sharing/webmasters/crawler)" cozeellc.com 162.144.4.212
162.144.4.212 - - [07/Mar/2026:06:35:26 -0600] "POST /wp-cron.php?doing_wp_cron=1772886926.4756538867950439453125 HTTP/1.1" 200 - "-" "WordPress/6.9; https://cozeellc.com" cozeellc.com 162.144.4.212
57.141.6.19 - - [07/Mar/2026:06:35:25 -0600] "GET /product-category/health-beauty/?filter_color=style-e-1pc,style-b-2pcs,style-a-1pc,style-b-3pcs,style-b-1pc HTTP/1.1" 200 162304 "-" "meta-externalagent/1.1 (+https://developers.facebook.com/docs/sharing/webmasters/crawler)" cozeellc.com 162.144.4.212
57.141.6.19 - - [07/Mar/2026:06:35:25 -0600] "GET /product-category/health-beauty/?filter_color=style-e-1pc,style-b-2pcs,style-a-1pc,style-b-3pcs,style-b-1pc HTTP/2.0" 200 162304 "-" "meta-externalagent/1.1 (+https://developers.facebook.com/docs/sharing/webmasters/crawler)" cozeellc.com 162.144.4.212
162.144.4.212 - - [07/Mar/2026:06:35:26 -0600] "PURGE /.* HTTP/1.1" 204 - "-" "WordPress/6.9; https://cozeellc.com; EPC/v2.2.2/epc_scheduled_purge_all" cozeellc.com 162.144.4.212
162.144.4.212 - - [07/Mar/2026:06:35:26 -0600] "PURGE /.* HTTP/1.1" 204 - "-" "WordPress/6.9; https://cozeellc.com; EPC/v2.2.2/epc_scheduled_purge_all" cozeellc.com 162.144.4.212
162.144.4.212 - - [07/Mar/2026:06:35:26 -0600] "POST /wp-admin/admin-ajax.php?action=async_litespeed&nonce=W8deOlYwu7OkRt7Xj9KDsR1YplVUuOiL&litespeed_type=imgoptm HTTP/1.1" 500 155 "-" "WordPress/6.9; https://cozeellc.com" cozeellc.com 162.144.4.212
162.144.4.212 - - [07/Mar/2026:06:35:27 -0600] "POST /wp-cron.php?doing_wp_cron=1772886927.3001360893249511718750 HTTP/1.1" 200 - "-" "WordPress/6.9; https://cozeellc.com" cozeellc.com 162.144.4.212
216.73.216.122 - - [07/Mar/2026:06:35:26 -0600] "GET /product-category/health-beauty/makeup/page/2/?add-to-wishlist=4968 HTTP/1.1" 200 69059 "-" "Mozilla/5.0 AppleWebKit/537.36 (KHTML, like Gecko; compatible; ClaudeBot/1.0; +claudebot@anthropic.com)" cozeellc.com 162.144.4.212
216.73.216.122 - - [07/Mar/2026:06:35:26 -0600] "GET /product-category/health-beauty/makeup/page/2/?add-to-wishlist=4968 HTTP/2.0" 200 69059 "-" "Mozilla/5.0 AppleWebKit/537.36 (KHTML, like Gecko; compatible; ClaudeBot/1.0; +claudebot@anthropic.com)" cozeellc.com 162.144.4.212
57.141.6.33 - - [07/Mar/2026:06:35:28 -0600] "GET /shop/?orderby=date&filter_size=xl%2Cxxl%2Cxxxl%2Cm%2Cl&filter_color=white,black,red,navy-blue,gray HTTP/1.1" 200 161885 "-" "meta-externalagent/1.1 (+https://developers.facebook.com/docs/sharing/webmasters/crawler)" cozeellc.com 162.144.4.212
57.141.6.33 - - [07/Mar/2026:06:35:28 -0600] "GET /shop/?orderby=date&filter_size=xl%2Cxxl%2Cxxxl%2Cm%2Cl&filter_color=white,black,red,navy-blue,gray HTTP/2.0" 200 161885 "-" "meta-externalagent/1.1 (+https://developers.facebook.com/docs/sharing/webmasters/crawler)" cozeellc.com 162.144.4.212
216.73.216.122 - - [07/Mar/2026:06:35:32 -0600] "GET /product/1-5pcs-deep-cleaning-brush-effective-cleaning-portable-durable-easy-to-use-deep-cleaning-portable-skin-care-tools/?add_to_compare=5089 HTTP/1.1" 200 70735 "-" "Mozilla/5.0 AppleWebKit/537.36 (KHTML, like Gecko; compatible; ClaudeBot/1.0; +claudebot@anthropic.com)" cozeellc.com 162.144.4.212
216.73.216.122 - - [07/Mar/2026:06:35:32 -0600] "GET /product/1-5pcs-deep-cleaning-brush-effective-cleaning-portable-durable-easy-to-use-deep-cleaning-portable-skin-care-tools/?add_to_compare=5089 HTTP/2.0" 200 70735 "-" "Mozilla/5.0 AppleWebKit/537.36 (KHTML, like Gecko; compatible; ClaudeBot/1.0; +claudebot@anthropic.com)" cozeellc.com 162.144.4.212
57.141.6.20 - - [07/Mar/2026:06:35:32 -0600] "GET /shop/?filter_color=style-d-3pcs,style-e-3pcs,style-c-1pc,style-c-3pcs,style-a-2pcs,style-d-1pc HTTP/1.1" 200 180473 "-" "meta-externalagent/1.1 (+https://developers.facebook.com/docs/sharing/webmasters/crawler)" cozeellc.com 162.144.4.212
57.141.6.20 - - [07/Mar/2026:06:35:32 -0600] "GET /shop/?filter_color=style-d-3pcs,style-e-3pcs,style-c-1pc,style-c-3pcs,style-a-2pcs,style-d-1pc HTTP/2.0" 200 180473 "-" "meta-externalagent/1.1 (+https://developers.facebook.com/docs/sharing/webmasters/crawler)" cozeellc.com 162.144.4.212
57.141.6.6 - - [07/Mar/2026:06:35:35 -0600] "GET /shop/?orderby=popularity&filter_size=l%2Cm%2Cxl%2Cxxl&filter_color=gray,red,navy-blue,blue,white HTTP/1.1" 200 161584 "-" "meta-externalagent/1.1 (+https://developers.facebook.com/docs/sharing/webmasters/crawler)" cozeellc.com 162.144.4.212
