57.141.6.46 - - [07/Mar/2026:06:26:28 -0600] "GET /shop/?orderby=rating&filter_color=style-f-2pcs,style-d-1pc,style-c-2pcs,style-d-3pcs,style-f-1pc,style-d-2pcs,style-b-3pcs,style-f-3pcs,style-c-3pcs HTTP/2.0" 500 2653 "-" "meta-externalagent/1.1 (+https://developers.facebook.com/docs/sharing/webmasters/crawler)" cozeellc.com 162.144.4.212
57.141.6.17 - - [07/Mar/2026:06:26:28 -0600] "GET /shop/?filter_color=style-e-1pc,style-e-2pcs,style-b-1pc,style-b-3pcs,style-d-1pc,style-f-1pc,style-a-1pc HTTP/1.1" 500 2653 "-" "meta-externalagent/1.1 (+https://developers.facebook.com/docs/sharing/webmasters/crawler)" cozeellc.com 162.144.4.212
57.141.6.17 - - [07/Mar/2026:06:26:28 -0600] "GET /shop/?filter_color=style-e-1pc,style-e-2pcs,style-b-1pc,style-b-3pcs,style-d-1pc,style-f-1pc,style-a-1pc HTTP/2.0" 500 2653 "-" "meta-externalagent/1.1 (+https://developers.facebook.com/docs/sharing/webmasters/crawler)" cozeellc.com 162.144.4.212
57.141.6.10 - - [07/Mar/2026:06:26:31 -0600] "GET /shop/?filter_color=style-b-2pcs,style-f-1pc,style-a-2pcs,style-c-2pcs,style-c-1pc,style-b-3pcs HTTP/1.1" 200 165433 "-" "meta-externalagent/1.1 (+https://developers.facebook.com/docs/sharing/webmasters/crawler)" cozeellc.com 162.144.4.212
57.141.6.10 - - [07/Mar/2026:06:26:31 -0600] "GET /shop/?filter_color=style-b-2pcs,style-f-1pc,style-a-2pcs,style-c-2pcs,style-c-1pc,style-b-3pcs HTTP/2.0" 200 165433 "-" "meta-externalagent/1.1 (+https://developers.facebook.com/docs/sharing/webmasters/crawler)" cozeellc.com 162.144.4.212
216.73.216.122 - - [07/Mar/2026:06:26:33 -0600] "GET /product/summer-mens-high-quality-polo-shirt-casual-sportswear-short-sleeve-lapel-t-shirt-loose-fashion-clothing-golf-top/?add-to-wishlist=4750 HTTP/1.1" 200 79742 "-" "Mozilla/5.0 AppleWebKit/537.36 (KHTML, like Gecko; compatible; ClaudeBot/1.0; +claudebot@anthropic.com)" cozeellc.com 162.144.4.212
216.73.216.122 - - [07/Mar/2026:06:26:33 -0600] "GET /product/summer-mens-high-quality-polo-shirt-casual-sportswear-short-sleeve-lapel-t-shirt-loose-fashion-clothing-golf-top/?add-to-wishlist=4750 HTTP/2.0" 200 79742 "-" "Mozilla/5.0 AppleWebKit/537.36 (KHTML, like Gecko; compatible; ClaudeBot/1.0; +claudebot@anthropic.com)" cozeellc.com 162.144.4.212
57.141.6.23 - - [07/Mar/2026:06:26:34 -0600] "GET /shop/?orderby=rating&filter_color=style-f-2pcs,style-e-1pc,style-f-1pc,style-c-2pcs,style-d-2pcs,style-a-3pcs HTTP/1.1" 200 165974 "-" "meta-externalagent/1.1 (+https://developers.facebook.com/docs/sharing/webmasters/crawler)" cozeellc.com 162.144.4.212
57.141.6.23 - - [07/Mar/2026:06:26:34 -0600] "GET /shop/?orderby=rating&filter_color=style-f-2pcs,style-e-1pc,style-f-1pc,style-c-2pcs,style-d-2pcs,style-a-3pcs HTTP/2.0" 200 165974 "-" "meta-externalagent/1.1 (+https://developers.facebook.com/docs/sharing/webmasters/crawler)" cozeellc.com 162.144.4.212
57.141.6.74 - - [07/Mar/2026:06:26:34 -0600] "GET /shop/?orderby=price&filter_color=style-d-1pc,style-a-1pc,style-f-1pc,style-e-1pc,style-c-3pcs,style-c-2pcs,style-a-3pcs HTTP/1.1" 500 2653 "-" "meta-externalagent/1.1 (+https://developers.facebook.com/docs/sharing/webmasters/crawler)" cozeellc.com 162.144.4.212
57.141.6.74 - - [07/Mar/2026:06:26:34 -0600] "GET /shop/?orderby=price&filter_color=style-d-1pc,style-a-1pc,style-f-1pc,style-e-1pc,style-c-3pcs,style-c-2pcs,style-a-3pcs HTTP/2.0" 500 2653 "-" "meta-externalagent/1.1 (+https://developers.facebook.com/docs/sharing/webmasters/crawler)" cozeellc.com 162.144.4.212
216.73.216.122 - - [07/Mar/2026:06:26:38 -0600] "GET /product/summer-mens-high-quality-polo-shirt-casual-sportswear-short-sleeve-lapel-t-shirt-loose-fashion-clothing-golf-top/?add-to-wishlist=4736 HTTP/1.1" 200 79749 "-" "Mozilla/5.0 AppleWebKit/537.36 (KHTML, like Gecko; compatible; ClaudeBot/1.0; +claudebot@anthropic.com)" cozeellc.com 162.144.4.212
216.73.216.122 - - [07/Mar/2026:06:26:38 -0600] "GET /product/summer-mens-high-quality-polo-shirt-casual-sportswear-short-sleeve-lapel-t-shirt-loose-fashion-clothing-golf-top/?add-to-wishlist=4736 HTTP/2.0" 200 79749 "-" "Mozilla/5.0 AppleWebKit/537.36 (KHTML, like Gecko; compatible; ClaudeBot/1.0; +claudebot@anthropic.com)" cozeellc.com 162.144.4.212
57.141.6.11 - - [07/Mar/2026:06:26:38 -0600] "GET /shop/?filter_color=style-b-1pc,style-b-3pcs,style-a-1pc,style-f-1pc,style-a-2pcs,style-e-3pcs HTTP/1.1" 200 165405 "-" "meta-externalagent/1.1 (+https://developers.facebook.com/docs/sharing/webmasters/crawler)" cozeellc.com 162.144.4.212
57.141.6.35 - - [07/Mar/2026:06:26:38 -0600] "GET /shop/?orderby=price-desc&filter_color=style-a-2pcs,style-e-3pcs,style-f-1pc,style-e-2pcs,style-e-1pc,style-f-3pcs,style-d-1pc HTTP/1.1" 200 166701 "-" "meta-externalagent/1.1 (+https://developers.facebook.com/docs/sharing/webmasters/crawler)" cozeellc.com 162.144.4.212
57.141.6.11 - - [07/Mar/2026:06:26:38 -0600] "GET /shop/?filter_color=style-b-1pc,style-b-3pcs,style-a-1pc,style-f-1pc,style-a-2pcs,style-e-3pcs HTTP/2.0" 200 165405 "-" "meta-externalagent/1.1 (+https://developers.facebook.com/docs/sharing/webmasters/crawler)" cozeellc.com 162.144.4.212
57.141.6.35 - - [07/Mar/2026:06:26:38 -0600] "GET /shop/?orderby=price-desc&filter_color=style-a-2pcs,style-e-3pcs,style-f-1pc,style-e-2pcs,style-e-1pc,style-f-3pcs,style-d-1pc HTTP/2.0" 200 166701 "-" "meta-externalagent/1.1 (+https://developers.facebook.com/docs/sharing/webmasters/crawler)" cozeellc.com 162.144.4.212
57.141.6.5 - - [07/Mar/2026:06:26:42 -0600] "GET /product-category/health-beauty/?orderby=date&filter_color=style-c-3pcs,style-b-1pc,style-d-2pcs,style-a-3pcs,style-b-3pcs,style-e-3pcs,style-c-2pcs HTTP/1.1" 200 164005 "-" "meta-externalagent/1.1 (+https://developers.facebook.com/docs/sharing/webmasters/crawler)" cozeellc.com 162.144.4.212
57.141.6.5 - - [07/Mar/2026:06:26:42 -0600] "GET /product-category/health-beauty/?orderby=date&filter_color=style-c-3pcs,style-b-1pc,style-d-2pcs,style-a-3pcs,style-b-3pcs,style-e-3pcs,style-c-2pcs HTTP/2.0" 200 164005 "-" "meta-externalagent/1.1 (+https://developers.facebook.com/docs/sharing/webmasters/crawler)" cozeellc.com 162.144.4.212
216.73.216.122 - - [07/Mar/2026:06:26:43 -0600] "GET /product/summer-mens-high-quality-polo-shirt-casual-sportswear-short-sleeve-lapel-t-shirt-loose-fashion-clothing-golf-top/?add_to_compare=4736 HTTP/1.1" 200 80099 "-" "Mozilla/5.0 AppleWebKit/537.36 (KHTML, like Gecko; compatible; ClaudeBot/1.0; +claudebot@anthropic.com)" cozeellc.com 162.144.4.212
216.73.216.122 - - [07/Mar/2026:06:26:43 -0600] "GET /product/summer-mens-high-quality-polo-shirt-casual-sportswear-short-sleeve-lapel-t-shirt-loose-fashion-clothing-golf-top/?add_to_compare=4736 HTTP/2.0" 200 80099 "-" "Mozilla/5.0 AppleWebKit/537.36 (KHTML, like Gecko; compatible; ClaudeBot/1.0; +claudebot@anthropic.com)" cozeellc.com 162.144.4.212
173.44.58.232 - - [07/Mar/2026:06:26:44 -0600] "GET /product-category/health-beauty/?filter_color=style-d-2pcs%2Cstyle-d-3pcs%2Cstyle-e-2pcs%2Cstyle-b-2pcs%2Cstyle-b-3pcs%2Cstyle-b-1pc%2Cstyle-d-1pc%2Cstyle-e-3pcs HTTP/1.1" 200 33797 "-" "Mozilla/5.0 (Linux; Android 6.0; Nexus 5 Build/MRA58N) AppleWebKit/537.36 (KHTML, like Gecko) Chrome/49.0.9503.1099 Mobile Safari/537.36" cozeellc.com 162.144.4.212
173.44.58.232 - - [07/Mar/2026:06:26:44 -0600] "GET /product-category/health-beauty/?filter_color=style-d-2pcs%2Cstyle-d-3pcs%2Cstyle-e-2pcs%2Cstyle-b-2pcs%2Cstyle-b-3pcs%2Cstyle-b-1pc%2Cstyle-d-1pc%2Cstyle-e-3pcs HTTP/2.0" 200 33797 "-" "Mozilla/5.0 (Linux; Android 6.0; Nexus 5 Build/MRA58N) AppleWebKit/537.36 (KHTML, like Gecko) Chrome/49.0.9503.1099 Mobile Safari/537.36" cozeellc.com 162.144.4.212
57.141.6.35 - - [07/Mar/2026:06:26:45 -0600] "GET /shop/?filter_color=style-f-3pcs,style-f-1pc,style-b-2pcs,style-b-3pcs,style-a-1pc,style-c-3pcs HTTP/1.1" 200 165433 "-" "meta-externalagent/1.1 (+https://developers.facebook.com/docs/sharing/webmasters/crawler)" cozeellc.com 162.144.4.212
57.141.6.35 - - [07/Mar/2026:06:26:45 -0600] "GET /shop/?filter_color=style-f-3pcs,style-f-1pc,style-b-2pcs,style-b-3pcs,style-a-1pc,style-c-3pcs HTTP/2.0" 200 165433 "-" "meta-externalagent/1.1 (+https://developers.facebook.com/docs/sharing/webmasters/crawler)" cozeellc.com 162.144.4.212
216.73.216.122 - - [07/Mar/2026:06:26:48 -0600] "GET /product/placenta-serum-dragons-blood-cream-rejuvenation-face-cream-sheep-oil-moisturizing-cream-hydrating-nourishing-repair-skin-care/?add-to-wishlist=5034 HTTP/1.1" 200 74205 "-" "Mozilla/5.0 AppleWebKit/537.36 (KHTML, like Gecko; compatible; ClaudeBot/1.0; +claudebot@anthropic.com)" cozeellc.com 162.144.4.212
216.73.216.122 - - [07/Mar/2026:06:26:48 -0600] "GET /product/placenta-serum-dragons-blood-cream-rejuvenation-face-cream-sheep-oil-moisturizing-cream-hydrating-nourishing-repair-skin-care/?add-to-wishlist=5034 HTTP/2.0" 200 74205 "-" "Mozilla/5.0 AppleWebKit/537.36 (KHTML, like Gecko; compatible; ClaudeBot/1.0; +claudebot@anthropic.com)" cozeellc.com 162.144.4.212
57.141.6.13 - - [07/Mar/2026:06:26:48 -0600] "GET /shop/?orderby=price-desc&filter_size=xl,s,m&filter_color=black,yellow,navy-blue,red,white HTTP/1.1" 200 160350 "-" "meta-externalagent/1.1 (+https://developers.facebook.com/docs/sharing/webmasters/crawler)" cozeellc.com 162.144.4.212
57.141.6.13 - - [07/Mar/2026:06:26:48 -0600] "GET /shop/?orderby=price-desc&filter_size=xl,s,m&filter_color=black,yellow,navy-blue,red,white HTTP/2.0" 200 160350 "-" "meta-externalagent/1.1 (+https://developers.facebook.com/docs/sharing/webmasters/crawler)" cozeellc.com 162.144.4.212
57.141.6.4 - - [07/Mar/2026:06:26:51 -0600] "GET /shop/?filter_size=4xl%2Cxxl%2Cs%2Cm%2C5xl&filter_color=zyq-1103,zyq-1100,zyq-1104 HTTP/1.1" 200 162291 "-" "meta-externalagent/1.1 (+https://developers.facebook.com/docs/sharing/webmasters/crawler)" cozeellc.com 162.144.4.212
57.141.6.4 - - [07/Mar/2026:06:26:51 -0600] "GET /shop/?filter_size=4xl%2Cxxl%2Cs%2Cm%2C5xl&filter_color=zyq-1103,zyq-1100,zyq-1104 HTTP/2.0" 200 162291 "-" "meta-externalagent/1.1 (+https://developers.facebook.com/docs/sharing/webmasters/crawler)" cozeellc.com 162.144.4.212
216.73.216.122 - - [07/Mar/2026:06:26:53 -0600] "GET /product/placenta-serum-dragons-blood-cream-rejuvenation-face-cream-sheep-oil-moisturizing-cream-hydrating-nourishing-repair-skin-care/?add-to-wishlist=5024 HTTP/1.1" 200 74159 "-" "Mozilla/5.0 AppleWebKit/537.36 (KHTML, like Gecko; compatible; ClaudeBot/1.0; +claudebot@anthropic.com)" cozeellc.com 162.144.4.212
216.73.216.122 - - [07/Mar/2026:06:26:53 -0600] "GET /product/placenta-serum-dragons-blood-cream-rejuvenation-face-cream-sheep-oil-moisturizing-cream-hydrating-nourishing-repair-skin-care/?add-to-wishlist=5024 HTTP/2.0" 200 74159 "-" "Mozilla/5.0 AppleWebKit/537.36 (KHTML, like Gecko; compatible; ClaudeBot/1.0; +claudebot@anthropic.com)" cozeellc.com 162.144.4.212
57.141.6.65 - - [07/Mar/2026:06:26:54 -0600] "GET /shop/?orderby=price-desc&filter_color=zyq-1103%2Czyq-1102%2Czyq-1104&filter_size=m,5xl,xxl,4xl HTTP/1.1" 200 162557 "-" "meta-externalagent/1.1 (+https://developers.facebook.com/docs/sharing/webmasters/crawler)" cozeellc.com 162.144.4.212
57.141.6.65 - - [07/Mar/2026:06:26:54 -0600] "GET /shop/?orderby=price-desc&filter_color=zyq-1103%2Czyq-1102%2Czyq-1104&filter_size=m,5xl,xxl,4xl HTTP/2.0" 200 162557 "-" "meta-externalagent/1.1 (+https://developers.facebook.com/docs/sharing/webmasters/crawler)" cozeellc.com 162.144.4.212
57.141.6.30 - - [07/Mar/2026:06:26:57 -0600] "GET /shop/?orderby=date&filter_color=style-d-2pcs,style-e-3pcs,style-a-3pcs,style-a-1pc,style-b-2pcs,style-b-1pc,style-b-3pcs,style-d-1pc HTTP/1.1" 200 182244 "-" "meta-externalagent/1.1 (+https://developers.facebook.com/docs/sharing/webmasters/crawler)" cozeellc.com 162.144.4.212
57.141.6.30 - - [07/Mar/2026:06:26:57 -0600] "GET /shop/?orderby=date&filter_color=style-d-2pcs,style-e-3pcs,style-a-3pcs,style-a-1pc,style-b-2pcs,style-b-1pc,style-b-3pcs,style-d-1pc HTTP/2.0" 200 182244 "-" "meta-externalagent/1.1 (+https://developers.facebook.com/docs/sharing/webmasters/crawler)" cozeellc.com 162.144.4.212
216.73.216.122 - - [07/Mar/2026:06:26:58 -0600] "GET /product/1-2-3pcs-face-cleansing-brush-shower-bathroom-accessories-mini-brush-soft-pore-cleanser-facial-face-wash-pad-exfoliating/?add-to-wishlist=5041 HTTP/1.1" 200 63792 "-" "Mozilla/5.0 AppleWebKit/537.36 (KHTML, like Gecko; compatible; ClaudeBot/1.0; +claudebot@anthropic.com)" cozeellc.com 162.144.4.212
216.73.216.122 - - [07/Mar/2026:06:26:58 -0600] "GET /product/1-2-3pcs-face-cleansing-brush-shower-bathroom-accessories-mini-brush-soft-pore-cleanser-facial-face-wash-pad-exfoliating/?add-to-wishlist=5041 HTTP/2.0" 200 63792 "-" "Mozilla/5.0 AppleWebKit/537.36 (KHTML, like Gecko; compatible; ClaudeBot/1.0; +claudebot@anthropic.com)" cozeellc.com 162.144.4.212
57.141.6.66 - - [07/Mar/2026:06:27:00 -0600] "GET /shop/?orderby=rating&filter_color=style-b-3pcs,style-e-3pcs,style-d-2pcs,style-f-2pcs,style-e-2pcs,style-f-1pc HTTP/1.1" 200 166002 "-" "meta-externalagent/1.1 (+https://developers.facebook.com/docs/sharing/webmasters/crawler)" cozeellc.com 162.144.4.212
57.141.6.66 - - [07/Mar/2026:06:27:00 -0600] "GET /shop/?orderby=rating&filter_color=style-b-3pcs,style-e-3pcs,style-d-2pcs,style-f-2pcs,style-e-2pcs,style-f-1pc HTTP/2.0" 200 166002 "-" "meta-externalagent/1.1 (+https://developers.facebook.com/docs/sharing/webmasters/crawler)" cozeellc.com 162.144.4.212
57.141.6.41 - - [07/Mar/2026:06:27:03 -0600] "GET /shop/?orderby=rating&filter_color=black,blue,white,gray&filter_size=l,m,xxxl,xxl HTTP/1.1" 200 161089 "-" "meta-externalagent/1.1 (+https://developers.facebook.com/docs/sharing/webmasters/crawler)" cozeellc.com 162.144.4.212
57.141.6.41 - - [07/Mar/2026:06:27:03 -0600] "GET /shop/?orderby=rating&filter_color=black,blue,white,gray&filter_size=l,m,xxxl,xxl HTTP/2.0" 200 161089 "-" "meta-externalagent/1.1 (+https://developers.facebook.com/docs/sharing/webmasters/crawler)" cozeellc.com 162.144.4.212
216.73.216.122 - - [07/Mar/2026:06:27:03 -0600] "GET /product-category/health-beauty/skin-care/?add-to-wishlist=5034&orderby=date HTTP/1.1" 200 90213 "-" "Mozilla/5.0 AppleWebKit/537.36 (KHTML, like Gecko; compatible; ClaudeBot/1.0; +claudebot@anthropic.com)" cozeellc.com 162.144.4.212
216.73.216.122 - - [07/Mar/2026:06:27:03 -0600] "GET /product-category/health-beauty/skin-care/?add-to-wishlist=5034&orderby=date HTTP/2.0" 200 90213 "-" "Mozilla/5.0 AppleWebKit/537.36 (KHTML, like Gecko; compatible; ClaudeBot/1.0; +claudebot@anthropic.com)" cozeellc.com 162.144.4.212
192.204.133.136 - - [07/Mar/2026:06:27:06 -0600] "GET /product-category/health-beauty/?filter_color=style-d-3pcs%2Cstyle-e-2pcs%2Cstyle-b-2pcs%2Cstyle-e-3pcs%2Cstyle-d-2pcs%2Cstyle-d-1pc%2Cstyle-a-3pcs%2Cstyle-a-2pcs%2Cstyle-e-1pc%2Cstyle-c-1pc HTTP/1.1" 200 33902 "-" "Mozilla/5.0 (Linux; Android 6.0; Nexus 5 Build/MRA58N) AppleWebKit/537.36 (KHTML, like Gecko) Chrome/54.0.7006.1512 Mobile Safari/537.36" cozeellc.com 162.144.4.212
192.204.133.136 - - [07/Mar/2026:06:27:06 -0600] "GET /product-category/health-beauty/?filter_color=style-d-3pcs%2Cstyle-e-2pcs%2Cstyle-b-2pcs%2Cstyle-e-3pcs%2Cstyle-d-2pcs%2Cstyle-d-1pc%2Cstyle-a-3pcs%2Cstyle-a-2pcs%2Cstyle-e-1pc%2Cstyle-c-1pc HTTP/2.0" 200 33902 "-" "Mozilla/5.0 (Linux; Android 6.0; Nexus 5 Build/MRA58N) AppleWebKit/537.36 (KHTML, like Gecko) Chrome/54.0.7006.1512 Mobile Safari/537.36" cozeellc.com 162.144.4.212
57.141.6.59 - - [07/Mar/2026:06:27:06 -0600] "GET /shop/?filter_color=style-b-1pc,style-d-3pcs,style-a-1pc,style-e-3pcs,style-d-2pcs,style-f-3pcs HTTP/1.1" 500 2653 "-" "meta-externalagent/1.1 (+https://developers.facebook.com/docs/sharing/webmasters/crawler)" cozeellc.com 162.144.4.212
57.141.6.59 - - [07/Mar/2026:06:27:06 -0600] "GET /shop/?filter_color=style-b-1pc,style-d-3pcs,style-a-1pc,style-e-3pcs,style-d-2pcs,style-f-3pcs HTTP/2.0" 500 2653 "-" "meta-externalagent/1.1 (+https://developers.facebook.com/docs/sharing/webmasters/crawler)" cozeellc.com 162.144.4.212
216.73.216.122 - - [07/Mar/2026:06:27:08 -0600] "GET /product/anti-aging-collagen-gel-patch-10pcs-forehead-line-removal-firming-mask-frown-lines-face-skin-care-stickers/?add_to_compare=4977 HTTP/1.1" 200 68658 "-" "Mozilla/5.0 AppleWebKit/537.36 (KHTML, like Gecko; compatible; ClaudeBot/1.0; +claudebot@anthropic.com)" cozeellc.com 162.144.4.212
216.73.216.122 - - [07/Mar/2026:06:27:08 -0600] "GET /product/anti-aging-collagen-gel-patch-10pcs-forehead-line-removal-firming-mask-frown-lines-face-skin-care-stickers/?add_to_compare=4977 HTTP/2.0" 200 68658 "-" "Mozilla/5.0 AppleWebKit/537.36 (KHTML, like Gecko; compatible; ClaudeBot/1.0; +claudebot@anthropic.com)" cozeellc.com 162.144.4.212
57.141.6.13 - - [07/Mar/2026:06:27:08 -0600] "GET /shop/?orderby=popularity&filter_color=yellow%2Cred%2Cnavy-blue%2Cblack&filter_size=l,s,xxl,m,xl HTTP/1.1" 200 160626 "-" "meta-externalagent/1.1 (+https://developers.facebook.com/docs/sharing/webmasters/crawler)" cozeellc.com 162.144.4.212
57.141.6.13 - - [07/Mar/2026:06:27:08 -0600] "GET /shop/?orderby=popularity&filter_color=yellow%2Cred%2Cnavy-blue%2Cblack&filter_size=l,s,xxl,m,xl HTTP/2.0" 200 160626 "-" "meta-externalagent/1.1 (+https://developers.facebook.com/docs/sharing/webmasters/crawler)" cozeellc.com 162.144.4.212
57.141.6.39 - - [07/Mar/2026:06:27:11 -0600] "GET /product-category/health-beauty/?orderby=rating&filter_color=style-a-1pc,style-e-2pcs,style-a-3pcs,style-d-1pc,style-e-1pc,style-b-3pcs HTTP/1.1" 200 163373 "-" "meta-externalagent/1.1 (+https://developers.facebook.com/docs/sharing/webmasters/crawler)" cozeellc.com 162.144.4.212
57.141.6.39 - - [07/Mar/2026:06:27:11 -0600] "GET /product-category/health-beauty/?orderby=rating&filter_color=style-a-1pc,style-e-2pcs,style-a-3pcs,style-d-1pc,style-e-1pc,style-b-3pcs HTTP/2.0" 200 163373 "-" "meta-externalagent/1.1 (+https://developers.facebook.com/docs/sharing/webmasters/crawler)" cozeellc.com 162.144.4.212
57.141.6.6 - - [07/Mar/2026:06:27:11 -0600] "GET /shop/?orderby=date&filter_color=style-f-2pcs,style-d-3pcs,style-b-2pcs,style-a-1pc,style-b-3pcs,style-f-3pcs,style-a-2pcs,style-d-2pcs,style-c-2pcs,style-b-1pc,style-e-3pcs HTTP/1.1" 500 2653 "-" "meta-externalagent/1.1 (+https://developers.facebook.com/docs/sharing/webmasters/crawler)" cozeellc.com 162.144.4.212
57.141.6.6 - - [07/Mar/2026:06:27:11 -0600] "GET /shop/?orderby=date&filter_color=style-f-2pcs,style-d-3pcs,style-b-2pcs,style-a-1pc,style-b-3pcs,style-f-3pcs,style-a-2pcs,style-d-2pcs,style-c-2pcs,style-b-1pc,style-e-3pcs HTTP/2.0" 500 2653 "-" "meta-externalagent/1.1 (+https://developers.facebook.com/docs/sharing/webmasters/crawler)" cozeellc.com 162.144.4.212
216.73.216.122 - - [07/Mar/2026:06:27:13 -0600] "GET /product-category/health-beauty/hair-care/?add-to-wishlist=5010&orderby=date HTTP/2.0" 200 90213 "-" "Mozilla/5.0 AppleWebKit/537.36 (KHTML, like Gecko; compatible; ClaudeBot/1.0; +claudebot@anthropic.com)" cozeellc.com 162.144.4.212
216.73.216.122 - - [07/Mar/2026:06:27:13 -0600] "GET /product-category/health-beauty/hair-care/?add-to-wishlist=5010&orderby=date HTTP/1.1" 200 90213 "-" "Mozilla/5.0 AppleWebKit/537.36 (KHTML, like Gecko; compatible; ClaudeBot/1.0; +claudebot@anthropic.com)" cozeellc.com 162.144.4.212
57.141.6.18 - - [07/Mar/2026:06:27:14 -0600] "GET /shop/?orderby=rating&filter_color=style-b-1pc,style-a-3pcs,style-f-3pcs,style-c-3pcs,style-a-1pc,style-b-2pcs,style-a-2pcs HTTP/1.1" 200 166622 "-" "meta-externalagent/1.1 (+https://developers.facebook.com/docs/sharing/webmasters/crawler)" cozeellc.com 162.144.4.212
57.141.6.18 - - [07/Mar/2026:06:27:14 -0600] "GET /shop/?orderby=rating&filter_color=style-b-1pc,style-a-3pcs,style-f-3pcs,style-c-3pcs,style-a-1pc,style-b-2pcs,style-a-2pcs HTTP/2.0" 200 166622 "-" "meta-externalagent/1.1 (+https://developers.facebook.com/docs/sharing/webmasters/crawler)" cozeellc.com 162.144.4.212
57.141.6.3 - - [07/Mar/2026:06:27:17 -0600] "GET /product-category/health-beauty/?orderby=popularity&filter_color=style-d-3pcs,style-a-3pcs,style-e-2pcs,style-a-1pc,style-d-1pc,style-c-2pcs,style-a-2pcs HTTP/1.1" 200 164121 "-" "meta-externalagent/1.1 (+https://developers.facebook.com/docs/sharing/webmasters/crawler)" cozeellc.com 162.144.4.212
162.144.4.212 - - [07/Mar/2026:06:27:18 -0600] "POST /wp-cron.php?doing_wp_cron=1772886438.4601740837097167968750 HTTP/1.1" 200 - "-" "WordPress/6.9; https://cozeellc.com" cozeellc.com 162.144.4.212
57.141.6.74 - - [07/Mar/2026:06:27:17 -0600] "GET /shop/?orderby=price&filter_color=style-d-1pc,style-e-2pcs,style-e-3pcs,style-a-1pc,style-d-2pcs,style-e-1pc HTTP/1.1" 200 180965 "-" "meta-externalagent/1.1 (+https://developers.facebook.com/docs/sharing/webmasters/crawler)" cozeellc.com 162.144.4.212
57.141.6.74 - - [07/Mar/2026:06:27:17 -0600] "GET /shop/?orderby=price&filter_color=style-d-1pc,style-e-2pcs,style-e-3pcs,style-a-1pc,style-d-2pcs,style-e-1pc HTTP/2.0" 200 180965 "-" "meta-externalagent/1.1 (+https://developers.facebook.com/docs/sharing/webmasters/crawler)" cozeellc.com 162.144.4.212
57.141.6.3 - - [07/Mar/2026:06:27:17 -0600] "GET /product-category/health-beauty/?orderby=popularity&filter_color=style-d-3pcs,style-a-3pcs,style-e-2pcs,style-a-1pc,style-d-1pc,style-c-2pcs,style-a-2pcs HTTP/2.0" 200 164121 "-" "meta-externalagent/1.1 (+https://developers.facebook.com/docs/sharing/webmasters/crawler)" cozeellc.com 162.144.4.212
162.144.4.212 - - [07/Mar/2026:06:27:19 -0600] "POST /wp-cron.php?doing_wp_cron=1772886439.1925530433654785156250 HTTP/1.1" 200 - "-" "WordPress/6.9; https://cozeellc.com" cozeellc.com 162.144.4.212
216.73.216.122 - - [07/Mar/2026:06:27:18 -0600] "GET /blog/?loknya=%2Fhome4%2Fcozeellc%2Fpublic_html%2Fwp-content%2Fnewfold-page-cacheproduct-categoryfashionmanmenu_order HTTP/1.1" 200 2845 "-" "Mozilla/5.0 AppleWebKit/537.36 (KHTML, like Gecko; compatible; ClaudeBot/1.0; +claudebot@anthropic.com)" cozeellc.com 162.144.4.212
216.73.216.122 - - [07/Mar/2026:06:27:18 -0600] "GET /blog/?loknya=%2Fhome4%2Fcozeellc%2Fpublic_html%2Fwp-content%2Fnewfold-page-cacheproduct-categoryfashionmanmenu_order HTTP/2.0" 200 2845 "-" "Mozilla/5.0 AppleWebKit/537.36 (KHTML, like Gecko; compatible; ClaudeBot/1.0; +claudebot@anthropic.com)" cozeellc.com 162.144.4.212
57.141.6.39 - - [07/Mar/2026:06:27:20 -0600] "GET /shop/?orderby=date&filter_color=style-c-1pc,style-f-1pc,style-b-3pcs,style-d-3pcs,style-f-3pcs,style-e-2pcs,style-e-3pcs,style-a-3pcs,style-a-1pc HTTP/1.1" 500 2653 "-" "meta-externalagent/1.1 (+https://developers.facebook.com/docs/sharing/webmasters/crawler)" cozeellc.com 162.144.4.212
57.141.6.39 - - [07/Mar/2026:06:27:20 -0600] "GET /shop/?orderby=date&filter_color=style-c-1pc,style-f-1pc,style-b-3pcs,style-d-3pcs,style-f-3pcs,style-e-2pcs,style-e-3pcs,style-a-3pcs,style-a-1pc HTTP/2.0" 500 2653 "-" "meta-externalagent/1.1 (+https://developers.facebook.com/docs/sharing/webmasters/crawler)" cozeellc.com 162.144.4.212
162.144.4.212 - - [07/Mar/2026:06:27:23 -0600] "POST /wp-cron.php?doing_wp_cron=1772886443.4950180053710937500000 HTTP/1.1" 200 - "-" "WordPress/6.9; https://cozeellc.com" cozeellc.com 162.144.4.212
57.141.6.70 - - [07/Mar/2026:06:27:23 -0600] "GET /shop/?filter_color=style-a-1pc,style-a-3pcs,style-b-2pcs,style-f-3pcs,style-d-2pcs,style-f-2pcs,style-f-1pc,style-e-2pcs,style-b-1pc HTTP/1.1" 500 2653 "-" "meta-externalagent/1.1 (+https://developers.facebook.com/docs/sharing/webmasters/crawler)" cozeellc.com 162.144.4.212
57.141.6.70 - - [07/Mar/2026:06:27:23 -0600] "GET /shop/?filter_color=style-a-1pc,style-a-3pcs,style-b-2pcs,style-f-3pcs,style-d-2pcs,style-f-2pcs,style-f-1pc,style-e-2pcs,style-b-1pc HTTP/2.0" 500 2653 "-" "meta-externalagent/1.1 (+https://developers.facebook.com/docs/sharing/webmasters/crawler)" cozeellc.com 162.144.4.212
57.141.6.9 - - [07/Mar/2026:06:27:23 -0600] "GET /shop/?filter_color=style-b-3pcs,style-f-2pcs,style-c-3pcs,style-f-1pc,style-e-3pcs,style-d-3pcs,style-b-1pc HTTP/1.1" 500 2653 "-" "meta-externalagent/1.1 (+https://developers.facebook.com/docs/sharing/webmasters/crawler)" cozeellc.com 162.144.4.212
57.141.6.9 - - [07/Mar/2026:06:27:23 -0600] "GET /shop/?filter_color=style-b-3pcs,style-f-2pcs,style-c-3pcs,style-f-1pc,style-e-3pcs,style-d-3pcs,style-b-1pc HTTP/2.0" 500 2653 "-" "meta-externalagent/1.1 (+https://developers.facebook.com/docs/sharing/webmasters/crawler)" cozeellc.com 162.144.4.212
216.73.216.122 - - [07/Mar/2026:06:27:23 -0600] "GET /blog/?loknya=%2Fhome4%2Fcozeellc%2Fpublic_html%2Fwp-content%2Fnewfold-page-cacheproductm-cuisine-microwave-cooking-set HTTP/1.1" 500 1177 "-" "Mozilla/5.0 AppleWebKit/537.36 (KHTML, like Gecko; compatible; ClaudeBot/1.0; +claudebot@anthropic.com)" cozeellc.com 162.144.4.212
216.73.216.122 - - [07/Mar/2026:06:27:23 -0600] "GET /blog/?loknya=%2Fhome4%2Fcozeellc%2Fpublic_html%2Fwp-content%2Fnewfold-page-cacheproductm-cuisine-microwave-cooking-set HTTP/2.0" 500 1177 "-" "Mozilla/5.0 AppleWebKit/537.36 (KHTML, like Gecko; compatible; ClaudeBot/1.0; +claudebot@anthropic.com)" cozeellc.com 162.144.4.212
57.141.6.13 - - [07/Mar/2026:06:27:26 -0600] "GET /product-category/health-beauty/?orderby=rating&filter_color=style-d-2pcs,style-b-1pc,style-a-3pcs,style-b-3pcs,style-a-1pc,style-c-1pc HTTP/1.1" 500 2653 "-" "meta-externalagent/1.1 (+https://developers.facebook.com/docs/sharing/webmasters/crawler)" cozeellc.com 162.144.4.212
57.141.6.13 - - [07/Mar/2026:06:27:26 -0600] "GET /product-category/health-beauty/?orderby=rating&filter_color=style-d-2pcs,style-b-1pc,style-a-3pcs,style-b-3pcs,style-a-1pc,style-c-1pc HTTP/2.0" 500 2653 "-" "meta-externalagent/1.1 (+https://developers.facebook.com/docs/sharing/webmasters/crawler)" cozeellc.com 162.144.4.212
57.141.6.46 - - [07/Mar/2026:06:27:27 -0600] "GET /shop/?filter_color=style-e-3pcs,style-d-2pcs,style-f-3pcs,style-d-1pc,style-c-2pcs,style-c-3pcs,style-a-1pc,style-a-2pcs HTTP/1.1" 500 2653 "-" "meta-externalagent/1.1 (+https://developers.facebook.com/docs/sharing/webmasters/crawler)" cozeellc.com 162.144.4.212
57.141.6.46 - - [07/Mar/2026:06:27:27 -0600] "GET /shop/?filter_color=style-e-3pcs,style-d-2pcs,style-f-3pcs,style-d-1pc,style-c-2pcs,style-c-3pcs,style-a-1pc,style-a-2pcs HTTP/2.0" 500 2653 "-" "meta-externalagent/1.1 (+https://developers.facebook.com/docs/sharing/webmasters/crawler)" cozeellc.com 162.144.4.212
216.73.216.122 - - [07/Mar/2026:06:27:28 -0600] "GET /blog/?loknya=%2Fhome4%2Fcozeellc%2Fpublic_html%2Fwp-content%2Fnewfold-page-cacheproduct-brandcustomerprice HTTP/1.1" 500 1177 "-" "Mozilla/5.0 AppleWebKit/537.36 (KHTML, like Gecko; compatible; ClaudeBot/1.0; +claudebot@anthropic.com)" cozeellc.com 162.144.4.212
216.73.216.122 - - [07/Mar/2026:06:27:28 -0600] "GET /blog/?loknya=%2Fhome4%2Fcozeellc%2Fpublic_html%2Fwp-content%2Fnewfold-page-cacheproduct-brandcustomerprice HTTP/2.0" 500 1177 "-" "Mozilla/5.0 AppleWebKit/537.36 (KHTML, like Gecko; compatible; ClaudeBot/1.0; +claudebot@anthropic.com)" cozeellc.com 162.144.4.212
57.141.6.21 - - [07/Mar/2026:06:27:30 -0600] "GET /shop/?orderby=date&filter_color=style-f-1pc,style-d-2pcs,style-e-1pc,style-e-2pcs,style-b-1pc,style-a-1pc,style-a-2pcs HTTP/1.1" 500 2653 "-" "meta-externalagent/1.1 (+https://developers.facebook.com/docs/sharing/webmasters/crawler)" cozeellc.com 162.144.4.212
57.141.6.21 - - [07/Mar/2026:06:27:30 -0600] "GET /shop/?orderby=date&filter_color=style-f-1pc,style-d-2pcs,style-e-1pc,style-e-2pcs,style-b-1pc,style-a-1pc,style-a-2pcs HTTP/2.0" 500 2653 "-" "meta-externalagent/1.1 (+https://developers.facebook.com/docs/sharing/webmasters/crawler)" cozeellc.com 162.144.4.212
212.70.23.101 - - [07/Mar/2026:06:27:31 -0600] "GET /product-category/health-beauty/?filter_color=style-d-2pcs%2Cstyle-d-3pcs%2Cstyle-e-3pcs%2Cstyle-b-3pcs%2Cstyle-a-1pc%2Cstyle-b-1pc%2Cstyle-b-2pcs%2Cstyle-c-1pc&orderby=popularity HTTP/1.1" 500 1177 "-" "Mozilla/5.0 (Linux; Android 8.0; Pixel 2 Build/OPD3.170816.012) AppleWebKit/537.36 (KHTML, like Gecko) Chrome/58.0.9542.1630 Mobile Safari/537.36" cozeellc.com 162.144.4.212
212.70.23.101 - - [07/Mar/2026:06:27:31 -0600] "GET /product-category/health-beauty/?filter_color=style-d-2pcs%2Cstyle-d-3pcs%2Cstyle-e-3pcs%2Cstyle-b-3pcs%2Cstyle-a-1pc%2Cstyle-b-1pc%2Cstyle-b-2pcs%2Cstyle-c-1pc&orderby=popularity HTTP/2.0" 500 1177 "-" "Mozilla/5.0 (Linux; Android 8.0; Pixel 2 Build/OPD3.170816.012) AppleWebKit/537.36 (KHTML, like Gecko) Chrome/58.0.9542.1630 Mobile Safari/537.36" cozeellc.com 162.144.4.212
57.141.6.70 - - [07/Mar/2026:06:27:32 -0600] "GET /product-category/health-beauty/?orderby=rating&filter_color=style-c-3pcs,style-d-2pcs,style-b-1pc,style-a-1pc,style-b-2pcs,style-e-3pcs HTTP/1.1" 500 2653 "-" "meta-externalagent/1.1 (+https://developers.facebook.com/docs/sharing/webmasters/crawler)" cozeellc.com 162.144.4.212
57.141.6.70 - - [07/Mar/2026:06:27:32 -0600] "GET /product-category/health-beauty/?orderby=rating&filter_color=style-c-3pcs,style-d-2pcs,style-b-1pc,style-a-1pc,style-b-2pcs,style-e-3pcs HTTP/2.0" 500 2653 "-" "meta-externalagent/1.1 (+https://developers.facebook.com/docs/sharing/webmasters/crawler)" cozeellc.com 162.144.4.212
216.73.216.122 - - [07/Mar/2026:06:27:33 -0600] "GET /blog/?lokasie=%2Fhome4%2Fcozeellc%2F.htaccess.no_htaccess.phpupgrader&loknya=%2Fhome4%2Fcozeellc HTTP/2.0" 409 83 "-" "Mozilla/5.0 AppleWebKit/537.36 (KHTML, like Gecko; compatible; ClaudeBot/1.0; +claudebot@anthropic.com)" cozeellc.com 162.144.4.212
57.141.6.66 - - [07/Mar/2026:06:27:37 -0600] "GET /shop/?orderby=date&filter_color=style-a-3pcs,style-e-1pc,style-f-2pcs,style-c-2pcs,style-d-2pcs,style-a-2pcs,style-a-1pc HTTP/1.1" 500 2653 "-" "meta-externalagent/1.1 (+https://developers.facebook.com/docs/sharing/webmasters/crawler)" cozeellc.com 162.144.4.212
57.141.6.66 - - [07/Mar/2026:06:27:36 -0600] "GET /shop/?orderby=date&filter_color=style-a-3pcs,style-e-1pc,style-f-2pcs,style-c-2pcs,style-d-2pcs,style-a-2pcs,style-a-1pc HTTP/2.0" 500 2653 "-" "meta-externalagent/1.1 (+https://developers.facebook.com/docs/sharing/webmasters/crawler)" cozeellc.com 162.144.4.212
57.141.6.16 - - [07/Mar/2026:06:27:38 -0600] "GET /shop/?filter_color=style-e-3pcs,style-d-2pcs,style-a-2pcs,style-a-1pc,style-d-3pcs,style-e-1pc,style-c-2pcs,style-d-1pc,style-e-2pcs HTTP/1.1" 500 2653 "-" "meta-externalagent/1.1 (+https://developers.facebook.com/docs/sharing/webmasters/crawler)" cozeellc.com 162.144.4.212
57.141.6.16 - - [07/Mar/2026:06:27:38 -0600] "GET /shop/?filter_color=style-e-3pcs,style-d-2pcs,style-a-2pcs,style-a-1pc,style-d-3pcs,style-e-1pc,style-c-2pcs,style-d-1pc,style-e-2pcs HTTP/2.0" 500 2653 "-" "meta-externalagent/1.1 (+https://developers.facebook.com/docs/sharing/webmasters/crawler)" cozeellc.com 162.144.4.212
216.73.216.122 - - [07/Mar/2026:06:27:38 -0600] "GET /blog/?loknya=%2Fhome4%2Fcozeellc%2Fpublic_html%2Fwp-content%2Fnewfold-page-cacheproduct-categorytoysgamesdate HTTP/1.1" 500 1177 "-" "Mozilla/5.0 AppleWebKit/537.36 (KHTML, like Gecko; compatible; ClaudeBot/1.0; +claudebot@anthropic.com)" cozeellc.com 162.144.4.212
216.73.216.122 - - [07/Mar/2026:06:27:38 -0600] "GET /blog/?loknya=%2Fhome4%2Fcozeellc%2Fpublic_html%2Fwp-content%2Fnewfold-page-cacheproduct-categorytoysgamesdate HTTP/2.0" 500 1177 "-" "Mozilla/5.0 AppleWebKit/537.36 (KHTML, like Gecko; compatible; ClaudeBot/1.0; +claudebot@anthropic.com)" cozeellc.com 162.144.4.212
216.73.216.122 - - [07/Mar/2026:06:27:43 -0600] "GET /blog/?loknya=%2Fhome4%2Fcozeellc%2Fpublic_html%2Fwp-content%2Fnewfold-page-cacheproduct-categorymotherkids HTTP/1.1" 500 1177 "-" "Mozilla/5.0 AppleWebKit/537.36 (KHTML, like Gecko; compatible; ClaudeBot/1.0; +claudebot@anthropic.com)" cozeellc.com 162.144.4.212
216.73.216.122 - - [07/Mar/2026:06:27:43 -0600] "GET /blog/?loknya=%2Fhome4%2Fcozeellc%2Fpublic_html%2Fwp-content%2Fnewfold-page-cacheproduct-categorymotherkids HTTP/2.0" 500 1177 "-" "Mozilla/5.0 AppleWebKit/537.36 (KHTML, like Gecko; compatible; ClaudeBot/1.0; +claudebot@anthropic.com)" cozeellc.com 162.144.4.212
14.229.58.75 - - [07/Mar/2026:06:27:44 -0600] "GET /product-category/consumer-electrics/car-electronics/car-security/?filter_color=gray&orderby=price-desc HTTP/1.1" 500 1177 "-" "Mozilla/5.0 (Windows NT 6.1) AppleWebKit/537.36 (KHTML, like Gecko) Chrome/75.0.3770.100 ADG/11.0.2510 AOLBUILD/11.0.2510 Safari/537.36" cozeellc.com 162.144.4.212
14.229.58.75 - - [07/Mar/2026:06:27:43 -0600] "GET /product-category/consumer-electrics/car-electronics/car-security/?filter_color=gray&orderby=price-desc HTTP/1.1" 500 1177 "-" "Mozilla/5.0 (Windows NT 6.1) AppleWebKit/537.36 (KHTML, like Gecko) Chrome/75.0.3770.100 ADG/11.0.2510 AOLBUILD/11.0.2510 Safari/537.36" cozeellc.com 162.144.4.212
57.141.6.41 - - [07/Mar/2026:06:27:44 -0600] "GET /product-category/health-beauty/?orderby=popularity&filter_color=style-d-3pcs,style-b-1pc,style-c-1pc,style-a-2pcs,style-b-3pcs,style-e-3pcs,style-e-1pc HTTP/1.1" 500 2653 "-" "meta-externalagent/1.1 (+https://developers.facebook.com/docs/sharing/webmasters/crawler)" cozeellc.com 162.144.4.212
57.141.6.41 - - [07/Mar/2026:06:27:44 -0600] "GET /product-category/health-beauty/?orderby=popularity&filter_color=style-d-3pcs,style-b-1pc,style-c-1pc,style-a-2pcs,style-b-3pcs,style-e-3pcs,style-e-1pc HTTP/2.0" 500 2653 "-" "meta-externalagent/1.1 (+https://developers.facebook.com/docs/sharing/webmasters/crawler)" cozeellc.com 162.144.4.212
57.141.6.29 - - [07/Mar/2026:06:27:45 -0600] "GET /shop/?orderby=popularity&filter_color=style-c-2pcs,style-c-1pc,style-f-1pc,style-d-2pcs,style-b-2pcs,style-e-2pcs HTTP/1.1" 500 2653 "-" "meta-externalagent/1.1 (+https://developers.facebook.com/docs/sharing/webmasters/crawler)" cozeellc.com 162.144.4.212
57.141.6.29 - - [07/Mar/2026:06:27:45 -0600] "GET /shop/?orderby=popularity&filter_color=style-c-2pcs,style-c-1pc,style-f-1pc,style-d-2pcs,style-b-2pcs,style-e-2pcs HTTP/2.0" 500 2653 "-" "meta-externalagent/1.1 (+https://developers.facebook.com/docs/sharing/webmasters/crawler)" cozeellc.com 162.144.4.212
216.73.216.122 - - [07/Mar/2026:06:27:48 -0600] "GET /blog/?lokasie=%2Fhome4%2Fcozeellc%2Fpublic_html%2Fcgi-bin%2F361858%2FOBdGRiA.php&loknya=%2Fhome4%2Fcozeellc%2Fpublic_html%2Fcgi-bin%2F361858 HTTP/2.0" 409 83 "-" "Mozilla/5.0 AppleWebKit/537.36 (KHTML, like Gecko; compatible; ClaudeBot/1.0; +claudebot@anthropic.com)" cozeellc.com 162.144.4.212
57.141.6.7 - - [07/Mar/2026:06:27:52 -0600] "GET /product-category/health-beauty/?filter_color=style-a-3pcs,style-c-2pcs,style-a-2pcs,style-e-3pcs HTTP/1.1" 500 2653 "-" "meta-externalagent/1.1 (+https://developers.facebook.com/docs/sharing/webmasters/crawler)" cozeellc.com 162.144.4.212
57.141.6.7 - - [07/Mar/2026:06:27:52 -0600] "GET /product-category/health-beauty/?filter_color=style-a-3pcs,style-c-2pcs,style-a-2pcs,style-e-3pcs HTTP/2.0" 500 2653 "-" "meta-externalagent/1.1 (+https://developers.facebook.com/docs/sharing/webmasters/crawler)" cozeellc.com 162.144.4.212
216.73.216.122 - - [07/Mar/2026:06:27:53 -0600] "GET /blog/?loknya=%2Fhome4%2Fcozeellc%2Fpublic_html%2Fwp-content%2Fnewfold-page-cacheproduct-brandherman-miller HTTP/1.1" 500 1177 "-" "Mozilla/5.0 AppleWebKit/537.36 (KHTML, like Gecko; compatible; ClaudeBot/1.0; +claudebot@anthropic.com)" cozeellc.com 162.144.4.212
216.73.216.122 - - [07/Mar/2026:06:27:53 -0600] "GET /blog/?loknya=%2Fhome4%2Fcozeellc%2Fpublic_html%2Fwp-content%2Fnewfold-page-cacheproduct-brandherman-miller HTTP/2.0" 500 1177 "-" "Mozilla/5.0 AppleWebKit/537.36 (KHTML, like Gecko; compatible; ClaudeBot/1.0; +claudebot@anthropic.com)" cozeellc.com 162.144.4.212
57.141.6.32 - - [07/Mar/2026:06:27:54 -0600] "GET /shop/?filter_color=style-b-2pcs,style-c-2pcs,style-d-2pcs,style-e-1pc,style-e-2pcs,style-e-3pcs,style-f-1pc HTTP/1.1" 500 2653 "-" "meta-externalagent/1.1 (+https://developers.facebook.com/docs/sharing/webmasters/crawler)" cozeellc.com 162.144.4.212
57.141.6.32 - - [07/Mar/2026:06:27:54 -0600] "GET /shop/?filter_color=style-b-2pcs,style-c-2pcs,style-d-2pcs,style-e-1pc,style-e-2pcs,style-e-3pcs,style-f-1pc HTTP/2.0" 500 2653 "-" "meta-externalagent/1.1 (+https://developers.facebook.com/docs/sharing/webmasters/crawler)" cozeellc.com 162.144.4.212
57.141.6.12 - - [07/Mar/2026:06:27:55 -0600] "GET /shop/?filter_color=style-f-1pc,style-b-3pcs,style-a-2pcs,style-c-2pcs,style-c-3pcs,style-d-3pcs,style-f-3pcs,style-e-3pcs HTTP/1.1" 500 2653 "-" "meta-externalagent/1.1 (+https://developers.facebook.com/docs/sharing/webmasters/crawler)" cozeellc.com 162.144.4.212
57.141.6.12 - - [07/Mar/2026:06:27:55 -0600] "GET /shop/?filter_color=style-f-1pc,style-b-3pcs,style-a-2pcs,style-c-2pcs,style-c-3pcs,style-d-3pcs,style-f-3pcs,style-e-3pcs HTTP/2.0" 500 2653 "-" "meta-externalagent/1.1 (+https://developers.facebook.com/docs/sharing/webmasters/crawler)" cozeellc.com 162.144.4.212
216.73.216.122 - - [07/Mar/2026:06:27:58 -0600] "GET /blog/?loknya=%2Fhome4%2Fcozeellc%2Fpublic_html%2Fwp-content%2Fnewfold-page-cacheproduct-categorysmart-tvprice HTTP/1.1" 500 1177 "-" "Mozilla/5.0 AppleWebKit/537.36 (KHTML, like Gecko; compatible; ClaudeBot/1.0; +claudebot@anthropic.com)" cozeellc.com 162.144.4.212
216.73.216.122 - - [07/Mar/2026:06:27:58 -0600] "GET /blog/?loknya=%2Fhome4%2Fcozeellc%2Fpublic_html%2Fwp-content%2Fnewfold-page-cacheproduct-categorysmart-tvprice HTTP/2.0" 500 1177 "-" "Mozilla/5.0 AppleWebKit/537.36 (KHTML, like Gecko; compatible; ClaudeBot/1.0; +claudebot@anthropic.com)" cozeellc.com 162.144.4.212
216.73.216.122 - - [07/Mar/2026:06:28:03 -0600] "GET /blog/?loknya=%2Fhome4%2Fcozeellc%2Fpublic_html%2Fwp-content%2Fnewfold-page-cacheproduct-categorymotherkidspopularity HTTP/1.1" 200 2853 "-" "Mozilla/5.0 AppleWebKit/537.36 (KHTML, like Gecko; compatible; ClaudeBot/1.0; +claudebot@anthropic.com)" cozeellc.com 162.144.4.212
216.73.216.122 - - [07/Mar/2026:06:28:03 -0600] "GET /blog/?loknya=%2Fhome4%2Fcozeellc%2Fpublic_html%2Fwp-content%2Fnewfold-page-cacheproduct-categorymotherkidspopularity HTTP/2.0" 200 2853 "-" "Mozilla/5.0 AppleWebKit/537.36 (KHTML, like Gecko; compatible; ClaudeBot/1.0; +claudebot@anthropic.com)" cozeellc.com 162.144.4.212
192.204.130.30 - - [07/Mar/2026:06:28:03 -0600] "GET /product-category/health-beauty/?filter_color=style-e-1pc%2Cstyle-b-3pcs%2Cstyle-c-1pc%2Cstyle-b-2pcs%2Cstyle-e-3pcs%2Cstyle-c-3pcs&orderby=rating HTTP/1.1" 200 33791 "-" "Mozilla/5.0 (Linux; Android 8.0; Pixel 2 Build/OPD3.170816.012) AppleWebKit/537.36 (KHTML, like Gecko) Chrome/51.0.3429.1542 Mobile Safari/537.36" cozeellc.com 162.144.4.212
192.204.130.30 - - [07/Mar/2026:06:28:03 -0600] "GET /product-category/health-beauty/?filter_color=style-e-1pc%2Cstyle-b-3pcs%2Cstyle-c-1pc%2Cstyle-b-2pcs%2Cstyle-e-3pcs%2Cstyle-c-3pcs&orderby=rating HTTP/2.0" 200 33791 "-" "Mozilla/5.0 (Linux; Android 8.0; Pixel 2 Build/OPD3.170816.012) AppleWebKit/537.36 (KHTML, like Gecko) Chrome/51.0.3429.1542 Mobile Safari/537.36" cozeellc.com 162.144.4.212
57.141.6.2 - - [07/Mar/2026:06:28:05 -0600] "GET /shop/?filter_color=style-c-3pcs,style-b-3pcs,style-e-3pcs,style-e-1pc,style-c-1pc,style-d-3pcs HTTP/1.1" 200 180473 "-" "meta-externalagent/1.1 (+https://developers.facebook.com/docs/sharing/webmasters/crawler)" cozeellc.com 162.144.4.212
57.141.6.2 - - [07/Mar/2026:06:28:05 -0600] "GET /shop/?filter_color=style-c-3pcs,style-b-3pcs,style-e-3pcs,style-e-1pc,style-c-1pc,style-d-3pcs HTTP/2.0" 200 180473 "-" "meta-externalagent/1.1 (+https://developers.facebook.com/docs/sharing/webmasters/crawler)" cozeellc.com 162.144.4.212
57.141.6.24 - - [07/Mar/2026:06:28:07 -0600] "GET /shop/?orderby=price&filter_color=style-c-3pcs,style-e-3pcs,style-a-3pcs,style-a-2pcs,style-d-2pcs,style-d-3pcs,style-c-1pc,style-f-2pcs HTTP/1.1" 500 2653 "-" "meta-externalagent/1.1 (+https://developers.facebook.com/docs/sharing/webmasters/crawler)" cozeellc.com 162.144.4.212
57.141.6.24 - - [07/Mar/2026:06:28:07 -0600] "GET /shop/?orderby=price&filter_color=style-c-3pcs,style-e-3pcs,style-a-3pcs,style-a-2pcs,style-d-2pcs,style-d-3pcs,style-c-1pc,style-f-2pcs HTTP/2.0" 500 2653 "-" "meta-externalagent/1.1 (+https://developers.facebook.com/docs/sharing/webmasters/crawler)" cozeellc.com 162.144.4.212
216.73.216.122 - - [07/Mar/2026:06:28:09 -0600] "GET /blog/?lokasie=%2Fhome4%2Fcozeellc%2Fpublic_html%2Fwp-includes%2Fdate.php&loknya=%2Fhome4%2Fcozeellc%2Fpublic_html%2Fwp-includes HTTP/2.0" 409 83 "-" "Mozilla/5.0 AppleWebKit/537.36 (KHTML, like Gecko; compatible; ClaudeBot/1.0; +claudebot@anthropic.com)" cozeellc.com 162.144.4.212
216.73.216.122 - - [07/Mar/2026:06:28:14 -0600] "GET /blog/?lokasie=%2Fhome4%2Fcozeellc%2Fpublic_html%2Fwp-includes%2Fhttp.php&loknya=%2Fhome4%2Fcozeellc%2Fpublic_html%2Fwp-includes HTTP/2.0" 409 83 "-" "Mozilla/5.0 AppleWebKit/537.36 (KHTML, like Gecko; compatible; ClaudeBot/1.0; +claudebot@anthropic.com)" cozeellc.com 162.144.4.212
216.73.216.122 - - [07/Mar/2026:06:28:19 -0600] "GET /blog/?lokasie=%2Fhome4%2Fcozeellc%2Fpublic_html%2Fwp-includes%2Fcapabilities.php&loknya=%2Fhome4%2Fcozeellc%2Fpublic_html%2Fwp-includes HTTP/2.0" 409 83 "-" "Mozilla/5.0 AppleWebKit/537.36 (KHTML, like Gecko; compatible; ClaudeBot/1.0; +claudebot@anthropic.com)" cozeellc.com 162.144.4.212
57.141.6.46 - - [07/Mar/2026:06:28:18 -0600] "GET /product-category/health-beauty/?orderby=rating&filter_color=style-d-2pcs,style-d-1pc,style-a-1pc,style-b-1pc,style-c-2pcs,style-d-3pcs,style-c-1pc,style-e-2pcs HTTP/1.1" 200 164640 "-" "meta-externalagent/1.1 (+https://developers.facebook.com/docs/sharing/webmasters/crawler)" cozeellc.com 162.144.4.212
57.141.6.46 - - [07/Mar/2026:06:28:18 -0600] "GET /product-category/health-beauty/?orderby=rating&filter_color=style-d-2pcs,style-d-1pc,style-a-1pc,style-b-1pc,style-c-2pcs,style-d-3pcs,style-c-1pc,style-e-2pcs HTTP/2.0" 200 164640 "-" "meta-externalagent/1.1 (+https://developers.facebook.com/docs/sharing/webmasters/crawler)" cozeellc.com 162.144.4.212
57.141.6.18 - - [07/Mar/2026:06:28:19 -0600] "GET /shop/?orderby=date&filter_color=style-b-3pcs,style-d-1pc,style-e-3pcs,style-a-2pcs,style-f-1pc,style-c-2pcs HTTP/1.1" 200 165916 "-" "meta-externalagent/1.1 (+https://developers.facebook.com/docs/sharing/webmasters/crawler)" cozeellc.com 162.144.4.212
57.141.6.18 - - [07/Mar/2026:06:28:19 -0600] "GET /shop/?orderby=date&filter_color=style-b-3pcs,style-d-1pc,style-e-3pcs,style-a-2pcs,style-f-1pc,style-c-2pcs HTTP/2.0" 200 165916 "-" "meta-externalagent/1.1 (+https://developers.facebook.com/docs/sharing/webmasters/crawler)" cozeellc.com 162.144.4.212
216.73.216.122 - - [07/Mar/2026:06:28:24 -0600] "GET /blog/?lokasie=%2Fhome4%2Fcozeellc%2Fpublic_html%2Fwp-admin%2Fupload.php&loknya=%2Fhome4%2Fcozeellc%2Fpublic_html%2Fwp-admin HTTP/2.0" 409 83 "-" "Mozilla/5.0 AppleWebKit/537.36 (KHTML, like Gecko; compatible; ClaudeBot/1.0; +claudebot@anthropic.com)" cozeellc.com 162.144.4.212
216.73.216.122 - - [07/Mar/2026:06:28:29 -0600] "GET /blog/?lokasie=%2Fhome4%2Fcozeellc%2Fpublic_html%2Fcgi-bin%2Fwp-cron.php&loknya=%2Fhome4%2Fcozeellc%2Fpublic_html%2Fcgi-bin HTTP/2.0" 409 83 "-" "Mozilla/5.0 AppleWebKit/537.36 (KHTML, like Gecko; compatible; ClaudeBot/1.0; +claudebot@anthropic.com)" cozeellc.com 162.144.4.212
162.144.4.212 - - [07/Mar/2026:06:28:32 -0600] "POST /wp-cron.php?doing_wp_cron=1772886512.9073610305786132812500 HTTP/1.1" 200 - "-" "WordPress/6.9; https://cozeellc.com" cozeellc.com 162.144.4.212
57.141.6.11 - - [07/Mar/2026:06:28:31 -0600] "GET /shop/?orderby=price-desc&filter_color=zyq-1103,zyq-1101&filter_size=xl,l,m,xxl,4xl HTTP/1.1" 200 162345 "-" "meta-externalagent/1.1 (+https://developers.facebook.com/docs/sharing/webmasters/crawler)" cozeellc.com 162.144.4.212
57.141.6.11 - - [07/Mar/2026:06:28:31 -0600] "GET /shop/?orderby=price-desc&filter_color=zyq-1103,zyq-1101&filter_size=xl,l,m,xxl,4xl HTTP/2.0" 200 162345 "-" "meta-externalagent/1.1 (+https://developers.facebook.com/docs/sharing/webmasters/crawler)" cozeellc.com 162.144.4.212
162.144.4.212 - - [07/Mar/2026:06:28:33 -0600] "POST /wp-admin/admin-ajax.php?action=async_litespeed&nonce=aCH8dVD29OUbD9r0RbuuHqdNbEebTYs8&litespeed_type=imgoptm HTTP/1.1" 500 155 "-" "WordPress/6.9; https://cozeellc.com" cozeellc.com 162.144.4.212
162.144.4.212 - - [07/Mar/2026:06:28:33 -0600] "PURGE /.* HTTP/1.1" 204 - "-" "WordPress/6.9; https://cozeellc.com; EPC/v2.2.2/epc_scheduled_purge_all" cozeellc.com 162.144.4.212
162.144.4.212 - - [07/Mar/2026:06:28:33 -0600] "PURGE /.* HTTP/1.1" 204 - "-" "WordPress/6.9; https://cozeellc.com; EPC/v2.2.2/epc_scheduled_purge_all" cozeellc.com 162.144.4.212
216.73.216.122 - - [07/Mar/2026:06:28:34 -0600] "GET /blog/?lokasie=%2Fhome4%2Fcozeellc%2Fpublic_html%2Fwp-admin%2Fsetup-config.php&loknya=%2Fhome4%2Fcozeellc%2Fpublic_html%2Fwp-admin HTTP/2.0" 409 83 "-" "Mozilla/5.0 AppleWebKit/537.36 (KHTML, like Gecko; compatible; ClaudeBot/1.0; +claudebot@anthropic.com)" cozeellc.com 162.144.4.212
216.73.216.122 - - [07/Mar/2026:06:28:39 -0600] "GET /blog/?lokasie=%2Fhome4%2Fcozeellc%2Fpublic_html%2Fwp-admin%2Fmenu.php&loknya=%2Fhome4%2Fcozeellc%2Fpublic_html%2Fwp-admin HTTP/2.0" 409 83 "-" "Mozilla/5.0 AppleWebKit/537.36 (KHTML, like Gecko; compatible; ClaudeBot/1.0; +claudebot@anthropic.com)" cozeellc.com 162.144.4.212
131.103.90.96 - - [07/Mar/2026:06:28:38 -0600] "GET /product-category/health-beauty/?filter_color=style-d-1pc%2Cstyle-e-1pc%2Cstyle-a-1pc%2Cstyle-b-2pcs%2Cstyle-c-2pcs%2Cstyle-c-3pcs%2Cstyle-b-1pc%2Cstyle-d-2pcs%2Cstyle-e-3pcs&orderby=price HTTP/1.1" 200 33956 "-" "Mozilla/5.0 (Linux; Android 5.0; SM-G900P Build/LRX21T) AppleWebKit/537.36 (KHTML, like Gecko) Chrome/51.0.6772.1304 Mobile Safari/537.36" cozeellc.com 162.144.4.212
131.103.90.96 - - [07/Mar/2026:06:28:38 -0600] "GET /product-category/health-beauty/?filter_color=style-d-1pc%2Cstyle-e-1pc%2Cstyle-a-1pc%2Cstyle-b-2pcs%2Cstyle-c-2pcs%2Cstyle-c-3pcs%2Cstyle-b-1pc%2Cstyle-d-2pcs%2Cstyle-e-3pcs&orderby=price HTTP/2.0" 200 33956 "-" "Mozilla/5.0 (Linux; Android 5.0; SM-G900P Build/LRX21T) AppleWebKit/537.36 (KHTML, like Gecko) Chrome/51.0.6772.1304 Mobile Safari/537.36" cozeellc.com 162.144.4.212
57.141.6.63 - - [07/Mar/2026:06:28:41 -0600] "GET /shop/?orderby=date&filter_size=5xl,m,4xl,s,l,xxl,xxxl&filter_color=zyq-1102,zyq-1101 HTTP/1.1" 200 162939 "-" "meta-externalagent/1.1 (+https://developers.facebook.com/docs/sharing/webmasters/crawler)" cozeellc.com 162.144.4.212
57.141.6.63 - - [07/Mar/2026:06:28:41 -0600] "GET /shop/?orderby=date&filter_size=5xl,m,4xl,s,l,xxl,xxxl&filter_color=zyq-1102,zyq-1101 HTTP/2.0" 200 162939 "-" "meta-externalagent/1.1 (+https://developers.facebook.com/docs/sharing/webmasters/crawler)" cozeellc.com 162.144.4.212
216.73.216.122 - - [07/Mar/2026:06:28:44 -0600] "GET /blog/?lokasie=%2Fhome4%2Fcozeellc%2Fpublic_html%2Fwp-includes%2Fclass-wp-rewrite.php&loknya=%2Fhome4%2Fcozeellc%2Fpublic_html%2Fwp-includes HTTP/2.0" 409 83 "-" "Mozilla/5.0 AppleWebKit/537.36 (KHTML, like Gecko; compatible; ClaudeBot/1.0; +claudebot@anthropic.com)" cozeellc.com 162.144.4.212
216.73.216.122 - - [07/Mar/2026:06:28:49 -0600] "GET /blog/?lokasie=%2F%2Frazor-agent.log&loknya=%2F HTTP/2.0" 200 1680 "-" "Mozilla/5.0 AppleWebKit/537.36 (KHTML, like Gecko; compatible; ClaudeBot/1.0; +claudebot@anthropic.com)" cozeellc.com 162.144.4.212
57.141.6.6 - - [07/Mar/2026:06:28:50 -0600] "GET /product-category/jewelry-watches/?filter_color=diver-watches-3,diver-watches-7,diver-watches-5,diver-watches-6,diver-watches-8,diver-watches-2 HTTP/1.1" 200 161707 "-" "meta-externalagent/1.1 (+https://developers.facebook.com/docs/sharing/webmasters/crawler)" cozeellc.com 162.144.4.212
57.141.6.6 - - [07/Mar/2026:06:28:50 -0600] "GET /product-category/jewelry-watches/?filter_color=diver-watches-3,diver-watches-7,diver-watches-5,diver-watches-6,diver-watches-8,diver-watches-2 HTTP/2.0" 200 161707 "-" "meta-externalagent/1.1 (+https://developers.facebook.com/docs/sharing/webmasters/crawler)" cozeellc.com 162.144.4.212
216.73.216.122 - - [07/Mar/2026:06:28:54 -0600] "GET /blog/?lokasie=%2Fhome4%2Fcozeellc%2Fpublic_html%2Fwp-includes%2Fwp-db.php&loknya=%2Fhome4%2Fcozeellc%2Fpublic_html%2Fwp-includes HTTP/2.0" 409 83 "-" "Mozilla/5.0 AppleWebKit/537.36 (KHTML, like Gecko; compatible; ClaudeBot/1.0; +claudebot@anthropic.com)" cozeellc.com 162.144.4.212
216.73.216.122 - - [07/Mar/2026:06:28:59 -0600] "GET /blog/?lokasie=%2Fhome4%2Fcozeellc%2Fpublic_html%2Fwp-includes%2Fms-default-constants.php&loknya=%2Fhome4%2Fcozeellc%2Fpublic_html%2Fwp-includes HTTP/2.0" 409 83 "-" "Mozilla/5.0 AppleWebKit/537.36 (KHTML, like Gecko; compatible; ClaudeBot/1.0; +claudebot@anthropic.com)" cozeellc.com 162.144.4.212
57.141.6.41 - - [07/Mar/2026:06:28:58 -0600] "GET /product-category/health-beauty/?orderby=popularity&filter_color=style-a-1pc,style-e-1pc,style-e-2pcs,style-a-3pcs,style-d-3pcs,style-c-3pcs,style-b-3pcs HTTP/1.1" 200 164121 "-" "meta-externalagent/1.1 (+https://developers.facebook.com/docs/sharing/webmasters/crawler)" cozeellc.com 162.144.4.212
57.141.6.41 - - [07/Mar/2026:06:28:58 -0600] "GET /product-category/health-beauty/?orderby=popularity&filter_color=style-a-1pc,style-e-1pc,style-e-2pcs,style-a-3pcs,style-d-3pcs,style-c-3pcs,style-b-3pcs HTTP/2.0" 200 164121 "-" "meta-externalagent/1.1 (+https://developers.facebook.com/docs/sharing/webmasters/crawler)" cozeellc.com 162.144.4.212
216.73.216.122 - - [07/Mar/2026:06:29:04 -0600] "GET /blog/?lokasie=%2Fhome4%2Fcozeellc%2Fpublic_html%2Fwp-includes%2Fclass-walker-nav-menu.php&loknya=%2Fhome4%2Fcozeellc%2Fpublic_html%2Fwp-includes HTTP/2.0" 409 83 "-" "Mozilla/5.0 AppleWebKit/537.36 (KHTML, like Gecko; compatible; ClaudeBot/1.0; +claudebot@anthropic.com)" cozeellc.com 162.144.4.212
130.51.23.23 - - [07/Mar/2026:06:29:05 -0600] "GET /2026/01/22/best-promo-code-for-1xbet-ghana-allinmax-e130-bonus/ HTTP/1.1" 200 56297 "https://cozeellc.com/" "Mozilla/5.0 (X11; Linux x86_64) AppleWebKit/537.36 (KHTML, like Gecko) Chrome/114.0.0.0 Safari/537.36 Vivaldi/5.3.2679.68" cozeellc.com 162.144.4.212
